{"id":39952,"date":"2019-10-31T15:15:28","date_gmt":"2019-10-31T14:15:28","guid":{"rendered":"https:\/\/mont-roig.cat\/?page_id=39952"},"modified":"2026-03-03T10:08:00","modified_gmt":"2026-03-03T09:08:00","slug":"manel-vilajosana-ferrandiz","status":"publish","type":"page","link":"https:\/\/mont-roig.cat\/es\/manel-vilajosana-ferrandiz\/","title":{"rendered":"Manel Vilajosana Ferr\u00e0ndiz"},"content":{"rendered":"<div class=\"wpb-content-wrapper\">[vc_row][vc_column][vc_column_text css=&#8221;&#8221;]<a href=\"https:\/\/mont-roig.cat\/wp-content\/uploads\/Manel-Vilajosana-2.jpg\"><img loading=\"lazy\" decoding=\"async\" class=\"alignright wp-image-70927\" src=\"https:\/\/mont-roig.cat\/wp-content\/uploads\/Manel-Vilajosana-2-500x500.jpg\" alt=\"\" width=\"250\" height=\"250\" \/><\/a><\/p>\n<p style=\"text-align: justify;\">Manel Vilajosana Ferrandiz es hijo de S\u00faria, en el Bages, pero vive y trabaja en Mont-roig desde hace 17 a\u00f1os, siempre en el mundo del Turismo. Su relaci\u00f3n con Mont-roig se remonta a los inicios de los a\u00f1os 80, trabajando en el Camping la Torre del Sol, y m\u00e1s atr\u00e1s a\u00fan, de ni\u00f1o, pasando las vacaciones en el Mas Reverter. Su formaci\u00f3n es la siguiente: Filolog\u00eda Germ\u00e1nica en la Universitat de Barcelona (1983), Derecho en la Universidad desde Saarlandes-UOC (1985), y Derecho de las actividades tur\u00edsticas en la UOC (2009). En cuanto a la experiencia profesional, ha sido funcionario de carrera en la oficina de atenci\u00f3n ciudadana del Ayuntamiento de Manresa, jefe de prensa de la subsede ol\u00edmpica de pirag\u00fcismo de la Seu d\u2019Urgell de los Juegos de Barcelona&#8217;92, y funcionario de carrera en el Ayuntamiento de la Seu d&#8217;Urgell. Actualmente, trabaja como director general de los campings La Torre del Sol de Mont-roig del Camp y el Templo del Sol de l\u2019Hospitalet de l\u2019Infant. Con respecto a la trayectoria pol\u00edtica, fue militante del PSC como consejero nacional desde 1982 hasta 2005, y a partir de 2014, asociado a MES-Moviment d\u2019Esquerres como miembro fundador. En relaci\u00f3n a esto, fue concejal del Ayuntamiento de S\u00faria por el PSC de 1987 a 1991. Cabe destacar tambi\u00e9n que es socio de \u00d2mnium Cultural y de la Plataforma per la Llengua. En el \u00faltimo mandato fue concejal de la oposici\u00f3n del Ayuntamiento de Mont-roig del Camp por el partido de Esquerra Republicana de Catalunya &#8211; Movimiento de Izquierdas &#8211; Acuerdo Municipal. Actualmente, repite como concejal de la oposici\u00f3n en el grupo municipal Esquerra Republicana de Catalunya \u2013 Acuerdo Municipal. Seg\u00fan sus propias palabras: &#8220;Mi prop\u00f3sito como concejal de Mont-roig es muy sencillo y complicado a la vez: contribuir con honestidad a que nuestro municipio sea un lugar mejor donde vivir&#8221;.<\/p>\n<p>&nbsp;<\/p>\n<p>Pod\u00e9is consultar el documento de declaraci\u00f3n de Actividades y Bienes de Manel Vilajosana Ferr\u00e0ndiz en este enlace:<\/p>\n<p><a href=\"https:\/\/mont-roig.cat\/wp-content\/uploads\/Declaracio-dActivitats-i-Bens-Manel-Vilajosana.pdf\" target=\"_blank\" rel=\"noopener\">Declaraci\u00f3n de Actividades y Bienes &#8211; Manel Vilajosana Ferrandiz<\/a><\/p>\n<p>Teniendo en cuenta que el sueldo es por asistencias (<a href=\"https:\/\/mont-roig.cat\/es\/govern-obert\/transparencia\/informacio-economica\/retribucions-carrecs-electes\/\" target=\"_blank\" rel=\"noopener\" data-wpel-link=\"internal\">enlace<\/a>) la valoraci\u00f3n anual de la retribuci\u00f3n es 9.500 \u20ac para la legislatura 2023-2027.[\/vc_column_text][\/vc_column][\/vc_row]\n<\/div>","protected":false},"excerpt":{"rendered":"<p>[vc_row][vc_column][vc_column_text css=&#8221;&#8221;] Manel Vilajosana Ferrandiz es hijo de S\u00faria, en el Bages, pero vive y trabaja en Mont-roig desde hace 17 a\u00f1os, siempre en el mundo del Turismo. Su relaci\u00f3n con Mont-roig se remonta a los inicios de los a\u00f1os 80, trabajando en el Camping la Torre del Sol, y m\u00e1s atr\u00e1s a\u00fan, de ni\u00f1o, [&hellip;]<\/p>\n","protected":false},"author":4,"featured_media":0,"parent":0,"menu_order":0,"comment_status":"closed","ping_status":"closed","template":"","meta":{"inline_featured_image":false,"_monsterinsights_skip_tracking":false,"_monsterinsights_sitenote_active":false,"_monsterinsights_sitenote_note":"","_monsterinsights_sitenote_category":0,"footnotes":""},"class_list":["post-39952","page","type-page","status-publish","hentry"],"yoast_head":"<!-- This site is optimized with the Yoast SEO plugin v27.4 - https:\/\/yoast.com\/product\/yoast-seo-wordpress\/ -->\n<title>Manel Vilajosana Ferr\u00e0ndiz - Ajuntament de Mont-roig del Camp<\/title>\n<meta name=\"robots\" content=\"index, follow, max-snippet:-1, max-image-preview:large, max-video-preview:-1\" \/>\n<link rel=\"canonical\" href=\"https:\/\/mont-roig.cat\/es\/manel-vilajosana-ferrandiz\/\" \/>\n<meta property=\"og:locale\" content=\"es_ES\" \/>\n<meta property=\"og:type\" content=\"article\" \/>\n<meta property=\"og:title\" content=\"Manel Vilajosana Ferr\u00e0ndiz - Ajuntament de Mont-roig del Camp\" \/>\n<meta property=\"og:description\" content=\"[vc_row][vc_column][vc_column_text css=&#8221;&#8221;] Manel Vilajosana Ferrandiz es hijo de S\u00faria, en el Bages, pero vive y trabaja en Mont-roig desde hace 17 a\u00f1os, siempre en el mundo del Turismo. Su relaci\u00f3n con Mont-roig se remonta a los inicios de los a\u00f1os 80, trabajando en el Camping la Torre del Sol, y m\u00e1s atr\u00e1s a\u00fan, de ni\u00f1o, [&hellip;]\" \/>\n<meta property=\"og:url\" content=\"https:\/\/mont-roig.cat\/es\/manel-vilajosana-ferrandiz\/\" \/>\n<meta property=\"og:site_name\" content=\"Ajuntament de Mont-roig del Camp\" \/>\n<meta property=\"article:modified_time\" content=\"2026-03-03T09:08:00+00:00\" \/>\n<meta property=\"og:image\" content=\"https:\/\/mont-roig.cat\/wp-content\/uploads\/aj-mont-roig-2.jpg\" \/>\n\t<meta property=\"og:image:width\" content=\"1200\" \/>\n\t<meta property=\"og:image:height\" content=\"600\" \/>\n\t<meta property=\"og:image:type\" content=\"image\/jpeg\" \/>\n<meta name=\"twitter:card\" content=\"summary_large_image\" \/>\n<meta name=\"twitter:label1\" content=\"Tiempo de lectura\" \/>\n\t<meta name=\"twitter:data1\" content=\"3 minutos\" \/>\n<script type=\"application\/ld+json\" class=\"yoast-schema-graph\">{\"@context\":\"https:\\\/\\\/schema.org\",\"@graph\":[{\"@type\":\"WebPage\",\"@id\":\"https:\\\/\\\/mont-roig.cat\\\/es\\\/manel-vilajosana-ferrandiz\\\/\",\"url\":\"https:\\\/\\\/mont-roig.cat\\\/es\\\/manel-vilajosana-ferrandiz\\\/\",\"name\":\"Manel Vilajosana Ferr\u00e0ndiz - Ajuntament de Mont-roig del Camp\",\"isPartOf\":{\"@id\":\"https:\\\/\\\/mont-roig.cat\\\/es\\\/#website\"},\"primaryImageOfPage\":{\"@id\":\"https:\\\/\\\/mont-roig.cat\\\/es\\\/manel-vilajosana-ferrandiz\\\/#primaryimage\"},\"image\":{\"@id\":\"https:\\\/\\\/mont-roig.cat\\\/es\\\/manel-vilajosana-ferrandiz\\\/#primaryimage\"},\"thumbnailUrl\":\"https:\\\/\\\/mont-roig.cat\\\/wp-content\\\/uploads\\\/Manel-Vilajosana-2-500x500.jpg\",\"datePublished\":\"2019-10-31T14:15:28+00:00\",\"dateModified\":\"2026-03-03T09:08:00+00:00\",\"breadcrumb\":{\"@id\":\"https:\\\/\\\/mont-roig.cat\\\/es\\\/manel-vilajosana-ferrandiz\\\/#breadcrumb\"},\"inLanguage\":\"es\",\"potentialAction\":[{\"@type\":\"ReadAction\",\"target\":[\"https:\\\/\\\/mont-roig.cat\\\/es\\\/manel-vilajosana-ferrandiz\\\/\"]}]},{\"@type\":\"ImageObject\",\"inLanguage\":\"es\",\"@id\":\"https:\\\/\\\/mont-roig.cat\\\/es\\\/manel-vilajosana-ferrandiz\\\/#primaryimage\",\"url\":\"https:\\\/\\\/mont-roig.cat\\\/wp-content\\\/uploads\\\/Manel-Vilajosana-2-500x500.jpg\",\"contentUrl\":\"https:\\\/\\\/mont-roig.cat\\\/wp-content\\\/uploads\\\/Manel-Vilajosana-2-500x500.jpg\"},{\"@type\":\"BreadcrumbList\",\"@id\":\"https:\\\/\\\/mont-roig.cat\\\/es\\\/manel-vilajosana-ferrandiz\\\/#breadcrumb\",\"itemListElement\":[{\"@type\":\"ListItem\",\"position\":1,\"name\":\"Inici\",\"item\":\"https:\\\/\\\/mont-roig.cat\\\/es\\\/pagina-de-inicio\\\/\"},{\"@type\":\"ListItem\",\"position\":2,\"name\":\"Manel Vilajosana Ferr\u00e0ndiz\"}]},{\"@type\":\"WebSite\",\"@id\":\"https:\\\/\\\/mont-roig.cat\\\/es\\\/#website\",\"url\":\"https:\\\/\\\/mont-roig.cat\\\/es\\\/\",\"name\":\"Ajuntament de Mont-roig del Camp\",\"description\":\"Tota la informaci\u00f3 sobre la instituci\u00f3, els seus \u00f2rgans de govern, actualitat, serveis i molt m\u00e9s.\",\"potentialAction\":[{\"@type\":\"SearchAction\",\"target\":{\"@type\":\"EntryPoint\",\"urlTemplate\":\"https:\\\/\\\/mont-roig.cat\\\/es\\\/?s={search_term_string}\"},\"query-input\":{\"@type\":\"PropertyValueSpecification\",\"valueRequired\":true,\"valueName\":\"search_term_string\"}}],\"inLanguage\":\"es\"}]}<\/script>\n<!-- \/ Yoast SEO plugin. -->","yoast_head_json":{"title":"Manel Vilajosana Ferr\u00e0ndiz - Ajuntament de Mont-roig del Camp","robots":{"index":"index","follow":"follow","max-snippet":"max-snippet:-1","max-image-preview":"max-image-preview:large","max-video-preview":"max-video-preview:-1"},"canonical":"https:\/\/mont-roig.cat\/es\/manel-vilajosana-ferrandiz\/","og_locale":"es_ES","og_type":"article","og_title":"Manel Vilajosana Ferr\u00e0ndiz - Ajuntament de Mont-roig del Camp","og_description":"[vc_row][vc_column][vc_column_text css=&#8221;&#8221;] Manel Vilajosana Ferrandiz es hijo de S\u00faria, en el Bages, pero vive y trabaja en Mont-roig desde hace 17 a\u00f1os, siempre en el mundo del Turismo. Su relaci\u00f3n con Mont-roig se remonta a los inicios de los a\u00f1os 80, trabajando en el Camping la Torre del Sol, y m\u00e1s atr\u00e1s a\u00fan, de ni\u00f1o, [&hellip;]","og_url":"https:\/\/mont-roig.cat\/es\/manel-vilajosana-ferrandiz\/","og_site_name":"Ajuntament de Mont-roig del Camp","article_modified_time":"2026-03-03T09:08:00+00:00","og_image":[{"width":1200,"height":600,"url":"https:\/\/mont-roig.cat\/wp-content\/uploads\/aj-mont-roig-2.jpg","type":"image\/jpeg"}],"twitter_card":"summary_large_image","twitter_misc":{"Tiempo de lectura":"3 minutos"},"schema":{"@context":"https:\/\/schema.org","@graph":[{"@type":"WebPage","@id":"https:\/\/mont-roig.cat\/es\/manel-vilajosana-ferrandiz\/","url":"https:\/\/mont-roig.cat\/es\/manel-vilajosana-ferrandiz\/","name":"Manel Vilajosana Ferr\u00e0ndiz - Ajuntament de Mont-roig del Camp","isPartOf":{"@id":"https:\/\/mont-roig.cat\/es\/#website"},"primaryImageOfPage":{"@id":"https:\/\/mont-roig.cat\/es\/manel-vilajosana-ferrandiz\/#primaryimage"},"image":{"@id":"https:\/\/mont-roig.cat\/es\/manel-vilajosana-ferrandiz\/#primaryimage"},"thumbnailUrl":"https:\/\/mont-roig.cat\/wp-content\/uploads\/Manel-Vilajosana-2-500x500.jpg","datePublished":"2019-10-31T14:15:28+00:00","dateModified":"2026-03-03T09:08:00+00:00","breadcrumb":{"@id":"https:\/\/mont-roig.cat\/es\/manel-vilajosana-ferrandiz\/#breadcrumb"},"inLanguage":"es","potentialAction":[{"@type":"ReadAction","target":["https:\/\/mont-roig.cat\/es\/manel-vilajosana-ferrandiz\/"]}]},{"@type":"ImageObject","inLanguage":"es","@id":"https:\/\/mont-roig.cat\/es\/manel-vilajosana-ferrandiz\/#primaryimage","url":"https:\/\/mont-roig.cat\/wp-content\/uploads\/Manel-Vilajosana-2-500x500.jpg","contentUrl":"https:\/\/mont-roig.cat\/wp-content\/uploads\/Manel-Vilajosana-2-500x500.jpg"},{"@type":"BreadcrumbList","@id":"https:\/\/mont-roig.cat\/es\/manel-vilajosana-ferrandiz\/#breadcrumb","itemListElement":[{"@type":"ListItem","position":1,"name":"Inici","item":"https:\/\/mont-roig.cat\/es\/pagina-de-inicio\/"},{"@type":"ListItem","position":2,"name":"Manel Vilajosana Ferr\u00e0ndiz"}]},{"@type":"WebSite","@id":"https:\/\/mont-roig.cat\/es\/#website","url":"https:\/\/mont-roig.cat\/es\/","name":"Ajuntament de Mont-roig del Camp","description":"Tota la informaci\u00f3 sobre la instituci\u00f3, els seus \u00f2rgans de govern, actualitat, serveis i molt m\u00e9s.","potentialAction":[{"@type":"SearchAction","target":{"@type":"EntryPoint","urlTemplate":"https:\/\/mont-roig.cat\/es\/?s={search_term_string}"},"query-input":{"@type":"PropertyValueSpecification","valueRequired":true,"valueName":"search_term_string"}}],"inLanguage":"es"}]}},"_links":{"self":[{"href":"https:\/\/mont-roig.cat\/es\/wp-json\/wp\/v2\/pages\/39952","targetHints":{"allow":["GET"]}}],"collection":[{"href":"https:\/\/mont-roig.cat\/es\/wp-json\/wp\/v2\/pages"}],"about":[{"href":"https:\/\/mont-roig.cat\/es\/wp-json\/wp\/v2\/types\/page"}],"author":[{"embeddable":true,"href":"https:\/\/mont-roig.cat\/es\/wp-json\/wp\/v2\/users\/4"}],"replies":[{"embeddable":true,"href":"https:\/\/mont-roig.cat\/es\/wp-json\/wp\/v2\/comments?post=39952"}],"version-history":[{"count":11,"href":"https:\/\/mont-roig.cat\/es\/wp-json\/wp\/v2\/pages\/39952\/revisions"}],"predecessor-version":[{"id":89722,"href":"https:\/\/mont-roig.cat\/es\/wp-json\/wp\/v2\/pages\/39952\/revisions\/89722"}],"wp:attachment":[{"href":"https:\/\/mont-roig.cat\/es\/wp-json\/wp\/v2\/media?parent=39952"}],"curies":[{"name":"wp","href":"https:\/\/api.w.org\/{rel}","templated":true}]}}

Manel Vilajosana Ferràndiz

<div class="wpb-content-wrapper">[vc_row][vc_column][vc_column_text css=&#8221;&#8221;]<a href="https://mont-roig.cat/wp-content/uploads/Manel-Vilajosana-2.jpg"><img loading="lazy" decoding="async" class="alignright wp-image-70927" src="https://mont-roig.cat/wp-content/uploads/Manel-Vilajosana-2-500x500.jpg" alt="" width="250" height="250" /></a></p>
<p style="text-align: justify;">Manel Vilajosana Ferrandiz es hijo de Súria, en el Bages, pero vive y trabaja en Mont-roig desde hace 17 años, siempre en el mundo del Turismo. Su relación con Mont-roig se remonta a los inicios de los años 80, trabajando en el Camping la Torre del Sol, y más atrás aún, de niño, pasando las vacaciones en el Mas Reverter. Su formación es la siguiente: Filología Germánica en la Universitat de Barcelona (1983), Derecho en la Universidad desde Saarlandes-UOC (1985), y Derecho de las actividades turísticas en la UOC (2009). En cuanto a la experiencia profesional, ha sido funcionario de carrera en la oficina de atención ciudadana del Ayuntamiento de Manresa, jefe de prensa de la subsede olímpica de piragüismo de la Seu d’Urgell de los Juegos de Barcelona&#8217;92, y funcionario de carrera en el Ayuntamiento de la Seu d&#8217;Urgell. Actualmente, trabaja como director general de los campings La Torre del Sol de Mont-roig del Camp y el Templo del Sol de l’Hospitalet de l’Infant. Con respecto a la trayectoria política, fue militante del PSC como consejero nacional desde 1982 hasta 2005, y a partir de 2014, asociado a MES-Moviment d’Esquerres como miembro fundador. En relación a esto, fue concejal del Ayuntamiento de Súria por el PSC de 1987 a 1991. Cabe destacar también que es socio de Òmnium Cultural y de la Plataforma per la Llengua. En el último mandato fue concejal de la oposición del Ayuntamiento de Mont-roig del Camp por el partido de Esquerra Republicana de Catalunya &#8211; Movimiento de Izquierdas &#8211; Acuerdo Municipal. Actualmente, repite como concejal de la oposición en el grupo municipal Esquerra Republicana de Catalunya – Acuerdo Municipal. Según sus propias palabras: &#8220;Mi propósito como concejal de Mont-roig es muy sencillo y complicado a la vez: contribuir con honestidad a que nuestro municipio sea un lugar mejor donde vivir&#8221;.</p>
<p>&nbsp;</p>
<p>Podéis consultar el documento de declaración de Actividades y Bienes de Manel Vilajosana Ferràndiz en este enlace:</p>
<p><a href="https://mont-roig.cat/wp-content/uploads/Declaracio-dActivitats-i-Bens-Manel-Vilajosana.pdf" target="_blank" rel="noopener">Declaración de Actividades y Bienes &#8211; Manel Vilajosana Ferrandiz</a></p>
<p>Teniendo en cuenta que el sueldo es por asistencias (<a href="https://mont-roig.cat/es/govern-obert/transparencia/informacio-economica/retribucions-carrecs-electes/" target="_blank" rel="noopener" data-wpel-link="internal">enlace</a>) la valoración anual de la retribución es 9.500 € para la legislatura 2023-2027.[/vc_column_text][/vc_column][/vc_row]
</div>

<p>[vc_row][vc_column][vc_column_text css=&#8221;&#8221;] Manel Vilajosana Ferrandiz es hijo de Súria, en el Bages, pero vive y trabaja en Mont-roig desde hace 17 años, siempre en el mundo del Turismo. Su relación con Mont-roig se remonta a los inicios de los años 80, trabajando en el Camping la Torre del Sol, y más atrás aún, de niño, [&hellip;]</p>

<!-- This site is optimized with the Yoast SEO plugin v27.4 - https://yoast.com/product/yoast-seo-wordpress/ -->
<title>Manel Vilajosana Ferràndiz - Ajuntament de Mont-roig del Camp</title>
<meta name="robots" content="index, follow, max-snippet:-1, max-image-preview:large, max-video-preview:-1" />
<link rel="canonical" href="https://mont-roig.cat/es/manel-vilajosana-ferrandiz/" />
<meta property="og:locale" content="es_ES" />
<meta property="og:type" content="article" />
<meta property="og:title" content="Manel Vilajosana Ferràndiz - Ajuntament de Mont-roig del Camp" />
<meta property="og:description" content="[vc_row][vc_column][vc_column_text css=&#8221;&#8221;] Manel Vilajosana Ferrandiz es hijo de Súria, en el Bages, pero vive y trabaja en Mont-roig desde hace 17 años, siempre en el mundo del Turismo. Su relación con Mont-roig se remonta a los inicios de los años 80, trabajando en el Camping la Torre del Sol, y más atrás aún, de niño, [&hellip;]" />
<meta property="og:url" content="https://mont-roig.cat/es/manel-vilajosana-ferrandiz/" />
<meta property="og:site_name" content="Ajuntament de Mont-roig del Camp" />
<meta property="article:modified_time" content="2026-03-03T09:08:00+00:00" />
<meta property="og:image" content="https://mont-roig.cat/wp-content/uploads/aj-mont-roig-2.jpg" />
	<meta property="og:image:width" content="1200" />
	<meta property="og:image:height" content="600" />
	<meta property="og:image:type" content="image/jpeg" />
<meta name="twitter:card" content="summary_large_image" />
<meta name="twitter:label1" content="Tiempo de lectura" />
	<meta name="twitter:data1" content="3 minutos" />
<script type="application/ld+json" class="yoast-schema-graph">{"@context":"https:\/\/schema.org","@graph":[{"@type":"WebPage","@id":"https:\/\/mont-roig.cat\/es\/manel-vilajosana-ferrandiz\/","url":"https:\/\/mont-roig.cat\/es\/manel-vilajosana-ferrandiz\/","name":"Manel Vilajosana Ferràndiz - Ajuntament de Mont-roig del Camp","isPartOf":{"@id":"https:\/\/mont-roig.cat\/es\/#website"},"primaryImageOfPage":{"@id":"https:\/\/mont-roig.cat\/es\/manel-vilajosana-ferrandiz\/#primaryimage"},"image":{"@id":"https:\/\/mont-roig.cat\/es\/manel-vilajosana-ferrandiz\/#primaryimage"},"thumbnailUrl":"https:\/\/mont-roig.cat\/wp-content\/uploads\/Manel-Vilajosana-2-500x500.jpg","datePublished":"2019-10-31T14:15:28+00:00","dateModified":"2026-03-03T09:08:00+00:00","breadcrumb":{"@id":"https:\/\/mont-roig.cat\/es\/manel-vilajosana-ferrandiz\/#breadcrumb"},"inLanguage":"es","potentialAction":[{"@type":"ReadAction","target":["https:\/\/mont-roig.cat\/es\/manel-vilajosana-ferrandiz\/"]}]},{"@type":"ImageObject","inLanguage":"es","@id":"https:\/\/mont-roig.cat\/es\/manel-vilajosana-ferrandiz\/#primaryimage","url":"https:\/\/mont-roig.cat\/wp-content\/uploads\/Manel-Vilajosana-2-500x500.jpg","contentUrl":"https:\/\/mont-roig.cat\/wp-content\/uploads\/Manel-Vilajosana-2-500x500.jpg"},{"@type":"BreadcrumbList","@id":"https:\/\/mont-roig.cat\/es\/manel-vilajosana-ferrandiz\/#breadcrumb","itemListElement":[{"@type":"ListItem","position":1,"name":"Inici","item":"https:\/\/mont-roig.cat\/es\/pagina-de-inicio\/"},{"@type":"ListItem","position":2,"name":"Manel Vilajosana Ferràndiz"}]},{"@type":"WebSite","@id":"https:\/\/mont-roig.cat\/es\/#website","url":"https:\/\/mont-roig.cat\/es\/","name":"Ajuntament de Mont-roig del Camp","description":"Tota la informació sobre la institució, els seus òrgans de govern, actualitat, serveis i molt més.","potentialAction":[{"@type":"SearchAction","target":{"@type":"EntryPoint","urlTemplate":"https:\/\/mont-roig.cat\/es\/?s={search_term_string}"},"query-input":{"@type":"PropertyValueSpecification","valueRequired":true,"valueName":"search_term_string"}}],"inLanguage":"es"}]}</script>
<!-- / Yoast SEO plugin. -->

Manel Vilajosana Ferràndiz - Ajuntament de Mont-roig del Camp

[vc_row][vc_column][vc_column_text css=&#8221;&#8221;] Manel Vilajosana Ferrandiz es hijo de Súria, en el Bages, pero vive y trabaja en Mont-roig desde hace 17 años, siempre en el mundo del Turismo. Su relación con Mont-roig se remonta a los inicios de los años 80, trabajando en el Camping la Torre del Sol, y más atrás aún, de niño, [&hellip;]

Tota la informació sobre la institució, els seus òrgans de govern, actualitat, serveis i molt més.
