{"id":4247,"date":"2015-02-02T20:44:40","date_gmt":"2015-02-02T20:44:40","guid":{"rendered":""},"modified":"2025-07-07T12:33:27","modified_gmt":"2025-07-07T10:33:27","slug":"pleno","status":"publish","type":"page","link":"https:\/\/mont-roig.cat\/es\/ayuntamiento\/organs-de-representacio\/pleno\/","title":{"rendered":"Pleno"},"content":{"rendered":"<div class=\"wpb-content-wrapper\">[vc_row][vc_column][vc_column_text css=&#8221;&#8221;]\n<div class=\"body\">\n<p><img decoding=\"async\" class=\"requadre\" style=\"width: 300px; height: 225px; margin-right: 10px; margin-left: 10px; float: right;\" title=\"Sala de Plens Ajuntament Mont-roig del Camp\" src=\"http:\/\/mont-roig.cat\/wp-content\/uploads\/2015_03_11 076.jpg\" alt=\"Sala de Plens Ajuntament Mont-roig del Camp\" \/><\/p>\n<p>El Pleno de la Corporaci\u00f3n es el m\u00e1ximo \u00f3rgano de gobierno del Ayuntamiento, y est\u00e1 formado por todos los concejales electos, presididos por el Alcalde. El plenario de Mont-roig del Camp, a raz\u00f3n de la poblaci\u00f3n residente en el t\u00e9rmino municipal, lo conforman diecisiete concejales.<\/p>\n<p>Sus sesiones son p\u00fablicas, excepto en el caso de que los asuntos a tratar afecten al derecho al honor, la intimidad personal o familiar, o en la propia imagen de las personas.<\/p>\n<p>Las sesiones ordinarias del Pleno se celebran en la Casa de Cultura Agust\u00ed Sard\u00e0 el segundo lunes de cada mes, a las 13:00 horas. En caso de ser festivo se traslada al siguiente primer d\u00eda laborable. Excepto el mes de agosto que no hay sesi\u00f3n plenaria. Tambi\u00e9n se pueden convocar sesiones del Pleno con car\u00e1cter extraordinario si lo decide el Presidente o lo solicite, al menos, la cuarta parte del n\u00famero legal de miembros de la corporaci\u00f3n.<\/p>\n<p>El Pleno del Ayuntamiento tiene la funci\u00f3n de control de los \u00f3rganos de gobierno, y toma acuerdos sobre la organizaci\u00f3n institucional y del municipio, sobre planeamiento, normativa, personal, presupuesto y sobre contrataciones, subvenciones, obras y licencias.<\/p>\n<\/div>\n[\/vc_column_text][vc_btn title=&#8221;PLENO EN DIRECTO&#8221; color=&#8221;warning&#8221; link=&#8221;url:http%3A%2F%2Fmont-roig.cat%2Fes%2Fpleno-en-directo%2F||target:%20_blank&#8221;][\/vc_column][\/vc_row][vc_row][vc_column width=&#8221;1\/3&#8243;][vc_btn title=&#8221;COMPOSICI\u00d3N DEL PLENO&#8221; style=&#8221;custom&#8221; custom_background=&#8221;#95243c&#8221; custom_text=&#8221;#ffffff&#8221; align=&#8221;left&#8221; link=&#8221;url:http%3A%2F%2Fmont-roig.cat%2Fes%2Fayuntamiento%2Forgans-de-representacio%2Fpleno%2Fgrupos-municipales%2F|||&#8221;][\/vc_column][vc_column width=&#8221;1\/3&#8243;][vc_btn title=&#8221;CONVOCATORIAS DEL PLENO&#8221; style=&#8221;custom&#8221; custom_background=&#8221;#95243c&#8221; custom_text=&#8221;#ffffff&#8221; align=&#8221;left&#8221; link=&#8221;url:http%3A%2F%2Fmont-roig.cat%2Fes%2Fayuntamiento%2Forgans-de-representacio%2Fpleno%2Fconvocatorias-los-plenos%2F||&#8221;][\/vc_column][vc_column width=&#8221;1\/3&#8243;][vc_btn title=&#8221;ACTAS DE LOS PLENOS&#8221; style=&#8221;custom&#8221; custom_background=&#8221;#95243c&#8221; custom_text=&#8221;#ffffff&#8221; align=&#8221;center&#8221; link=&#8221;url:http%3A%2F%2Fmont-roig.cat%2Fes%2Fayuntamiento%2Forgans-de-representacio%2Fpleno%2Factas-los-plenos%2F||&#8221;][\/vc_column][\/vc_row][vc_row][vc_column][vc_separator style=&#8221;solid&#8221;][\/vc_column][\/vc_row][vc_row][vc_column width=&#8221;1\/2&#8243;][vc_column_text]\n<h6>\u00daltimos v\u00eddeos de las sesiones plenarias.<\/h6>\n[\/vc_column_text][vc_column_text]<iframe loading=\"lazy\" src=\"https:\/\/www.youtube.com\/embed\/videoseries?list=PLk5yGhVX5nCLxlgyHWSp7XZ3F2TWz06SI\" width=\"400\" height=\"275\" frameborder=\"0\" allowfullscreen=\"allowfullscreen\"><\/iframe>[\/vc_column_text][\/vc_column][\/vc_row]\n<\/div>","protected":false},"excerpt":{"rendered":"<p>[vc_row][vc_column][vc_column_text css=&#8221;&#8221;] El Pleno de la Corporaci\u00f3n es el m\u00e1ximo \u00f3rgano de gobierno del Ayuntamiento, y est\u00e1 formado por todos los concejales electos, presididos por el Alcalde. El plenario de Mont-roig del Camp, a raz\u00f3n de la poblaci\u00f3n residente en el t\u00e9rmino municipal, lo conforman diecisiete concejales. Sus sesiones son p\u00fablicas, excepto en el caso [&hellip;]<\/p>\n","protected":false},"author":4,"featured_media":0,"parent":9287,"menu_order":0,"comment_status":"closed","ping_status":"closed","template":"","meta":{"inline_featured_image":false,"_monsterinsights_skip_tracking":false,"_monsterinsights_sitenote_active":false,"_monsterinsights_sitenote_note":"","_monsterinsights_sitenote_category":0,"footnotes":""},"class_list":["post-4247","page","type-page","status-publish","hentry"],"yoast_head":"<!-- This site is optimized with the Yoast SEO plugin v27.4 - https:\/\/yoast.com\/product\/yoast-seo-wordpress\/ -->\n<title>Pleno - Ajuntament de Mont-roig del Camp<\/title>\n<meta name=\"robots\" content=\"index, follow, max-snippet:-1, max-image-preview:large, max-video-preview:-1\" \/>\n<link rel=\"canonical\" href=\"https:\/\/mont-roig.cat\/es\/ayuntamiento\/organs-de-representacio\/pleno\/\" \/>\n<meta property=\"og:locale\" content=\"es_ES\" \/>\n<meta property=\"og:type\" content=\"article\" \/>\n<meta property=\"og:title\" content=\"Pleno - Ajuntament de Mont-roig del Camp\" \/>\n<meta property=\"og:description\" content=\"[vc_row][vc_column][vc_column_text css=&#8221;&#8221;] El Pleno de la Corporaci\u00f3n es el m\u00e1ximo \u00f3rgano de gobierno del Ayuntamiento, y est\u00e1 formado por todos los concejales electos, presididos por el Alcalde. El plenario de Mont-roig del Camp, a raz\u00f3n de la poblaci\u00f3n residente en el t\u00e9rmino municipal, lo conforman diecisiete concejales. Sus sesiones son p\u00fablicas, excepto en el caso [&hellip;]\" \/>\n<meta property=\"og:url\" content=\"https:\/\/mont-roig.cat\/es\/ayuntamiento\/organs-de-representacio\/pleno\/\" \/>\n<meta property=\"og:site_name\" content=\"Ajuntament de Mont-roig del Camp\" \/>\n<meta property=\"article:modified_time\" content=\"2025-07-07T10:33:27+00:00\" \/>\n<meta property=\"og:image\" content=\"https:\/\/mont-roig.cat\/wp-content\/uploads\/aj-mont-roig-2.jpg\" \/>\n\t<meta property=\"og:image:width\" content=\"1200\" \/>\n\t<meta property=\"og:image:height\" content=\"600\" \/>\n\t<meta property=\"og:image:type\" content=\"image\/jpeg\" \/>\n<meta name=\"twitter:card\" content=\"summary_large_image\" \/>\n<meta name=\"twitter:label1\" content=\"Tiempo de lectura\" \/>\n\t<meta name=\"twitter:data1\" content=\"2 minutos\" \/>\n<script type=\"application\/ld+json\" class=\"yoast-schema-graph\">{\"@context\":\"https:\\\/\\\/schema.org\",\"@graph\":[{\"@type\":\"WebPage\",\"@id\":\"https:\\\/\\\/mont-roig.cat\\\/es\\\/ayuntamiento\\\/organs-de-representacio\\\/pleno\\\/\",\"url\":\"https:\\\/\\\/mont-roig.cat\\\/es\\\/ayuntamiento\\\/organs-de-representacio\\\/pleno\\\/\",\"name\":\"Pleno - Ajuntament de Mont-roig del Camp\",\"isPartOf\":{\"@id\":\"https:\\\/\\\/mont-roig.cat\\\/es\\\/#website\"},\"datePublished\":\"2015-02-02T20:44:40+00:00\",\"dateModified\":\"2025-07-07T10:33:27+00:00\",\"breadcrumb\":{\"@id\":\"https:\\\/\\\/mont-roig.cat\\\/es\\\/ayuntamiento\\\/organs-de-representacio\\\/pleno\\\/#breadcrumb\"},\"inLanguage\":\"es\",\"potentialAction\":[{\"@type\":\"ReadAction\",\"target\":[\"https:\\\/\\\/mont-roig.cat\\\/es\\\/ayuntamiento\\\/organs-de-representacio\\\/pleno\\\/\"]}]},{\"@type\":\"BreadcrumbList\",\"@id\":\"https:\\\/\\\/mont-roig.cat\\\/es\\\/ayuntamiento\\\/organs-de-representacio\\\/pleno\\\/#breadcrumb\",\"itemListElement\":[{\"@type\":\"ListItem\",\"position\":1,\"name\":\"Inici\",\"item\":\"https:\\\/\\\/mont-roig.cat\\\/es\\\/pagina-de-inicio\\\/\"},{\"@type\":\"ListItem\",\"position\":2,\"name\":\"Ayuntamiento\",\"item\":\"https:\\\/\\\/mont-roig.cat\\\/es\\\/ayuntamiento\\\/\"},{\"@type\":\"ListItem\",\"position\":3,\"name\":\"\u00d3rganos de representaci\u00f3n\",\"item\":\"https:\\\/\\\/mont-roig.cat\\\/es\\\/ayuntamiento\\\/organs-de-representacio\\\/\"},{\"@type\":\"ListItem\",\"position\":4,\"name\":\"Pleno\"}]},{\"@type\":\"WebSite\",\"@id\":\"https:\\\/\\\/mont-roig.cat\\\/es\\\/#website\",\"url\":\"https:\\\/\\\/mont-roig.cat\\\/es\\\/\",\"name\":\"Ajuntament de Mont-roig del Camp\",\"description\":\"Tota la informaci\u00f3 sobre la instituci\u00f3, els seus \u00f2rgans de govern, actualitat, serveis i molt m\u00e9s.\",\"potentialAction\":[{\"@type\":\"SearchAction\",\"target\":{\"@type\":\"EntryPoint\",\"urlTemplate\":\"https:\\\/\\\/mont-roig.cat\\\/es\\\/?s={search_term_string}\"},\"query-input\":{\"@type\":\"PropertyValueSpecification\",\"valueRequired\":true,\"valueName\":\"search_term_string\"}}],\"inLanguage\":\"es\"}]}<\/script>\n<!-- \/ Yoast SEO plugin. -->","yoast_head_json":{"title":"Pleno - Ajuntament de Mont-roig del Camp","robots":{"index":"index","follow":"follow","max-snippet":"max-snippet:-1","max-image-preview":"max-image-preview:large","max-video-preview":"max-video-preview:-1"},"canonical":"https:\/\/mont-roig.cat\/es\/ayuntamiento\/organs-de-representacio\/pleno\/","og_locale":"es_ES","og_type":"article","og_title":"Pleno - Ajuntament de Mont-roig del Camp","og_description":"[vc_row][vc_column][vc_column_text css=&#8221;&#8221;] El Pleno de la Corporaci\u00f3n es el m\u00e1ximo \u00f3rgano de gobierno del Ayuntamiento, y est\u00e1 formado por todos los concejales electos, presididos por el Alcalde. El plenario de Mont-roig del Camp, a raz\u00f3n de la poblaci\u00f3n residente en el t\u00e9rmino municipal, lo conforman diecisiete concejales. Sus sesiones son p\u00fablicas, excepto en el caso [&hellip;]","og_url":"https:\/\/mont-roig.cat\/es\/ayuntamiento\/organs-de-representacio\/pleno\/","og_site_name":"Ajuntament de Mont-roig del Camp","article_modified_time":"2025-07-07T10:33:27+00:00","og_image":[{"width":1200,"height":600,"url":"https:\/\/mont-roig.cat\/wp-content\/uploads\/aj-mont-roig-2.jpg","type":"image\/jpeg"}],"twitter_card":"summary_large_image","twitter_misc":{"Tiempo de lectura":"2 minutos"},"schema":{"@context":"https:\/\/schema.org","@graph":[{"@type":"WebPage","@id":"https:\/\/mont-roig.cat\/es\/ayuntamiento\/organs-de-representacio\/pleno\/","url":"https:\/\/mont-roig.cat\/es\/ayuntamiento\/organs-de-representacio\/pleno\/","name":"Pleno - Ajuntament de Mont-roig del Camp","isPartOf":{"@id":"https:\/\/mont-roig.cat\/es\/#website"},"datePublished":"2015-02-02T20:44:40+00:00","dateModified":"2025-07-07T10:33:27+00:00","breadcrumb":{"@id":"https:\/\/mont-roig.cat\/es\/ayuntamiento\/organs-de-representacio\/pleno\/#breadcrumb"},"inLanguage":"es","potentialAction":[{"@type":"ReadAction","target":["https:\/\/mont-roig.cat\/es\/ayuntamiento\/organs-de-representacio\/pleno\/"]}]},{"@type":"BreadcrumbList","@id":"https:\/\/mont-roig.cat\/es\/ayuntamiento\/organs-de-representacio\/pleno\/#breadcrumb","itemListElement":[{"@type":"ListItem","position":1,"name":"Inici","item":"https:\/\/mont-roig.cat\/es\/pagina-de-inicio\/"},{"@type":"ListItem","position":2,"name":"Ayuntamiento","item":"https:\/\/mont-roig.cat\/es\/ayuntamiento\/"},{"@type":"ListItem","position":3,"name":"\u00d3rganos de representaci\u00f3n","item":"https:\/\/mont-roig.cat\/es\/ayuntamiento\/organs-de-representacio\/"},{"@type":"ListItem","position":4,"name":"Pleno"}]},{"@type":"WebSite","@id":"https:\/\/mont-roig.cat\/es\/#website","url":"https:\/\/mont-roig.cat\/es\/","name":"Ajuntament de Mont-roig del Camp","description":"Tota la informaci\u00f3 sobre la instituci\u00f3, els seus \u00f2rgans de govern, actualitat, serveis i molt m\u00e9s.","potentialAction":[{"@type":"SearchAction","target":{"@type":"EntryPoint","urlTemplate":"https:\/\/mont-roig.cat\/es\/?s={search_term_string}"},"query-input":{"@type":"PropertyValueSpecification","valueRequired":true,"valueName":"search_term_string"}}],"inLanguage":"es"}]}},"_links":{"self":[{"href":"https:\/\/mont-roig.cat\/es\/wp-json\/wp\/v2\/pages\/4247","targetHints":{"allow":["GET"]}}],"collection":[{"href":"https:\/\/mont-roig.cat\/es\/wp-json\/wp\/v2\/pages"}],"about":[{"href":"https:\/\/mont-roig.cat\/es\/wp-json\/wp\/v2\/types\/page"}],"author":[{"embeddable":true,"href":"https:\/\/mont-roig.cat\/es\/wp-json\/wp\/v2\/users\/4"}],"replies":[{"embeddable":true,"href":"https:\/\/mont-roig.cat\/es\/wp-json\/wp\/v2\/comments?post=4247"}],"version-history":[{"count":1,"href":"https:\/\/mont-roig.cat\/es\/wp-json\/wp\/v2\/pages\/4247\/revisions"}],"predecessor-version":[{"id":84498,"href":"https:\/\/mont-roig.cat\/es\/wp-json\/wp\/v2\/pages\/4247\/revisions\/84498"}],"up":[{"embeddable":true,"href":"https:\/\/mont-roig.cat\/es\/wp-json\/wp\/v2\/pages\/9287"}],"wp:attachment":[{"href":"https:\/\/mont-roig.cat\/es\/wp-json\/wp\/v2\/media?parent=4247"}],"curies":[{"name":"wp","href":"https:\/\/api.w.org\/{rel}","templated":true}]}}

<div class="wpb-content-wrapper">[vc_row][vc_column][vc_column_text css=&#8221;&#8221;]
<div class="body">
<p><img decoding="async" class="requadre" style="width: 300px; height: 225px; margin-right: 10px; margin-left: 10px; float: right;" title="Sala de Plens Ajuntament Mont-roig del Camp" src="http://mont-roig.cat/wp-content/uploads/2015_03_11 076.jpg" alt="Sala de Plens Ajuntament Mont-roig del Camp" /></p>
<p>El Pleno de la Corporación es el máximo órgano de gobierno del Ayuntamiento, y está formado por todos los concejales electos, presididos por el Alcalde. El plenario de Mont-roig del Camp, a razón de la población residente en el término municipal, lo conforman diecisiete concejales.</p>
<p>Sus sesiones son públicas, excepto en el caso de que los asuntos a tratar afecten al derecho al honor, la intimidad personal o familiar, o en la propia imagen de las personas.</p>
<p>Las sesiones ordinarias del Pleno se celebran en la Casa de Cultura Agustí Sardà el segundo lunes de cada mes, a las 13:00 horas. En caso de ser festivo se traslada al siguiente primer día laborable. Excepto el mes de agosto que no hay sesión plenaria. También se pueden convocar sesiones del Pleno con carácter extraordinario si lo decide el Presidente o lo solicite, al menos, la cuarta parte del número legal de miembros de la corporación.</p>
<p>El Pleno del Ayuntamiento tiene la función de control de los órganos de gobierno, y toma acuerdos sobre la organización institucional y del municipio, sobre planeamiento, normativa, personal, presupuesto y sobre contrataciones, subvenciones, obras y licencias.</p>
</div>
[/vc_column_text][vc_btn title=&#8221;PLENO EN DIRECTO&#8221; color=&#8221;warning&#8221; link=&#8221;url:http%3A%2F%2Fmont-roig.cat%2Fes%2Fpleno-en-directo%2F||target:%20_blank&#8221;][/vc_column][/vc_row][vc_row][vc_column width=&#8221;1/3&#8243;][vc_btn title=&#8221;COMPOSICIÓN DEL PLENO&#8221; style=&#8221;custom&#8221; custom_background=&#8221;#95243c&#8221; custom_text=&#8221;#ffffff&#8221; align=&#8221;left&#8221; link=&#8221;url:http%3A%2F%2Fmont-roig.cat%2Fes%2Fayuntamiento%2Forgans-de-representacio%2Fpleno%2Fgrupos-municipales%2F|||&#8221;][/vc_column][vc_column width=&#8221;1/3&#8243;][vc_btn title=&#8221;CONVOCATORIAS DEL PLENO&#8221; style=&#8221;custom&#8221; custom_background=&#8221;#95243c&#8221; custom_text=&#8221;#ffffff&#8221; align=&#8221;left&#8221; link=&#8221;url:http%3A%2F%2Fmont-roig.cat%2Fes%2Fayuntamiento%2Forgans-de-representacio%2Fpleno%2Fconvocatorias-los-plenos%2F||&#8221;][/vc_column][vc_column width=&#8221;1/3&#8243;][vc_btn title=&#8221;ACTAS DE LOS PLENOS&#8221; style=&#8221;custom&#8221; custom_background=&#8221;#95243c&#8221; custom_text=&#8221;#ffffff&#8221; align=&#8221;center&#8221; link=&#8221;url:http%3A%2F%2Fmont-roig.cat%2Fes%2Fayuntamiento%2Forgans-de-representacio%2Fpleno%2Factas-los-plenos%2F||&#8221;][/vc_column][/vc_row][vc_row][vc_column][vc_separator style=&#8221;solid&#8221;][/vc_column][/vc_row][vc_row][vc_column width=&#8221;1/2&#8243;][vc_column_text]
<h6>Últimos vídeos de las sesiones plenarias.</h6>
[/vc_column_text][vc_column_text]<iframe loading="lazy" src="https://www.youtube.com/embed/videoseries?list=PLk5yGhVX5nCLxlgyHWSp7XZ3F2TWz06SI" width="400" height="275" frameborder="0" allowfullscreen="allowfullscreen"></iframe>[/vc_column_text][/vc_column][/vc_row]
</div>

<p>[vc_row][vc_column][vc_column_text css=&#8221;&#8221;] El Pleno de la Corporación es el máximo órgano de gobierno del Ayuntamiento, y está formado por todos los concejales electos, presididos por el Alcalde. El plenario de Mont-roig del Camp, a razón de la población residente en el término municipal, lo conforman diecisiete concejales. Sus sesiones son públicas, excepto en el caso [&hellip;]</p>

<!-- This site is optimized with the Yoast SEO plugin v27.4 - https://yoast.com/product/yoast-seo-wordpress/ -->
<title>Pleno - Ajuntament de Mont-roig del Camp</title>
<meta name="robots" content="index, follow, max-snippet:-1, max-image-preview:large, max-video-preview:-1" />
<link rel="canonical" href="https://mont-roig.cat/es/ayuntamiento/organs-de-representacio/pleno/" />
<meta property="og:locale" content="es_ES" />
<meta property="og:type" content="article" />
<meta property="og:title" content="Pleno - Ajuntament de Mont-roig del Camp" />
<meta property="og:description" content="[vc_row][vc_column][vc_column_text css=&#8221;&#8221;] El Pleno de la Corporación es el máximo órgano de gobierno del Ayuntamiento, y está formado por todos los concejales electos, presididos por el Alcalde. El plenario de Mont-roig del Camp, a razón de la población residente en el término municipal, lo conforman diecisiete concejales. Sus sesiones son públicas, excepto en el caso [&hellip;]" />
<meta property="og:url" content="https://mont-roig.cat/es/ayuntamiento/organs-de-representacio/pleno/" />
<meta property="og:site_name" content="Ajuntament de Mont-roig del Camp" />
<meta property="article:modified_time" content="2025-07-07T10:33:27+00:00" />
<meta property="og:image" content="https://mont-roig.cat/wp-content/uploads/aj-mont-roig-2.jpg" />
	<meta property="og:image:width" content="1200" />
	<meta property="og:image:height" content="600" />
	<meta property="og:image:type" content="image/jpeg" />
<meta name="twitter:card" content="summary_large_image" />
<meta name="twitter:label1" content="Tiempo de lectura" />
	<meta name="twitter:data1" content="2 minutos" />
<script type="application/ld+json" class="yoast-schema-graph">{"@context":"https:\/\/schema.org","@graph":[{"@type":"WebPage","@id":"https:\/\/mont-roig.cat\/es\/ayuntamiento\/organs-de-representacio\/pleno\/","url":"https:\/\/mont-roig.cat\/es\/ayuntamiento\/organs-de-representacio\/pleno\/","name":"Pleno - Ajuntament de Mont-roig del Camp","isPartOf":{"@id":"https:\/\/mont-roig.cat\/es\/#website"},"datePublished":"2015-02-02T20:44:40+00:00","dateModified":"2025-07-07T10:33:27+00:00","breadcrumb":{"@id":"https:\/\/mont-roig.cat\/es\/ayuntamiento\/organs-de-representacio\/pleno\/#breadcrumb"},"inLanguage":"es","potentialAction":[{"@type":"ReadAction","target":["https:\/\/mont-roig.cat\/es\/ayuntamiento\/organs-de-representacio\/pleno\/"]}]},{"@type":"BreadcrumbList","@id":"https:\/\/mont-roig.cat\/es\/ayuntamiento\/organs-de-representacio\/pleno\/#breadcrumb","itemListElement":[{"@type":"ListItem","position":1,"name":"Inici","item":"https:\/\/mont-roig.cat\/es\/pagina-de-inicio\/"},{"@type":"ListItem","position":2,"name":"Ayuntamiento","item":"https:\/\/mont-roig.cat\/es\/ayuntamiento\/"},{"@type":"ListItem","position":3,"name":"Órganos de representación","item":"https:\/\/mont-roig.cat\/es\/ayuntamiento\/organs-de-representacio\/"},{"@type":"ListItem","position":4,"name":"Pleno"}]},{"@type":"WebSite","@id":"https:\/\/mont-roig.cat\/es\/#website","url":"https:\/\/mont-roig.cat\/es\/","name":"Ajuntament de Mont-roig del Camp","description":"Tota la informació sobre la institució, els seus òrgans de govern, actualitat, serveis i molt més.","potentialAction":[{"@type":"SearchAction","target":{"@type":"EntryPoint","urlTemplate":"https:\/\/mont-roig.cat\/es\/?s={search_term_string}"},"query-input":{"@type":"PropertyValueSpecification","valueRequired":true,"valueName":"search_term_string"}}],"inLanguage":"es"}]}</script>
<!-- / Yoast SEO plugin. -->

[vc_row][vc_column][vc_column_text css=&#8221;&#8221;] El Pleno de la Corporación es el máximo órgano de gobierno del Ayuntamiento, y está formado por todos los concejales electos, presididos por el Alcalde. El plenario de Mont-roig del Camp, a razón de la población residente en el término municipal, lo conforman diecisiete concejales. Sus sesiones son públicas, excepto en el caso [&hellip;]

Órganos de representación

Tota la informació sobre la institució, els seus òrgans de govern, actualitat, serveis i molt més.
