{"id":4278,"date":"2014-11-12T17:21:07","date_gmt":"2014-11-12T17:21:07","guid":{"rendered":""},"modified":"2015-12-18T17:44:04","modified_gmt":"2015-12-18T16:44:04","slug":"accesibilidad-de-la-web","status":"publish","type":"page","link":"https:\/\/mont-roig.cat\/es\/accesibilidad-de-la-web\/","title":{"rendered":"Accesibilidad de la web"},"content":{"rendered":"<div class=\"body\">\n<div>\n<p>Conscientes de la importancia que est\u00e1n adquiriendo las nuevas tecnolog\u00edas y la necesidad de que cualquier persona pueda disfrutar e interactuar con gran parte del contenido de los sitios web, el Ayuntamiento de Mont-roig del Camp est\u00e1 trabajando para que la web del consistorio sea accesible a personas con discapacidades.<\/p>\n<p>En este sentido, se est\u00e1n siguiendo las recomendaciones que dicta la Web Accessibility Initiative (WAI), una iniciativa propuesta por el World Wide Web Consortium (W3C), la finalidad es fomentar y establecer unas pautas para guiar el dise\u00f1o de las p\u00e1ginas web hacia un modelo accesible.<\/p>\n<p>As\u00ed, el Ayuntamiento de Mont-roig del Camp ha establecido una serie de criterios para hacer la web lo m\u00e1s accesible posible y sigue desarrollando otros para poder superar todas las directrices de accesibilidad actuales y las que en un futuro se apliquen:<\/p>\n<p>&#8211; Hojas de estilo para controlar la maquetaci\u00f3n y la presentaci\u00f3n<br \/>\n&#8211; Elementos de encabezado para transmitir la estructura l\u00f3gica de la p\u00e1gina<br \/>\n&#8211; Tama\u00f1o de letra ampliable<br \/>\n&#8211; Textos alternativos a las im\u00e1genes<br \/>\n&#8211; Adaptaci\u00f3n de los diferentes navegadores<br \/>\n&#8211; Metadatos para a\u00f1adir informaci\u00f3n sem\u00e1ntica<\/p>\n<\/div>\n<\/div>\n","protected":false},"excerpt":{"rendered":"<p>Conscientes de la importancia que est\u00e1n adquiriendo las nuevas tecnolog\u00edas y la necesidad de que cualquier persona pueda disfrutar e interactuar con gran parte del contenido de los sitios web, el Ayuntamiento de Mont-roig del Camp est\u00e1 trabajando para que la web del consistorio sea accesible a personas con discapacidades. En este sentido, se est\u00e1n [&hellip;]<\/p>\n","protected":false},"author":4,"featured_media":0,"parent":0,"menu_order":0,"comment_status":"closed","ping_status":"closed","template":"","meta":{"inline_featured_image":false,"_monsterinsights_skip_tracking":false,"_monsterinsights_sitenote_active":false,"_monsterinsights_sitenote_note":"","_monsterinsights_sitenote_category":0,"footnotes":""},"class_list":["post-4278","page","type-page","status-publish","hentry"],"yoast_head":"<!-- This site is optimized with the Yoast SEO plugin v27.4 - https:\/\/yoast.com\/product\/yoast-seo-wordpress\/ -->\n<title>Accesibilidad de la web - Ajuntament de Mont-roig del Camp<\/title>\n<meta name=\"robots\" content=\"index, follow, max-snippet:-1, max-image-preview:large, max-video-preview:-1\" \/>\n<link rel=\"canonical\" href=\"https:\/\/mont-roig.cat\/es\/accesibilidad-de-la-web\/\" \/>\n<meta property=\"og:locale\" content=\"es_ES\" \/>\n<meta property=\"og:type\" content=\"article\" \/>\n<meta property=\"og:title\" content=\"Accesibilidad de la web - Ajuntament de Mont-roig del Camp\" \/>\n<meta property=\"og:description\" content=\"Conscientes de la importancia que est\u00e1n adquiriendo las nuevas tecnolog\u00edas y la necesidad de que cualquier persona pueda disfrutar e interactuar con gran parte del contenido de los sitios web, el Ayuntamiento de Mont-roig del Camp est\u00e1 trabajando para que la web del consistorio sea accesible a personas con discapacidades. En este sentido, se est\u00e1n [&hellip;]\" \/>\n<meta property=\"og:url\" content=\"https:\/\/mont-roig.cat\/es\/accesibilidad-de-la-web\/\" \/>\n<meta property=\"og:site_name\" content=\"Ajuntament de Mont-roig del Camp\" \/>\n<meta property=\"article:modified_time\" content=\"2015-12-18T16:44:04+00:00\" \/>\n<meta property=\"og:image\" content=\"https:\/\/mont-roig.cat\/wp-content\/uploads\/aj-mont-roig-2.jpg\" \/>\n\t<meta property=\"og:image:width\" content=\"1200\" \/>\n\t<meta property=\"og:image:height\" content=\"600\" \/>\n\t<meta property=\"og:image:type\" content=\"image\/jpeg\" \/>\n<meta name=\"twitter:card\" content=\"summary_large_image\" \/>\n<meta name=\"twitter:label1\" content=\"Tiempo de lectura\" \/>\n\t<meta name=\"twitter:data1\" content=\"1 minuto\" \/>\n<script type=\"application\/ld+json\" class=\"yoast-schema-graph\">{\"@context\":\"https:\\\/\\\/schema.org\",\"@graph\":[{\"@type\":\"WebPage\",\"@id\":\"https:\\\/\\\/mont-roig.cat\\\/es\\\/accesibilidad-de-la-web\\\/\",\"url\":\"https:\\\/\\\/mont-roig.cat\\\/es\\\/accesibilidad-de-la-web\\\/\",\"name\":\"Accesibilidad de la web - Ajuntament de Mont-roig del Camp\",\"isPartOf\":{\"@id\":\"https:\\\/\\\/mont-roig.cat\\\/es\\\/#website\"},\"datePublished\":\"2014-11-12T17:21:07+00:00\",\"dateModified\":\"2015-12-18T16:44:04+00:00\",\"breadcrumb\":{\"@id\":\"https:\\\/\\\/mont-roig.cat\\\/es\\\/accesibilidad-de-la-web\\\/#breadcrumb\"},\"inLanguage\":\"es\",\"potentialAction\":[{\"@type\":\"ReadAction\",\"target\":[\"https:\\\/\\\/mont-roig.cat\\\/es\\\/accesibilidad-de-la-web\\\/\"]}]},{\"@type\":\"BreadcrumbList\",\"@id\":\"https:\\\/\\\/mont-roig.cat\\\/es\\\/accesibilidad-de-la-web\\\/#breadcrumb\",\"itemListElement\":[{\"@type\":\"ListItem\",\"position\":1,\"name\":\"Inici\",\"item\":\"https:\\\/\\\/mont-roig.cat\\\/es\\\/pagina-de-inicio\\\/\"},{\"@type\":\"ListItem\",\"position\":2,\"name\":\"Accesibilidad de la web\"}]},{\"@type\":\"WebSite\",\"@id\":\"https:\\\/\\\/mont-roig.cat\\\/es\\\/#website\",\"url\":\"https:\\\/\\\/mont-roig.cat\\\/es\\\/\",\"name\":\"Ajuntament de Mont-roig del Camp\",\"description\":\"Tota la informaci\u00f3 sobre la instituci\u00f3, els seus \u00f2rgans de govern, actualitat, serveis i molt m\u00e9s.\",\"potentialAction\":[{\"@type\":\"SearchAction\",\"target\":{\"@type\":\"EntryPoint\",\"urlTemplate\":\"https:\\\/\\\/mont-roig.cat\\\/es\\\/?s={search_term_string}\"},\"query-input\":{\"@type\":\"PropertyValueSpecification\",\"valueRequired\":true,\"valueName\":\"search_term_string\"}}],\"inLanguage\":\"es\"}]}<\/script>\n<!-- \/ Yoast SEO plugin. -->","yoast_head_json":{"title":"Accesibilidad de la web - Ajuntament de Mont-roig del Camp","robots":{"index":"index","follow":"follow","max-snippet":"max-snippet:-1","max-image-preview":"max-image-preview:large","max-video-preview":"max-video-preview:-1"},"canonical":"https:\/\/mont-roig.cat\/es\/accesibilidad-de-la-web\/","og_locale":"es_ES","og_type":"article","og_title":"Accesibilidad de la web - Ajuntament de Mont-roig del Camp","og_description":"Conscientes de la importancia que est\u00e1n adquiriendo las nuevas tecnolog\u00edas y la necesidad de que cualquier persona pueda disfrutar e interactuar con gran parte del contenido de los sitios web, el Ayuntamiento de Mont-roig del Camp est\u00e1 trabajando para que la web del consistorio sea accesible a personas con discapacidades. En este sentido, se est\u00e1n [&hellip;]","og_url":"https:\/\/mont-roig.cat\/es\/accesibilidad-de-la-web\/","og_site_name":"Ajuntament de Mont-roig del Camp","article_modified_time":"2015-12-18T16:44:04+00:00","og_image":[{"width":1200,"height":600,"url":"https:\/\/mont-roig.cat\/wp-content\/uploads\/aj-mont-roig-2.jpg","type":"image\/jpeg"}],"twitter_card":"summary_large_image","twitter_misc":{"Tiempo de lectura":"1 minuto"},"schema":{"@context":"https:\/\/schema.org","@graph":[{"@type":"WebPage","@id":"https:\/\/mont-roig.cat\/es\/accesibilidad-de-la-web\/","url":"https:\/\/mont-roig.cat\/es\/accesibilidad-de-la-web\/","name":"Accesibilidad de la web - Ajuntament de Mont-roig del Camp","isPartOf":{"@id":"https:\/\/mont-roig.cat\/es\/#website"},"datePublished":"2014-11-12T17:21:07+00:00","dateModified":"2015-12-18T16:44:04+00:00","breadcrumb":{"@id":"https:\/\/mont-roig.cat\/es\/accesibilidad-de-la-web\/#breadcrumb"},"inLanguage":"es","potentialAction":[{"@type":"ReadAction","target":["https:\/\/mont-roig.cat\/es\/accesibilidad-de-la-web\/"]}]},{"@type":"BreadcrumbList","@id":"https:\/\/mont-roig.cat\/es\/accesibilidad-de-la-web\/#breadcrumb","itemListElement":[{"@type":"ListItem","position":1,"name":"Inici","item":"https:\/\/mont-roig.cat\/es\/pagina-de-inicio\/"},{"@type":"ListItem","position":2,"name":"Accesibilidad de la web"}]},{"@type":"WebSite","@id":"https:\/\/mont-roig.cat\/es\/#website","url":"https:\/\/mont-roig.cat\/es\/","name":"Ajuntament de Mont-roig del Camp","description":"Tota la informaci\u00f3 sobre la instituci\u00f3, els seus \u00f2rgans de govern, actualitat, serveis i molt m\u00e9s.","potentialAction":[{"@type":"SearchAction","target":{"@type":"EntryPoint","urlTemplate":"https:\/\/mont-roig.cat\/es\/?s={search_term_string}"},"query-input":{"@type":"PropertyValueSpecification","valueRequired":true,"valueName":"search_term_string"}}],"inLanguage":"es"}]}},"_links":{"self":[{"href":"https:\/\/mont-roig.cat\/es\/wp-json\/wp\/v2\/pages\/4278","targetHints":{"allow":["GET"]}}],"collection":[{"href":"https:\/\/mont-roig.cat\/es\/wp-json\/wp\/v2\/pages"}],"about":[{"href":"https:\/\/mont-roig.cat\/es\/wp-json\/wp\/v2\/types\/page"}],"author":[{"embeddable":true,"href":"https:\/\/mont-roig.cat\/es\/wp-json\/wp\/v2\/users\/4"}],"replies":[{"embeddable":true,"href":"https:\/\/mont-roig.cat\/es\/wp-json\/wp\/v2\/comments?post=4278"}],"version-history":[{"count":0,"href":"https:\/\/mont-roig.cat\/es\/wp-json\/wp\/v2\/pages\/4278\/revisions"}],"wp:attachment":[{"href":"https:\/\/mont-roig.cat\/es\/wp-json\/wp\/v2\/media?parent=4278"}],"curies":[{"name":"wp","href":"https:\/\/api.w.org\/{rel}","templated":true}]}}

<div class="body">
<div>
<p>Conscientes de la importancia que están adquiriendo las nuevas tecnologías y la necesidad de que cualquier persona pueda disfrutar e interactuar con gran parte del contenido de los sitios web, el Ayuntamiento de Mont-roig del Camp está trabajando para que la web del consistorio sea accesible a personas con discapacidades.</p>
<p>En este sentido, se están siguiendo las recomendaciones que dicta la Web Accessibility Initiative (WAI), una iniciativa propuesta por el World Wide Web Consortium (W3C), la finalidad es fomentar y establecer unas pautas para guiar el diseño de las páginas web hacia un modelo accesible.</p>
<p>Así, el Ayuntamiento de Mont-roig del Camp ha establecido una serie de criterios para hacer la web lo más accesible posible y sigue desarrollando otros para poder superar todas las directrices de accesibilidad actuales y las que en un futuro se apliquen:</p>
<p>&#8211; Hojas de estilo para controlar la maquetación y la presentación<br />
&#8211; Elementos de encabezado para transmitir la estructura lógica de la página<br />
&#8211; Tamaño de letra ampliable<br />
&#8211; Textos alternativos a las imágenes<br />
&#8211; Adaptación de los diferentes navegadores<br />
&#8211; Metadatos para añadir información semántica</p>
</div>
</div>

<p>Conscientes de la importancia que están adquiriendo las nuevas tecnologías y la necesidad de que cualquier persona pueda disfrutar e interactuar con gran parte del contenido de los sitios web, el Ayuntamiento de Mont-roig del Camp está trabajando para que la web del consistorio sea accesible a personas con discapacidades. En este sentido, se están [&hellip;]</p>

<!-- This site is optimized with the Yoast SEO plugin v27.4 - https://yoast.com/product/yoast-seo-wordpress/ -->
<title>Accesibilidad de la web - Ajuntament de Mont-roig del Camp</title>
<meta name="robots" content="index, follow, max-snippet:-1, max-image-preview:large, max-video-preview:-1" />
<link rel="canonical" href="https://mont-roig.cat/es/accesibilidad-de-la-web/" />
<meta property="og:locale" content="es_ES" />
<meta property="og:type" content="article" />
<meta property="og:title" content="Accesibilidad de la web - Ajuntament de Mont-roig del Camp" />
<meta property="og:description" content="Conscientes de la importancia que están adquiriendo las nuevas tecnologías y la necesidad de que cualquier persona pueda disfrutar e interactuar con gran parte del contenido de los sitios web, el Ayuntamiento de Mont-roig del Camp está trabajando para que la web del consistorio sea accesible a personas con discapacidades. En este sentido, se están [&hellip;]" />
<meta property="og:url" content="https://mont-roig.cat/es/accesibilidad-de-la-web/" />
<meta property="og:site_name" content="Ajuntament de Mont-roig del Camp" />
<meta property="article:modified_time" content="2015-12-18T16:44:04+00:00" />
<meta property="og:image" content="https://mont-roig.cat/wp-content/uploads/aj-mont-roig-2.jpg" />
	<meta property="og:image:width" content="1200" />
	<meta property="og:image:height" content="600" />
	<meta property="og:image:type" content="image/jpeg" />
<meta name="twitter:card" content="summary_large_image" />
<meta name="twitter:label1" content="Tiempo de lectura" />
	<meta name="twitter:data1" content="1 minuto" />
<script type="application/ld+json" class="yoast-schema-graph">{"@context":"https:\/\/schema.org","@graph":[{"@type":"WebPage","@id":"https:\/\/mont-roig.cat\/es\/accesibilidad-de-la-web\/","url":"https:\/\/mont-roig.cat\/es\/accesibilidad-de-la-web\/","name":"Accesibilidad de la web - Ajuntament de Mont-roig del Camp","isPartOf":{"@id":"https:\/\/mont-roig.cat\/es\/#website"},"datePublished":"2014-11-12T17:21:07+00:00","dateModified":"2015-12-18T16:44:04+00:00","breadcrumb":{"@id":"https:\/\/mont-roig.cat\/es\/accesibilidad-de-la-web\/#breadcrumb"},"inLanguage":"es","potentialAction":[{"@type":"ReadAction","target":["https:\/\/mont-roig.cat\/es\/accesibilidad-de-la-web\/"]}]},{"@type":"BreadcrumbList","@id":"https:\/\/mont-roig.cat\/es\/accesibilidad-de-la-web\/#breadcrumb","itemListElement":[{"@type":"ListItem","position":1,"name":"Inici","item":"https:\/\/mont-roig.cat\/es\/pagina-de-inicio\/"},{"@type":"ListItem","position":2,"name":"Accesibilidad de la web"}]},{"@type":"WebSite","@id":"https:\/\/mont-roig.cat\/es\/#website","url":"https:\/\/mont-roig.cat\/es\/","name":"Ajuntament de Mont-roig del Camp","description":"Tota la informació sobre la institució, els seus òrgans de govern, actualitat, serveis i molt més.","potentialAction":[{"@type":"SearchAction","target":{"@type":"EntryPoint","urlTemplate":"https:\/\/mont-roig.cat\/es\/?s={search_term_string}"},"query-input":{"@type":"PropertyValueSpecification","valueRequired":true,"valueName":"search_term_string"}}],"inLanguage":"es"}]}</script>
<!-- / Yoast SEO plugin. -->

Conscientes de la importancia que están adquiriendo las nuevas tecnologías y la necesidad de que cualquier persona pueda disfrutar e interactuar con gran parte del contenido de los sitios web, el Ayuntamiento de Mont-roig del Camp está trabajando para que la web del consistorio sea accesible a personas con discapacidades. En este sentido, se están [&hellip;]

Tota la informació sobre la institució, els seus òrgans de govern, actualitat, serveis i molt més.
