{"id":4286,"date":"2015-03-06T09:49:48","date_gmt":"2015-03-06T09:49:48","guid":{"rendered":""},"modified":"2026-01-16T11:42:24","modified_gmt":"2026-01-16T10:42:24","slug":"centros-educativos","status":"publish","type":"page","link":"https:\/\/mont-roig.cat\/es\/ayuntamiento\/areas\/educacion\/centros-educativos\/","title":{"rendered":"Centros educativos"},"content":{"rendered":"<div class=\"wpb-content-wrapper\">[vc_row][vc_column][vc_column_text css=&#8221;&#8221;]\n<div class=\"body\">\n<p><a href=\"http:\/\/mont-roig.cat\/wp-content\/uploads\/zonificacio_escolar.pdf\" target=\"_blank\" rel=\"noopener noreferrer\"><img decoding=\"async\" class=\"requadre\" style=\"height: 430px; width: 300px; margin: 10px; float: right;\" title=\"Mapa escolar Mont-roig y Miami \" src=\"http:\/\/mont-roig.cat\/wp-content\/uploads\/Mapa_zonificacio.jpg\" alt=\"Mapa escolar Mont-roig y Miami \" \/><\/a><\/p>\n<p>En el municipio de Mont-roig del Camp hay siete centros docentes que imparten las diferentes ense\u00f1anzas incluidas en el sistema educativo:<\/p>\n<ul>\n<li>Guarder\u00eda municipal Mare de D\u00e9u de la Roca. Primer ciclo de educaci\u00f3n infantil<\/li>\n<li>Guarder\u00eda municipal Petete. Primer ciclo de educaci\u00f3n infantil.<\/li>\n<li>Escuela Mare de D\u00e9u de la Roca. Segundo ciclo de educaci\u00f3n infantil y educaci\u00f3n primaria.<\/li>\n<li>Escuela Joan Mir\u00f3. Segundo ciclo de educaci\u00f3n infantil y educaci\u00f3n primaria.<\/li>\n<li>Escuela Marcel\u00b7l\u00ed Esquius.\u00a0Segundo ciclo de educaci\u00f3n infantil y educaci\u00f3n primaria.<\/li>\n<li>Instituto Antoni Ballester Mont-roig. Educaci\u00f3n Secundaria Obligatoria (ESO), Bachillerato y Ciclos formativos de formaci\u00f3n profesional.<\/li>\n<li>Instituto Miami. Educaci\u00f3n Secundaria Obligatoria (ESO).<\/li>\n<\/ul>\n<div>\n<p><a href=\"http:\/\/mont-roig.cat\/wp-content\/uploads\/sistema_educatiu.pdf\" target=\"_blank\" rel=\"noopener noreferrer\">Sistema educativo Catalu\u00f1a<\/a><\/p>\n<p><a href=\"http:\/\/mont-roig.cat\/wp-content\/uploads\/zonificacio_escolar-1.pdf\" target=\"_blank\" rel=\"noopener noreferrer\">Zonificaci\u00f3n escolar Mont-roig y Miami Platja<\/a><\/p>\n<div><\/div>\n<\/div>\n<\/div>\n[\/vc_column_text][\/vc_column][\/vc_row]\n<\/div>","protected":false},"excerpt":{"rendered":"<p>[vc_row][vc_column][vc_column_text css=&#8221;&#8221;] En el municipio de Mont-roig del Camp hay siete centros docentes que imparten las diferentes ense\u00f1anzas incluidas en el sistema educativo: Guarder\u00eda municipal Mare de D\u00e9u de la Roca. Primer ciclo de educaci\u00f3n infantil Guarder\u00eda municipal Petete. Primer ciclo de educaci\u00f3n infantil. Escuela Mare de D\u00e9u de la Roca. Segundo ciclo de educaci\u00f3n [&hellip;]<\/p>\n","protected":false},"author":4,"featured_media":0,"parent":4285,"menu_order":0,"comment_status":"closed","ping_status":"closed","template":"","meta":{"inline_featured_image":false,"_monsterinsights_skip_tracking":false,"_monsterinsights_sitenote_active":false,"_monsterinsights_sitenote_note":"","_monsterinsights_sitenote_category":0,"footnotes":""},"class_list":["post-4286","page","type-page","status-publish","hentry"],"yoast_head":"<!-- This site is optimized with the Yoast SEO plugin v27.4 - https:\/\/yoast.com\/product\/yoast-seo-wordpress\/ -->\n<title>Centros educativos - Ajuntament de Mont-roig del Camp<\/title>\n<meta name=\"robots\" content=\"index, follow, max-snippet:-1, max-image-preview:large, max-video-preview:-1\" \/>\n<link rel=\"canonical\" href=\"https:\/\/mont-roig.cat\/es\/ayuntamiento\/areas\/educacion\/centros-educativos\/\" \/>\n<meta property=\"og:locale\" content=\"es_ES\" \/>\n<meta property=\"og:type\" content=\"article\" \/>\n<meta property=\"og:title\" content=\"Centros educativos - Ajuntament de Mont-roig del Camp\" \/>\n<meta property=\"og:description\" content=\"[vc_row][vc_column][vc_column_text css=&#8221;&#8221;] En el municipio de Mont-roig del Camp hay siete centros docentes que imparten las diferentes ense\u00f1anzas incluidas en el sistema educativo: Guarder\u00eda municipal Mare de D\u00e9u de la Roca. Primer ciclo de educaci\u00f3n infantil Guarder\u00eda municipal Petete. Primer ciclo de educaci\u00f3n infantil. Escuela Mare de D\u00e9u de la Roca. Segundo ciclo de educaci\u00f3n [&hellip;]\" \/>\n<meta property=\"og:url\" content=\"https:\/\/mont-roig.cat\/es\/ayuntamiento\/areas\/educacion\/centros-educativos\/\" \/>\n<meta property=\"og:site_name\" content=\"Ajuntament de Mont-roig del Camp\" \/>\n<meta property=\"article:modified_time\" content=\"2026-01-16T10:42:24+00:00\" \/>\n<meta property=\"og:image\" content=\"http:\/\/mont-roig.cat\/wp-content\/uploads\/Mapa_zonificacio.jpg\" \/>\n<meta name=\"twitter:card\" content=\"summary_large_image\" \/>\n<meta name=\"twitter:label1\" content=\"Tiempo de lectura\" \/>\n\t<meta name=\"twitter:data1\" content=\"1 minuto\" \/>\n<script type=\"application\/ld+json\" class=\"yoast-schema-graph\">{\"@context\":\"https:\\\/\\\/schema.org\",\"@graph\":[{\"@type\":\"WebPage\",\"@id\":\"https:\\\/\\\/mont-roig.cat\\\/es\\\/ayuntamiento\\\/areas\\\/educacion\\\/centros-educativos\\\/\",\"url\":\"https:\\\/\\\/mont-roig.cat\\\/es\\\/ayuntamiento\\\/areas\\\/educacion\\\/centros-educativos\\\/\",\"name\":\"Centros educativos - Ajuntament de Mont-roig del Camp\",\"isPartOf\":{\"@id\":\"https:\\\/\\\/mont-roig.cat\\\/es\\\/#website\"},\"primaryImageOfPage\":{\"@id\":\"https:\\\/\\\/mont-roig.cat\\\/es\\\/ayuntamiento\\\/areas\\\/educacion\\\/centros-educativos\\\/#primaryimage\"},\"image\":{\"@id\":\"https:\\\/\\\/mont-roig.cat\\\/es\\\/ayuntamiento\\\/areas\\\/educacion\\\/centros-educativos\\\/#primaryimage\"},\"thumbnailUrl\":\"http:\\\/\\\/mont-roig.cat\\\/wp-content\\\/uploads\\\/Mapa_zonificacio.jpg\",\"datePublished\":\"2015-03-06T09:49:48+00:00\",\"dateModified\":\"2026-01-16T10:42:24+00:00\",\"breadcrumb\":{\"@id\":\"https:\\\/\\\/mont-roig.cat\\\/es\\\/ayuntamiento\\\/areas\\\/educacion\\\/centros-educativos\\\/#breadcrumb\"},\"inLanguage\":\"es\",\"potentialAction\":[{\"@type\":\"ReadAction\",\"target\":[\"https:\\\/\\\/mont-roig.cat\\\/es\\\/ayuntamiento\\\/areas\\\/educacion\\\/centros-educativos\\\/\"]}]},{\"@type\":\"ImageObject\",\"inLanguage\":\"es\",\"@id\":\"https:\\\/\\\/mont-roig.cat\\\/es\\\/ayuntamiento\\\/areas\\\/educacion\\\/centros-educativos\\\/#primaryimage\",\"url\":\"http:\\\/\\\/mont-roig.cat\\\/wp-content\\\/uploads\\\/Mapa_zonificacio.jpg\",\"contentUrl\":\"http:\\\/\\\/mont-roig.cat\\\/wp-content\\\/uploads\\\/Mapa_zonificacio.jpg\"},{\"@type\":\"BreadcrumbList\",\"@id\":\"https:\\\/\\\/mont-roig.cat\\\/es\\\/ayuntamiento\\\/areas\\\/educacion\\\/centros-educativos\\\/#breadcrumb\",\"itemListElement\":[{\"@type\":\"ListItem\",\"position\":1,\"name\":\"Inici\",\"item\":\"https:\\\/\\\/mont-roig.cat\\\/es\\\/pagina-de-inicio\\\/\"},{\"@type\":\"ListItem\",\"position\":2,\"name\":\"Ayuntamiento\",\"item\":\"https:\\\/\\\/mont-roig.cat\\\/es\\\/ayuntamiento\\\/\"},{\"@type\":\"ListItem\",\"position\":3,\"name\":\"\u00c1reas\",\"item\":\"https:\\\/\\\/mont-roig.cat\\\/es\\\/ayuntamiento\\\/areas\\\/\"},{\"@type\":\"ListItem\",\"position\":4,\"name\":\"Educaci\u00f3n\",\"item\":\"https:\\\/\\\/mont-roig.cat\\\/es\\\/ayuntamiento\\\/areas\\\/educacion\\\/\"},{\"@type\":\"ListItem\",\"position\":5,\"name\":\"Centros educativos\"}]},{\"@type\":\"WebSite\",\"@id\":\"https:\\\/\\\/mont-roig.cat\\\/es\\\/#website\",\"url\":\"https:\\\/\\\/mont-roig.cat\\\/es\\\/\",\"name\":\"Ajuntament de Mont-roig del Camp\",\"description\":\"Tota la informaci\u00f3 sobre la instituci\u00f3, els seus \u00f2rgans de govern, actualitat, serveis i molt m\u00e9s.\",\"potentialAction\":[{\"@type\":\"SearchAction\",\"target\":{\"@type\":\"EntryPoint\",\"urlTemplate\":\"https:\\\/\\\/mont-roig.cat\\\/es\\\/?s={search_term_string}\"},\"query-input\":{\"@type\":\"PropertyValueSpecification\",\"valueRequired\":true,\"valueName\":\"search_term_string\"}}],\"inLanguage\":\"es\"}]}<\/script>\n<!-- \/ Yoast SEO plugin. -->","yoast_head_json":{"title":"Centros educativos - Ajuntament de Mont-roig del Camp","robots":{"index":"index","follow":"follow","max-snippet":"max-snippet:-1","max-image-preview":"max-image-preview:large","max-video-preview":"max-video-preview:-1"},"canonical":"https:\/\/mont-roig.cat\/es\/ayuntamiento\/areas\/educacion\/centros-educativos\/","og_locale":"es_ES","og_type":"article","og_title":"Centros educativos - Ajuntament de Mont-roig del Camp","og_description":"[vc_row][vc_column][vc_column_text css=&#8221;&#8221;] En el municipio de Mont-roig del Camp hay siete centros docentes que imparten las diferentes ense\u00f1anzas incluidas en el sistema educativo: Guarder\u00eda municipal Mare de D\u00e9u de la Roca. Primer ciclo de educaci\u00f3n infantil Guarder\u00eda municipal Petete. Primer ciclo de educaci\u00f3n infantil. Escuela Mare de D\u00e9u de la Roca. Segundo ciclo de educaci\u00f3n [&hellip;]","og_url":"https:\/\/mont-roig.cat\/es\/ayuntamiento\/areas\/educacion\/centros-educativos\/","og_site_name":"Ajuntament de Mont-roig del Camp","article_modified_time":"2026-01-16T10:42:24+00:00","og_image":[{"url":"http:\/\/mont-roig.cat\/wp-content\/uploads\/Mapa_zonificacio.jpg","type":"","width":"","height":""}],"twitter_card":"summary_large_image","twitter_misc":{"Tiempo de lectura":"1 minuto"},"schema":{"@context":"https:\/\/schema.org","@graph":[{"@type":"WebPage","@id":"https:\/\/mont-roig.cat\/es\/ayuntamiento\/areas\/educacion\/centros-educativos\/","url":"https:\/\/mont-roig.cat\/es\/ayuntamiento\/areas\/educacion\/centros-educativos\/","name":"Centros educativos - Ajuntament de Mont-roig del Camp","isPartOf":{"@id":"https:\/\/mont-roig.cat\/es\/#website"},"primaryImageOfPage":{"@id":"https:\/\/mont-roig.cat\/es\/ayuntamiento\/areas\/educacion\/centros-educativos\/#primaryimage"},"image":{"@id":"https:\/\/mont-roig.cat\/es\/ayuntamiento\/areas\/educacion\/centros-educativos\/#primaryimage"},"thumbnailUrl":"http:\/\/mont-roig.cat\/wp-content\/uploads\/Mapa_zonificacio.jpg","datePublished":"2015-03-06T09:49:48+00:00","dateModified":"2026-01-16T10:42:24+00:00","breadcrumb":{"@id":"https:\/\/mont-roig.cat\/es\/ayuntamiento\/areas\/educacion\/centros-educativos\/#breadcrumb"},"inLanguage":"es","potentialAction":[{"@type":"ReadAction","target":["https:\/\/mont-roig.cat\/es\/ayuntamiento\/areas\/educacion\/centros-educativos\/"]}]},{"@type":"ImageObject","inLanguage":"es","@id":"https:\/\/mont-roig.cat\/es\/ayuntamiento\/areas\/educacion\/centros-educativos\/#primaryimage","url":"http:\/\/mont-roig.cat\/wp-content\/uploads\/Mapa_zonificacio.jpg","contentUrl":"http:\/\/mont-roig.cat\/wp-content\/uploads\/Mapa_zonificacio.jpg"},{"@type":"BreadcrumbList","@id":"https:\/\/mont-roig.cat\/es\/ayuntamiento\/areas\/educacion\/centros-educativos\/#breadcrumb","itemListElement":[{"@type":"ListItem","position":1,"name":"Inici","item":"https:\/\/mont-roig.cat\/es\/pagina-de-inicio\/"},{"@type":"ListItem","position":2,"name":"Ayuntamiento","item":"https:\/\/mont-roig.cat\/es\/ayuntamiento\/"},{"@type":"ListItem","position":3,"name":"\u00c1reas","item":"https:\/\/mont-roig.cat\/es\/ayuntamiento\/areas\/"},{"@type":"ListItem","position":4,"name":"Educaci\u00f3n","item":"https:\/\/mont-roig.cat\/es\/ayuntamiento\/areas\/educacion\/"},{"@type":"ListItem","position":5,"name":"Centros educativos"}]},{"@type":"WebSite","@id":"https:\/\/mont-roig.cat\/es\/#website","url":"https:\/\/mont-roig.cat\/es\/","name":"Ajuntament de Mont-roig del Camp","description":"Tota la informaci\u00f3 sobre la instituci\u00f3, els seus \u00f2rgans de govern, actualitat, serveis i molt m\u00e9s.","potentialAction":[{"@type":"SearchAction","target":{"@type":"EntryPoint","urlTemplate":"https:\/\/mont-roig.cat\/es\/?s={search_term_string}"},"query-input":{"@type":"PropertyValueSpecification","valueRequired":true,"valueName":"search_term_string"}}],"inLanguage":"es"}]}},"_links":{"self":[{"href":"https:\/\/mont-roig.cat\/es\/wp-json\/wp\/v2\/pages\/4286","targetHints":{"allow":["GET"]}}],"collection":[{"href":"https:\/\/mont-roig.cat\/es\/wp-json\/wp\/v2\/pages"}],"about":[{"href":"https:\/\/mont-roig.cat\/es\/wp-json\/wp\/v2\/types\/page"}],"author":[{"embeddable":true,"href":"https:\/\/mont-roig.cat\/es\/wp-json\/wp\/v2\/users\/4"}],"replies":[{"embeddable":true,"href":"https:\/\/mont-roig.cat\/es\/wp-json\/wp\/v2\/comments?post=4286"}],"version-history":[{"count":5,"href":"https:\/\/mont-roig.cat\/es\/wp-json\/wp\/v2\/pages\/4286\/revisions"}],"predecessor-version":[{"id":88167,"href":"https:\/\/mont-roig.cat\/es\/wp-json\/wp\/v2\/pages\/4286\/revisions\/88167"}],"up":[{"embeddable":true,"href":"https:\/\/mont-roig.cat\/es\/wp-json\/wp\/v2\/pages\/4285"}],"wp:attachment":[{"href":"https:\/\/mont-roig.cat\/es\/wp-json\/wp\/v2\/media?parent=4286"}],"curies":[{"name":"wp","href":"https:\/\/api.w.org\/{rel}","templated":true}]}}

<div class="wpb-content-wrapper">[vc_row][vc_column][vc_column_text css=&#8221;&#8221;]
<div class="body">
<p><a href="http://mont-roig.cat/wp-content/uploads/zonificacio_escolar.pdf" target="_blank" rel="noopener noreferrer"><img decoding="async" class="requadre" style="height: 430px; width: 300px; margin: 10px; float: right;" title="Mapa escolar Mont-roig y Miami " src="http://mont-roig.cat/wp-content/uploads/Mapa_zonificacio.jpg" alt="Mapa escolar Mont-roig y Miami " /></a></p>
<p>En el municipio de Mont-roig del Camp hay siete centros docentes que imparten las diferentes enseñanzas incluidas en el sistema educativo:</p>
<ul>
<li>Guardería municipal Mare de Déu de la Roca. Primer ciclo de educación infantil</li>
<li>Guardería municipal Petete. Primer ciclo de educación infantil.</li>
<li>Escuela Mare de Déu de la Roca. Segundo ciclo de educación infantil y educación primaria.</li>
<li>Escuela Joan Miró. Segundo ciclo de educación infantil y educación primaria.</li>
<li>Escuela Marcel·lí Esquius. Segundo ciclo de educación infantil y educación primaria.</li>
<li>Instituto Antoni Ballester Mont-roig. Educación Secundaria Obligatoria (ESO), Bachillerato y Ciclos formativos de formación profesional.</li>
<li>Instituto Miami. Educación Secundaria Obligatoria (ESO).</li>
</ul>
<div>
<p><a href="http://mont-roig.cat/wp-content/uploads/sistema_educatiu.pdf" target="_blank" rel="noopener noreferrer">Sistema educativo Cataluña</a></p>
<p><a href="http://mont-roig.cat/wp-content/uploads/zonificacio_escolar-1.pdf" target="_blank" rel="noopener noreferrer">Zonificación escolar Mont-roig y Miami Platja</a></p>
<div></div>
</div>
</div>
[/vc_column_text][/vc_column][/vc_row]
</div>

<p>[vc_row][vc_column][vc_column_text css=&#8221;&#8221;] En el municipio de Mont-roig del Camp hay siete centros docentes que imparten las diferentes enseñanzas incluidas en el sistema educativo: Guardería municipal Mare de Déu de la Roca. Primer ciclo de educación infantil Guardería municipal Petete. Primer ciclo de educación infantil. Escuela Mare de Déu de la Roca. Segundo ciclo de educación [&hellip;]</p>

<!-- This site is optimized with the Yoast SEO plugin v27.4 - https://yoast.com/product/yoast-seo-wordpress/ -->
<title>Centros educativos - Ajuntament de Mont-roig del Camp</title>
<meta name="robots" content="index, follow, max-snippet:-1, max-image-preview:large, max-video-preview:-1" />
<link rel="canonical" href="https://mont-roig.cat/es/ayuntamiento/areas/educacion/centros-educativos/" />
<meta property="og:locale" content="es_ES" />
<meta property="og:type" content="article" />
<meta property="og:title" content="Centros educativos - Ajuntament de Mont-roig del Camp" />
<meta property="og:description" content="[vc_row][vc_column][vc_column_text css=&#8221;&#8221;] En el municipio de Mont-roig del Camp hay siete centros docentes que imparten las diferentes enseñanzas incluidas en el sistema educativo: Guardería municipal Mare de Déu de la Roca. Primer ciclo de educación infantil Guardería municipal Petete. Primer ciclo de educación infantil. Escuela Mare de Déu de la Roca. Segundo ciclo de educación [&hellip;]" />
<meta property="og:url" content="https://mont-roig.cat/es/ayuntamiento/areas/educacion/centros-educativos/" />
<meta property="og:site_name" content="Ajuntament de Mont-roig del Camp" />
<meta property="article:modified_time" content="2026-01-16T10:42:24+00:00" />
<meta property="og:image" content="http://mont-roig.cat/wp-content/uploads/Mapa_zonificacio.jpg" />
<meta name="twitter:card" content="summary_large_image" />
<meta name="twitter:label1" content="Tiempo de lectura" />
	<meta name="twitter:data1" content="1 minuto" />
<script type="application/ld+json" class="yoast-schema-graph">{"@context":"https:\/\/schema.org","@graph":[{"@type":"WebPage","@id":"https:\/\/mont-roig.cat\/es\/ayuntamiento\/areas\/educacion\/centros-educativos\/","url":"https:\/\/mont-roig.cat\/es\/ayuntamiento\/areas\/educacion\/centros-educativos\/","name":"Centros educativos - Ajuntament de Mont-roig del Camp","isPartOf":{"@id":"https:\/\/mont-roig.cat\/es\/#website"},"primaryImageOfPage":{"@id":"https:\/\/mont-roig.cat\/es\/ayuntamiento\/areas\/educacion\/centros-educativos\/#primaryimage"},"image":{"@id":"https:\/\/mont-roig.cat\/es\/ayuntamiento\/areas\/educacion\/centros-educativos\/#primaryimage"},"thumbnailUrl":"http:\/\/mont-roig.cat\/wp-content\/uploads\/Mapa_zonificacio.jpg","datePublished":"2015-03-06T09:49:48+00:00","dateModified":"2026-01-16T10:42:24+00:00","breadcrumb":{"@id":"https:\/\/mont-roig.cat\/es\/ayuntamiento\/areas\/educacion\/centros-educativos\/#breadcrumb"},"inLanguage":"es","potentialAction":[{"@type":"ReadAction","target":["https:\/\/mont-roig.cat\/es\/ayuntamiento\/areas\/educacion\/centros-educativos\/"]}]},{"@type":"ImageObject","inLanguage":"es","@id":"https:\/\/mont-roig.cat\/es\/ayuntamiento\/areas\/educacion\/centros-educativos\/#primaryimage","url":"http:\/\/mont-roig.cat\/wp-content\/uploads\/Mapa_zonificacio.jpg","contentUrl":"http:\/\/mont-roig.cat\/wp-content\/uploads\/Mapa_zonificacio.jpg"},{"@type":"BreadcrumbList","@id":"https:\/\/mont-roig.cat\/es\/ayuntamiento\/areas\/educacion\/centros-educativos\/#breadcrumb","itemListElement":[{"@type":"ListItem","position":1,"name":"Inici","item":"https:\/\/mont-roig.cat\/es\/pagina-de-inicio\/"},{"@type":"ListItem","position":2,"name":"Ayuntamiento","item":"https:\/\/mont-roig.cat\/es\/ayuntamiento\/"},{"@type":"ListItem","position":3,"name":"Áreas","item":"https:\/\/mont-roig.cat\/es\/ayuntamiento\/areas\/"},{"@type":"ListItem","position":4,"name":"Educación","item":"https:\/\/mont-roig.cat\/es\/ayuntamiento\/areas\/educacion\/"},{"@type":"ListItem","position":5,"name":"Centros educativos"}]},{"@type":"WebSite","@id":"https:\/\/mont-roig.cat\/es\/#website","url":"https:\/\/mont-roig.cat\/es\/","name":"Ajuntament de Mont-roig del Camp","description":"Tota la informació sobre la institució, els seus òrgans de govern, actualitat, serveis i molt més.","potentialAction":[{"@type":"SearchAction","target":{"@type":"EntryPoint","urlTemplate":"https:\/\/mont-roig.cat\/es\/?s={search_term_string}"},"query-input":{"@type":"PropertyValueSpecification","valueRequired":true,"valueName":"search_term_string"}}],"inLanguage":"es"}]}</script>
<!-- / Yoast SEO plugin. -->

[vc_row][vc_column][vc_column_text css=&#8221;&#8221;] En el municipio de Mont-roig del Camp hay siete centros docentes que imparten las diferentes enseñanzas incluidas en el sistema educativo: Guardería municipal Mare de Déu de la Roca. Primer ciclo de educación infantil Guardería municipal Petete. Primer ciclo de educación infantil. Escuela Mare de Déu de la Roca. Segundo ciclo de educación [&hellip;]

Áreas

Educación

Tota la informació sobre la institució, els seus òrgans de govern, actualitat, serveis i molt més.
