{"id":4319,"date":"2015-02-02T21:21:39","date_gmt":"2015-02-02T21:21:39","guid":{"rendered":""},"modified":"2026-02-18T09:48:27","modified_gmt":"2026-02-18T08:48:27","slug":"movilidad-y-transporte","status":"publish","type":"page","link":"https:\/\/mont-roig.cat\/es\/ayuntamiento\/areas\/movilidad-y-transporte\/","title":{"rendered":"Movilidad y transporte"},"content":{"rendered":"<div class=\"wpb-content-wrapper\">[vc_row][vc_column][vc_column_text css=&#8221;&#8221;]\n<div class=\"body\">\n<div>\n<h5>AUTOB\u00daS MUNICIPAL<\/h5>\n<p>El servicio se ofrece de lunes a viernes durante todo el a\u00f1o. Consulta la ruta y el horario:<\/p>\n<ul>\n<li><a href=\"https:\/\/mont-roig.cat\/wp-content\/uploads\/Horaris-bus-municipal-anada-i-tornada.pdf\" target=\"_blank\" rel=\"noopener\" data-wpel-link=\"internal\">Horario y paradas autob\u00fas municipal<\/a><\/li>\n<\/ul>\n<p><strong>AUTOB\u00daS<\/strong><\/p>\n<\/div>\n<div>\n<p>Autob\u00fas interurbano l\u00ednea\u00a0 r\u00e1pida Hospitalet de l\u2019Infant \u2013 Miami Platja \u2013 Reus<\/p>\n<p>Autob\u00fas interurbano l\u00ednea\u00a0 r\u00e1pida Hospitalet de l\u2019Infant \u2013 Miami Platja \u2013 Laboral\u2013 Tarragona<\/p>\n<p>Autob\u00fas interurbano l\u00ednea\u00a0\u00a0Hospitalet de l&#8217;Infant &#8211; Miami Platja- Cambrils &#8211; Reus<\/p>\n<p>Autob\u00fas interurbano l\u00ednea Hospitalet &#8211; Miami Platja- Cambrils Poble &#8211; Port Aventura &#8211; Salou &#8211; Aquopolis<\/p>\n<p>Autob\u00fas interurbano l\u00ednea Tivissa \u2013 Reus (per Vandellos, Masboquera, Masriudoms, Hospitalet de l\u2019Infant, Miami Platja, Cambrils)<\/p>\n<p>Autob\u00fas interurbano l\u00ednea\u00a0Tarragona \u2013 Cambrils \u2013 Mont-roig<\/p>\n<p>Autob\u00fas interurbano l\u00ednea\u00a0Pratdip &#8211; Mont-roig &#8211; Reus -Tarragona<\/p>\n<p>Autob\u00fas interurbano l\u00ednea\u00a0Zaragoza &#8211; Miami Platja<\/p>\n<p>Autob\u00fas interurbano l\u00ednea Andorra &#8211; Miami Platja &#8211; l&#8217;Hospitalet de l&#8217;Infant<\/p>\n<p>&nbsp;<\/p>\n<p><strong>M\u00e1s informaci\u00f3n:<\/strong><\/p>\n<p>Para consultar horarios y paradas visita\u00a0las p\u00e1ginas de las empresas que ofrecen los servicios:<\/p>\n<ul>\n<li><a href=\"http:\/\/www.autocarsplana.com\/\" target=\"_blank\" rel=\"noopener noreferrer\">Autocars Plana<\/a><\/li>\n<li><a href=\"http:\/\/www.igualadina.com\/index.php\" target=\"_blank\" rel=\"noopener noreferrer\">Hispano Igualadina<\/a><\/li>\n<li><a href=\"https:\/\/www.hife.es\/\" target=\"_blank\" rel=\"noopener noreferrer\">Hife<\/a><\/li>\n<li><a href=\"http:\/\/www.andorrabus.com\/index.php\" target=\"_blank\" rel=\"noopener noreferrer\">Grup Montmantell<\/a><\/li>\n<\/ul>\n<p>Observaci\u00f3n:<\/p>\n<p>Los horarios y rutas de los autobuses interurbanos que actualmente operan en el municipio y que ofrecen empresas externas est\u00e1n sujetos a cambios sin notificaci\u00f3n previa.<\/p>\n<\/div>\n<\/div>\n[\/vc_column_text][\/vc_column][\/vc_row]\n<\/div>","protected":false},"excerpt":{"rendered":"<p>[vc_row][vc_column][vc_column_text css=&#8221;&#8221;] AUTOB\u00daS MUNICIPAL El servicio se ofrece de lunes a viernes durante todo el a\u00f1o. Consulta la ruta y el horario: Horario y paradas autob\u00fas municipal AUTOB\u00daS Autob\u00fas interurbano l\u00ednea\u00a0 r\u00e1pida Hospitalet de l\u2019Infant \u2013 Miami Platja \u2013 Reus Autob\u00fas interurbano l\u00ednea\u00a0 r\u00e1pida Hospitalet de l\u2019Infant \u2013 Miami Platja \u2013 Laboral\u2013 Tarragona Autob\u00fas interurbano [&hellip;]<\/p>\n","protected":false},"author":4,"featured_media":0,"parent":4248,"menu_order":0,"comment_status":"closed","ping_status":"closed","template":"","meta":{"inline_featured_image":false,"_monsterinsights_skip_tracking":false,"_monsterinsights_sitenote_active":false,"_monsterinsights_sitenote_note":"","_monsterinsights_sitenote_category":0,"footnotes":""},"class_list":["post-4319","page","type-page","status-publish","hentry"],"yoast_head":"<!-- This site is optimized with the Yoast SEO plugin v27.4 - https:\/\/yoast.com\/product\/yoast-seo-wordpress\/ -->\n<title>Movilidad y transporte - Ajuntament de Mont-roig del Camp<\/title>\n<meta name=\"robots\" content=\"index, follow, max-snippet:-1, max-image-preview:large, max-video-preview:-1\" \/>\n<link rel=\"canonical\" href=\"https:\/\/mont-roig.cat\/es\/ayuntamiento\/areas\/movilidad-y-transporte\/\" \/>\n<meta property=\"og:locale\" content=\"es_ES\" \/>\n<meta property=\"og:type\" content=\"article\" \/>\n<meta property=\"og:title\" content=\"Movilidad y transporte - Ajuntament de Mont-roig del Camp\" \/>\n<meta property=\"og:description\" content=\"[vc_row][vc_column][vc_column_text css=&#8221;&#8221;] AUTOB\u00daS MUNICIPAL El servicio se ofrece de lunes a viernes durante todo el a\u00f1o. Consulta la ruta y el horario: Horario y paradas autob\u00fas municipal AUTOB\u00daS Autob\u00fas interurbano l\u00ednea\u00a0 r\u00e1pida Hospitalet de l\u2019Infant \u2013 Miami Platja \u2013 Reus Autob\u00fas interurbano l\u00ednea\u00a0 r\u00e1pida Hospitalet de l\u2019Infant \u2013 Miami Platja \u2013 Laboral\u2013 Tarragona Autob\u00fas interurbano [&hellip;]\" \/>\n<meta property=\"og:url\" content=\"https:\/\/mont-roig.cat\/es\/ayuntamiento\/areas\/movilidad-y-transporte\/\" \/>\n<meta property=\"og:site_name\" content=\"Ajuntament de Mont-roig del Camp\" \/>\n<meta property=\"article:modified_time\" content=\"2026-02-18T08:48:27+00:00\" \/>\n<meta property=\"og:image\" content=\"https:\/\/mont-roig.cat\/wp-content\/uploads\/aj-mont-roig-2.jpg\" \/>\n\t<meta property=\"og:image:width\" content=\"1200\" \/>\n\t<meta property=\"og:image:height\" content=\"600\" \/>\n\t<meta property=\"og:image:type\" content=\"image\/jpeg\" \/>\n<meta name=\"twitter:card\" content=\"summary_large_image\" \/>\n<meta name=\"twitter:label1\" content=\"Tiempo de lectura\" \/>\n\t<meta name=\"twitter:data1\" content=\"1 minuto\" \/>\n<script type=\"application\/ld+json\" class=\"yoast-schema-graph\">{\"@context\":\"https:\\\/\\\/schema.org\",\"@graph\":[{\"@type\":\"WebPage\",\"@id\":\"https:\\\/\\\/mont-roig.cat\\\/es\\\/ayuntamiento\\\/areas\\\/movilidad-y-transporte\\\/\",\"url\":\"https:\\\/\\\/mont-roig.cat\\\/es\\\/ayuntamiento\\\/areas\\\/movilidad-y-transporte\\\/\",\"name\":\"Movilidad y transporte - Ajuntament de Mont-roig del Camp\",\"isPartOf\":{\"@id\":\"https:\\\/\\\/mont-roig.cat\\\/es\\\/#website\"},\"datePublished\":\"2015-02-02T21:21:39+00:00\",\"dateModified\":\"2026-02-18T08:48:27+00:00\",\"breadcrumb\":{\"@id\":\"https:\\\/\\\/mont-roig.cat\\\/es\\\/ayuntamiento\\\/areas\\\/movilidad-y-transporte\\\/#breadcrumb\"},\"inLanguage\":\"es\",\"potentialAction\":[{\"@type\":\"ReadAction\",\"target\":[\"https:\\\/\\\/mont-roig.cat\\\/es\\\/ayuntamiento\\\/areas\\\/movilidad-y-transporte\\\/\"]}]},{\"@type\":\"BreadcrumbList\",\"@id\":\"https:\\\/\\\/mont-roig.cat\\\/es\\\/ayuntamiento\\\/areas\\\/movilidad-y-transporte\\\/#breadcrumb\",\"itemListElement\":[{\"@type\":\"ListItem\",\"position\":1,\"name\":\"Inici\",\"item\":\"https:\\\/\\\/mont-roig.cat\\\/es\\\/pagina-de-inicio\\\/\"},{\"@type\":\"ListItem\",\"position\":2,\"name\":\"Ayuntamiento\",\"item\":\"https:\\\/\\\/mont-roig.cat\\\/es\\\/ayuntamiento\\\/\"},{\"@type\":\"ListItem\",\"position\":3,\"name\":\"\u00c1reas\",\"item\":\"https:\\\/\\\/mont-roig.cat\\\/es\\\/ayuntamiento\\\/areas\\\/\"},{\"@type\":\"ListItem\",\"position\":4,\"name\":\"Movilidad y transporte\"}]},{\"@type\":\"WebSite\",\"@id\":\"https:\\\/\\\/mont-roig.cat\\\/es\\\/#website\",\"url\":\"https:\\\/\\\/mont-roig.cat\\\/es\\\/\",\"name\":\"Ajuntament de Mont-roig del Camp\",\"description\":\"Tota la informaci\u00f3 sobre la instituci\u00f3, els seus \u00f2rgans de govern, actualitat, serveis i molt m\u00e9s.\",\"potentialAction\":[{\"@type\":\"SearchAction\",\"target\":{\"@type\":\"EntryPoint\",\"urlTemplate\":\"https:\\\/\\\/mont-roig.cat\\\/es\\\/?s={search_term_string}\"},\"query-input\":{\"@type\":\"PropertyValueSpecification\",\"valueRequired\":true,\"valueName\":\"search_term_string\"}}],\"inLanguage\":\"es\"}]}<\/script>\n<!-- \/ Yoast SEO plugin. -->","yoast_head_json":{"title":"Movilidad y transporte - Ajuntament de Mont-roig del Camp","robots":{"index":"index","follow":"follow","max-snippet":"max-snippet:-1","max-image-preview":"max-image-preview:large","max-video-preview":"max-video-preview:-1"},"canonical":"https:\/\/mont-roig.cat\/es\/ayuntamiento\/areas\/movilidad-y-transporte\/","og_locale":"es_ES","og_type":"article","og_title":"Movilidad y transporte - Ajuntament de Mont-roig del Camp","og_description":"[vc_row][vc_column][vc_column_text css=&#8221;&#8221;] AUTOB\u00daS MUNICIPAL El servicio se ofrece de lunes a viernes durante todo el a\u00f1o. Consulta la ruta y el horario: Horario y paradas autob\u00fas municipal AUTOB\u00daS Autob\u00fas interurbano l\u00ednea\u00a0 r\u00e1pida Hospitalet de l\u2019Infant \u2013 Miami Platja \u2013 Reus Autob\u00fas interurbano l\u00ednea\u00a0 r\u00e1pida Hospitalet de l\u2019Infant \u2013 Miami Platja \u2013 Laboral\u2013 Tarragona Autob\u00fas interurbano [&hellip;]","og_url":"https:\/\/mont-roig.cat\/es\/ayuntamiento\/areas\/movilidad-y-transporte\/","og_site_name":"Ajuntament de Mont-roig del Camp","article_modified_time":"2026-02-18T08:48:27+00:00","og_image":[{"width":1200,"height":600,"url":"https:\/\/mont-roig.cat\/wp-content\/uploads\/aj-mont-roig-2.jpg","type":"image\/jpeg"}],"twitter_card":"summary_large_image","twitter_misc":{"Tiempo de lectura":"1 minuto"},"schema":{"@context":"https:\/\/schema.org","@graph":[{"@type":"WebPage","@id":"https:\/\/mont-roig.cat\/es\/ayuntamiento\/areas\/movilidad-y-transporte\/","url":"https:\/\/mont-roig.cat\/es\/ayuntamiento\/areas\/movilidad-y-transporte\/","name":"Movilidad y transporte - Ajuntament de Mont-roig del Camp","isPartOf":{"@id":"https:\/\/mont-roig.cat\/es\/#website"},"datePublished":"2015-02-02T21:21:39+00:00","dateModified":"2026-02-18T08:48:27+00:00","breadcrumb":{"@id":"https:\/\/mont-roig.cat\/es\/ayuntamiento\/areas\/movilidad-y-transporte\/#breadcrumb"},"inLanguage":"es","potentialAction":[{"@type":"ReadAction","target":["https:\/\/mont-roig.cat\/es\/ayuntamiento\/areas\/movilidad-y-transporte\/"]}]},{"@type":"BreadcrumbList","@id":"https:\/\/mont-roig.cat\/es\/ayuntamiento\/areas\/movilidad-y-transporte\/#breadcrumb","itemListElement":[{"@type":"ListItem","position":1,"name":"Inici","item":"https:\/\/mont-roig.cat\/es\/pagina-de-inicio\/"},{"@type":"ListItem","position":2,"name":"Ayuntamiento","item":"https:\/\/mont-roig.cat\/es\/ayuntamiento\/"},{"@type":"ListItem","position":3,"name":"\u00c1reas","item":"https:\/\/mont-roig.cat\/es\/ayuntamiento\/areas\/"},{"@type":"ListItem","position":4,"name":"Movilidad y transporte"}]},{"@type":"WebSite","@id":"https:\/\/mont-roig.cat\/es\/#website","url":"https:\/\/mont-roig.cat\/es\/","name":"Ajuntament de Mont-roig del Camp","description":"Tota la informaci\u00f3 sobre la instituci\u00f3, els seus \u00f2rgans de govern, actualitat, serveis i molt m\u00e9s.","potentialAction":[{"@type":"SearchAction","target":{"@type":"EntryPoint","urlTemplate":"https:\/\/mont-roig.cat\/es\/?s={search_term_string}"},"query-input":{"@type":"PropertyValueSpecification","valueRequired":true,"valueName":"search_term_string"}}],"inLanguage":"es"}]}},"_links":{"self":[{"href":"https:\/\/mont-roig.cat\/es\/wp-json\/wp\/v2\/pages\/4319","targetHints":{"allow":["GET"]}}],"collection":[{"href":"https:\/\/mont-roig.cat\/es\/wp-json\/wp\/v2\/pages"}],"about":[{"href":"https:\/\/mont-roig.cat\/es\/wp-json\/wp\/v2\/types\/page"}],"author":[{"embeddable":true,"href":"https:\/\/mont-roig.cat\/es\/wp-json\/wp\/v2\/users\/4"}],"replies":[{"embeddable":true,"href":"https:\/\/mont-roig.cat\/es\/wp-json\/wp\/v2\/comments?post=4319"}],"version-history":[{"count":13,"href":"https:\/\/mont-roig.cat\/es\/wp-json\/wp\/v2\/pages\/4319\/revisions"}],"predecessor-version":[{"id":89142,"href":"https:\/\/mont-roig.cat\/es\/wp-json\/wp\/v2\/pages\/4319\/revisions\/89142"}],"up":[{"embeddable":true,"href":"https:\/\/mont-roig.cat\/es\/wp-json\/wp\/v2\/pages\/4248"}],"wp:attachment":[{"href":"https:\/\/mont-roig.cat\/es\/wp-json\/wp\/v2\/media?parent=4319"}],"curies":[{"name":"wp","href":"https:\/\/api.w.org\/{rel}","templated":true}]}}

<div class="wpb-content-wrapper">[vc_row][vc_column][vc_column_text css=&#8221;&#8221;]
<div class="body">
<div>
<h5>AUTOBÚS MUNICIPAL</h5>
<p>El servicio se ofrece de lunes a viernes durante todo el año. Consulta la ruta y el horario:</p>
<ul>
<li><a href="https://mont-roig.cat/wp-content/uploads/Horaris-bus-municipal-anada-i-tornada.pdf" target="_blank" rel="noopener" data-wpel-link="internal">Horario y paradas autobús municipal</a></li>
</ul>
<p><strong>AUTOBÚS</strong></p>
</div>
<div>
<p>Autobús interurbano línea  rápida Hospitalet de l’Infant – Miami Platja – Reus</p>
<p>Autobús interurbano línea  rápida Hospitalet de l’Infant – Miami Platja – Laboral– Tarragona</p>
<p>Autobús interurbano línea  Hospitalet de l&#8217;Infant &#8211; Miami Platja- Cambrils &#8211; Reus</p>
<p>Autobús interurbano línea Hospitalet &#8211; Miami Platja- Cambrils Poble &#8211; Port Aventura &#8211; Salou &#8211; Aquopolis</p>
<p>Autobús interurbano línea Tivissa – Reus (per Vandellos, Masboquera, Masriudoms, Hospitalet de l’Infant, Miami Platja, Cambrils)</p>
<p>Autobús interurbano línea Tarragona – Cambrils – Mont-roig</p>
<p>Autobús interurbano línea Pratdip &#8211; Mont-roig &#8211; Reus -Tarragona</p>
<p>Autobús interurbano línea Zaragoza &#8211; Miami Platja</p>
<p>Autobús interurbano línea Andorra &#8211; Miami Platja &#8211; l&#8217;Hospitalet de l&#8217;Infant</p>
<p>&nbsp;</p>
<p><strong>Más información:</strong></p>
<p>Para consultar horarios y paradas visita las páginas de las empresas que ofrecen los servicios:</p>
<ul>
<li><a href="http://www.autocarsplana.com/" target="_blank" rel="noopener noreferrer">Autocars Plana</a></li>
<li><a href="http://www.igualadina.com/index.php" target="_blank" rel="noopener noreferrer">Hispano Igualadina</a></li>
<li><a href="https://www.hife.es/" target="_blank" rel="noopener noreferrer">Hife</a></li>
<li><a href="http://www.andorrabus.com/index.php" target="_blank" rel="noopener noreferrer">Grup Montmantell</a></li>
</ul>
<p>Observación:</p>
<p>Los horarios y rutas de los autobuses interurbanos que actualmente operan en el municipio y que ofrecen empresas externas están sujetos a cambios sin notificación previa.</p>
</div>
</div>
[/vc_column_text][/vc_column][/vc_row]
</div>

<p>[vc_row][vc_column][vc_column_text css=&#8221;&#8221;] AUTOBÚS MUNICIPAL El servicio se ofrece de lunes a viernes durante todo el año. Consulta la ruta y el horario: Horario y paradas autobús municipal AUTOBÚS Autobús interurbano línea  rápida Hospitalet de l’Infant – Miami Platja – Reus Autobús interurbano línea  rápida Hospitalet de l’Infant – Miami Platja – Laboral– Tarragona Autobús interurbano [&hellip;]</p>

<!-- This site is optimized with the Yoast SEO plugin v27.4 - https://yoast.com/product/yoast-seo-wordpress/ -->
<title>Movilidad y transporte - Ajuntament de Mont-roig del Camp</title>
<meta name="robots" content="index, follow, max-snippet:-1, max-image-preview:large, max-video-preview:-1" />
<link rel="canonical" href="https://mont-roig.cat/es/ayuntamiento/areas/movilidad-y-transporte/" />
<meta property="og:locale" content="es_ES" />
<meta property="og:type" content="article" />
<meta property="og:title" content="Movilidad y transporte - Ajuntament de Mont-roig del Camp" />
<meta property="og:description" content="[vc_row][vc_column][vc_column_text css=&#8221;&#8221;] AUTOBÚS MUNICIPAL El servicio se ofrece de lunes a viernes durante todo el año. Consulta la ruta y el horario: Horario y paradas autobús municipal AUTOBÚS Autobús interurbano línea  rápida Hospitalet de l’Infant – Miami Platja – Reus Autobús interurbano línea  rápida Hospitalet de l’Infant – Miami Platja – Laboral– Tarragona Autobús interurbano [&hellip;]" />
<meta property="og:url" content="https://mont-roig.cat/es/ayuntamiento/areas/movilidad-y-transporte/" />
<meta property="og:site_name" content="Ajuntament de Mont-roig del Camp" />
<meta property="article:modified_time" content="2026-02-18T08:48:27+00:00" />
<meta property="og:image" content="https://mont-roig.cat/wp-content/uploads/aj-mont-roig-2.jpg" />
	<meta property="og:image:width" content="1200" />
	<meta property="og:image:height" content="600" />
	<meta property="og:image:type" content="image/jpeg" />
<meta name="twitter:card" content="summary_large_image" />
<meta name="twitter:label1" content="Tiempo de lectura" />
	<meta name="twitter:data1" content="1 minuto" />
<script type="application/ld+json" class="yoast-schema-graph">{"@context":"https:\/\/schema.org","@graph":[{"@type":"WebPage","@id":"https:\/\/mont-roig.cat\/es\/ayuntamiento\/areas\/movilidad-y-transporte\/","url":"https:\/\/mont-roig.cat\/es\/ayuntamiento\/areas\/movilidad-y-transporte\/","name":"Movilidad y transporte - Ajuntament de Mont-roig del Camp","isPartOf":{"@id":"https:\/\/mont-roig.cat\/es\/#website"},"datePublished":"2015-02-02T21:21:39+00:00","dateModified":"2026-02-18T08:48:27+00:00","breadcrumb":{"@id":"https:\/\/mont-roig.cat\/es\/ayuntamiento\/areas\/movilidad-y-transporte\/#breadcrumb"},"inLanguage":"es","potentialAction":[{"@type":"ReadAction","target":["https:\/\/mont-roig.cat\/es\/ayuntamiento\/areas\/movilidad-y-transporte\/"]}]},{"@type":"BreadcrumbList","@id":"https:\/\/mont-roig.cat\/es\/ayuntamiento\/areas\/movilidad-y-transporte\/#breadcrumb","itemListElement":[{"@type":"ListItem","position":1,"name":"Inici","item":"https:\/\/mont-roig.cat\/es\/pagina-de-inicio\/"},{"@type":"ListItem","position":2,"name":"Ayuntamiento","item":"https:\/\/mont-roig.cat\/es\/ayuntamiento\/"},{"@type":"ListItem","position":3,"name":"Áreas","item":"https:\/\/mont-roig.cat\/es\/ayuntamiento\/areas\/"},{"@type":"ListItem","position":4,"name":"Movilidad y transporte"}]},{"@type":"WebSite","@id":"https:\/\/mont-roig.cat\/es\/#website","url":"https:\/\/mont-roig.cat\/es\/","name":"Ajuntament de Mont-roig del Camp","description":"Tota la informació sobre la institució, els seus òrgans de govern, actualitat, serveis i molt més.","potentialAction":[{"@type":"SearchAction","target":{"@type":"EntryPoint","urlTemplate":"https:\/\/mont-roig.cat\/es\/?s={search_term_string}"},"query-input":{"@type":"PropertyValueSpecification","valueRequired":true,"valueName":"search_term_string"}}],"inLanguage":"es"}]}</script>
<!-- / Yoast SEO plugin. -->

[vc_row][vc_column][vc_column_text css=&#8221;&#8221;] AUTOBÚS MUNICIPAL El servicio se ofrece de lunes a viernes durante todo el año. Consulta la ruta y el horario: Horario y paradas autobús municipal AUTOBÚS Autobús interurbano línea  rápida Hospitalet de l’Infant – Miami Platja – Reus Autobús interurbano línea  rápida Hospitalet de l’Infant – Miami Platja – Laboral– Tarragona Autobús interurbano [&hellip;]

Áreas

Tota la informació sobre la institució, els seus òrgans de govern, actualitat, serveis i molt més.
