{"id":4320,"date":"2015-02-02T21:22:29","date_gmt":"2015-02-02T20:22:29","guid":{"rendered":""},"modified":"2025-05-22T14:10:56","modified_gmt":"2025-05-22T12:10:56","slug":"impulso-economico-y-ocupacion","status":"publish","type":"page","link":"https:\/\/mont-roig.cat\/es\/ayuntamiento\/areas\/impulso-economico-y-ocupacion\/","title":{"rendered":"Impulso Econ\u00f3mico y Ocupaci\u00f3n"},"content":{"rendered":"<div class=\"wpb-content-wrapper\">[vc_row][vc_column][vc_column_text css=&#8221;&#8221;]En el Ayuntamiento de Mont-roig del Camp trabajamos para <strong>impulsar la econom\u00eda local y favorecer la ocupaci\u00f3n en el municipio<\/strong>. Creemos en el potencial de nuestro territorio y en la capacidad de las<strong> personas y empresas<\/strong> para crecer y generar nuevas oportunidades. Por eso, ponemos a tu disposici\u00f3n recursos, asesoramiento e iniciativas destinadas a <strong>fomentar el emprendimiento, la inserci\u00f3n laboral y el desarrollo del tejido comercial y empresarial<\/strong>.<\/p>\n<p>Desde el \u00c1rea de Impulso Econ\u00f3mico y Empleo, ofrecemos apoyo tanto a las personas en edad de trabajar (aproximadamente entre los 16 y 65 a\u00f1os) como a las empresas, desde aut\u00f3nomos hasta grandes compa\u00f1\u00edas con presencia en nuestro territorio.<\/p>\n<p>Nuestros servicios incluyen:<\/p>\n<p>\u2022 <strong>Bolsa de Trabajo Municipal y Club de Empleo<\/strong>: Conectamos talento y oportunidades laborales.<br \/>\n\u2022 <strong>Apoyo al tejido comercial y empresarial<\/strong>: ayudamos a fortalecer y dinamizar negocios locales.<br \/>\n\u2022 <strong>Promoci\u00f3n del suelo industrial<\/strong>: Fomentamos el crecimiento empresarial.<br \/>\n\u2022 <strong>Asesoramiento para emprendedores<\/strong>: Acompa\u00f1amos en la creaci\u00f3n y consolidaci\u00f3n de negocios.<br \/>\n\u2022 <strong>Formaci\u00f3n especializada<\/strong>: Ofrecemos cursos y c\u00e1psulas formativas, especialmente para personas en paro.<\/p>\n<p>\u00c1REA DE IMPULSO ECON\u00d3MICO Y EMPLEO \u2013 Ayuntamiento de Mont-roig del Camp<br \/>\nECOESPAI<br \/>\nPl. de Gerona, s\/n<br \/>\n43892 Miami Playa<br \/>\nTel 977 17 25 27 \u2013 promocio@mont-roig.cat<br \/>\nHorario de atenci\u00f3n: De lunes a viernes, de 9 a 14 h[\/vc_column_text][\/vc_column][\/vc_row]\n<\/div>","protected":false},"excerpt":{"rendered":"<p>[vc_row][vc_column][vc_column_text css=&#8221;&#8221;]En el Ayuntamiento de Mont-roig del Camp trabajamos para impulsar la econom\u00eda local y favorecer la ocupaci\u00f3n en el municipio. Creemos en el potencial de nuestro territorio y en la capacidad de las personas y empresas para crecer y generar nuevas oportunidades. Por eso, ponemos a tu disposici\u00f3n recursos, asesoramiento e iniciativas destinadas a [&hellip;]<\/p>\n","protected":false},"author":4,"featured_media":0,"parent":4248,"menu_order":0,"comment_status":"closed","ping_status":"closed","template":"","meta":{"inline_featured_image":false,"_monsterinsights_skip_tracking":false,"_monsterinsights_sitenote_active":false,"_monsterinsights_sitenote_note":"","_monsterinsights_sitenote_category":0,"footnotes":""},"class_list":["post-4320","page","type-page","status-publish","hentry"],"yoast_head":"<!-- This site is optimized with the Yoast SEO plugin v27.4 - https:\/\/yoast.com\/product\/yoast-seo-wordpress\/ -->\n<title>Impulso Econ\u00f3mico y Ocupaci\u00f3n - Ajuntament de Mont-roig del Camp<\/title>\n<meta name=\"robots\" content=\"index, follow, max-snippet:-1, max-image-preview:large, max-video-preview:-1\" \/>\n<link rel=\"canonical\" href=\"https:\/\/mont-roig.cat\/es\/ayuntamiento\/areas\/impulso-economico-y-ocupacion\/\" \/>\n<meta property=\"og:locale\" content=\"es_ES\" \/>\n<meta property=\"og:type\" content=\"article\" \/>\n<meta property=\"og:title\" content=\"Impulso Econ\u00f3mico y Ocupaci\u00f3n - Ajuntament de Mont-roig del Camp\" \/>\n<meta property=\"og:description\" content=\"[vc_row][vc_column][vc_column_text css=&#8221;&#8221;]En el Ayuntamiento de Mont-roig del Camp trabajamos para impulsar la econom\u00eda local y favorecer la ocupaci\u00f3n en el municipio. Creemos en el potencial de nuestro territorio y en la capacidad de las personas y empresas para crecer y generar nuevas oportunidades. Por eso, ponemos a tu disposici\u00f3n recursos, asesoramiento e iniciativas destinadas a [&hellip;]\" \/>\n<meta property=\"og:url\" content=\"https:\/\/mont-roig.cat\/es\/ayuntamiento\/areas\/impulso-economico-y-ocupacion\/\" \/>\n<meta property=\"og:site_name\" content=\"Ajuntament de Mont-roig del Camp\" \/>\n<meta property=\"article:modified_time\" content=\"2025-05-22T12:10:56+00:00\" \/>\n<meta property=\"og:image\" content=\"https:\/\/mont-roig.cat\/wp-content\/uploads\/aj-mont-roig-2.jpg\" \/>\n\t<meta property=\"og:image:width\" content=\"1200\" \/>\n\t<meta property=\"og:image:height\" content=\"600\" \/>\n\t<meta property=\"og:image:type\" content=\"image\/jpeg\" \/>\n<meta name=\"twitter:card\" content=\"summary_large_image\" \/>\n<meta name=\"twitter:label1\" content=\"Tiempo de lectura\" \/>\n\t<meta name=\"twitter:data1\" content=\"2 minutos\" \/>\n<script type=\"application\/ld+json\" class=\"yoast-schema-graph\">{\"@context\":\"https:\\\/\\\/schema.org\",\"@graph\":[{\"@type\":\"WebPage\",\"@id\":\"https:\\\/\\\/mont-roig.cat\\\/es\\\/ayuntamiento\\\/areas\\\/impulso-economico-y-ocupacion\\\/\",\"url\":\"https:\\\/\\\/mont-roig.cat\\\/es\\\/ayuntamiento\\\/areas\\\/impulso-economico-y-ocupacion\\\/\",\"name\":\"Impulso Econ\u00f3mico y Ocupaci\u00f3n - Ajuntament de Mont-roig del Camp\",\"isPartOf\":{\"@id\":\"https:\\\/\\\/mont-roig.cat\\\/es\\\/#website\"},\"datePublished\":\"2015-02-02T20:22:29+00:00\",\"dateModified\":\"2025-05-22T12:10:56+00:00\",\"breadcrumb\":{\"@id\":\"https:\\\/\\\/mont-roig.cat\\\/es\\\/ayuntamiento\\\/areas\\\/impulso-economico-y-ocupacion\\\/#breadcrumb\"},\"inLanguage\":\"es\",\"potentialAction\":[{\"@type\":\"ReadAction\",\"target\":[\"https:\\\/\\\/mont-roig.cat\\\/es\\\/ayuntamiento\\\/areas\\\/impulso-economico-y-ocupacion\\\/\"]}]},{\"@type\":\"BreadcrumbList\",\"@id\":\"https:\\\/\\\/mont-roig.cat\\\/es\\\/ayuntamiento\\\/areas\\\/impulso-economico-y-ocupacion\\\/#breadcrumb\",\"itemListElement\":[{\"@type\":\"ListItem\",\"position\":1,\"name\":\"Inici\",\"item\":\"https:\\\/\\\/mont-roig.cat\\\/es\\\/pagina-de-inicio\\\/\"},{\"@type\":\"ListItem\",\"position\":2,\"name\":\"Ayuntamiento\",\"item\":\"https:\\\/\\\/mont-roig.cat\\\/es\\\/ayuntamiento\\\/\"},{\"@type\":\"ListItem\",\"position\":3,\"name\":\"\u00c1reas\",\"item\":\"https:\\\/\\\/mont-roig.cat\\\/es\\\/ayuntamiento\\\/areas\\\/\"},{\"@type\":\"ListItem\",\"position\":4,\"name\":\"Impulso Econ\u00f3mico y Ocupaci\u00f3n\"}]},{\"@type\":\"WebSite\",\"@id\":\"https:\\\/\\\/mont-roig.cat\\\/es\\\/#website\",\"url\":\"https:\\\/\\\/mont-roig.cat\\\/es\\\/\",\"name\":\"Ajuntament de Mont-roig del Camp\",\"description\":\"Tota la informaci\u00f3 sobre la instituci\u00f3, els seus \u00f2rgans de govern, actualitat, serveis i molt m\u00e9s.\",\"potentialAction\":[{\"@type\":\"SearchAction\",\"target\":{\"@type\":\"EntryPoint\",\"urlTemplate\":\"https:\\\/\\\/mont-roig.cat\\\/es\\\/?s={search_term_string}\"},\"query-input\":{\"@type\":\"PropertyValueSpecification\",\"valueRequired\":true,\"valueName\":\"search_term_string\"}}],\"inLanguage\":\"es\"}]}<\/script>\n<!-- \/ Yoast SEO plugin. -->","yoast_head_json":{"title":"Impulso Econ\u00f3mico y Ocupaci\u00f3n - Ajuntament de Mont-roig del Camp","robots":{"index":"index","follow":"follow","max-snippet":"max-snippet:-1","max-image-preview":"max-image-preview:large","max-video-preview":"max-video-preview:-1"},"canonical":"https:\/\/mont-roig.cat\/es\/ayuntamiento\/areas\/impulso-economico-y-ocupacion\/","og_locale":"es_ES","og_type":"article","og_title":"Impulso Econ\u00f3mico y Ocupaci\u00f3n - Ajuntament de Mont-roig del Camp","og_description":"[vc_row][vc_column][vc_column_text css=&#8221;&#8221;]En el Ayuntamiento de Mont-roig del Camp trabajamos para impulsar la econom\u00eda local y favorecer la ocupaci\u00f3n en el municipio. Creemos en el potencial de nuestro territorio y en la capacidad de las personas y empresas para crecer y generar nuevas oportunidades. Por eso, ponemos a tu disposici\u00f3n recursos, asesoramiento e iniciativas destinadas a [&hellip;]","og_url":"https:\/\/mont-roig.cat\/es\/ayuntamiento\/areas\/impulso-economico-y-ocupacion\/","og_site_name":"Ajuntament de Mont-roig del Camp","article_modified_time":"2025-05-22T12:10:56+00:00","og_image":[{"width":1200,"height":600,"url":"https:\/\/mont-roig.cat\/wp-content\/uploads\/aj-mont-roig-2.jpg","type":"image\/jpeg"}],"twitter_card":"summary_large_image","twitter_misc":{"Tiempo de lectura":"2 minutos"},"schema":{"@context":"https:\/\/schema.org","@graph":[{"@type":"WebPage","@id":"https:\/\/mont-roig.cat\/es\/ayuntamiento\/areas\/impulso-economico-y-ocupacion\/","url":"https:\/\/mont-roig.cat\/es\/ayuntamiento\/areas\/impulso-economico-y-ocupacion\/","name":"Impulso Econ\u00f3mico y Ocupaci\u00f3n - Ajuntament de Mont-roig del Camp","isPartOf":{"@id":"https:\/\/mont-roig.cat\/es\/#website"},"datePublished":"2015-02-02T20:22:29+00:00","dateModified":"2025-05-22T12:10:56+00:00","breadcrumb":{"@id":"https:\/\/mont-roig.cat\/es\/ayuntamiento\/areas\/impulso-economico-y-ocupacion\/#breadcrumb"},"inLanguage":"es","potentialAction":[{"@type":"ReadAction","target":["https:\/\/mont-roig.cat\/es\/ayuntamiento\/areas\/impulso-economico-y-ocupacion\/"]}]},{"@type":"BreadcrumbList","@id":"https:\/\/mont-roig.cat\/es\/ayuntamiento\/areas\/impulso-economico-y-ocupacion\/#breadcrumb","itemListElement":[{"@type":"ListItem","position":1,"name":"Inici","item":"https:\/\/mont-roig.cat\/es\/pagina-de-inicio\/"},{"@type":"ListItem","position":2,"name":"Ayuntamiento","item":"https:\/\/mont-roig.cat\/es\/ayuntamiento\/"},{"@type":"ListItem","position":3,"name":"\u00c1reas","item":"https:\/\/mont-roig.cat\/es\/ayuntamiento\/areas\/"},{"@type":"ListItem","position":4,"name":"Impulso Econ\u00f3mico y Ocupaci\u00f3n"}]},{"@type":"WebSite","@id":"https:\/\/mont-roig.cat\/es\/#website","url":"https:\/\/mont-roig.cat\/es\/","name":"Ajuntament de Mont-roig del Camp","description":"Tota la informaci\u00f3 sobre la instituci\u00f3, els seus \u00f2rgans de govern, actualitat, serveis i molt m\u00e9s.","potentialAction":[{"@type":"SearchAction","target":{"@type":"EntryPoint","urlTemplate":"https:\/\/mont-roig.cat\/es\/?s={search_term_string}"},"query-input":{"@type":"PropertyValueSpecification","valueRequired":true,"valueName":"search_term_string"}}],"inLanguage":"es"}]}},"_links":{"self":[{"href":"https:\/\/mont-roig.cat\/es\/wp-json\/wp\/v2\/pages\/4320","targetHints":{"allow":["GET"]}}],"collection":[{"href":"https:\/\/mont-roig.cat\/es\/wp-json\/wp\/v2\/pages"}],"about":[{"href":"https:\/\/mont-roig.cat\/es\/wp-json\/wp\/v2\/types\/page"}],"author":[{"embeddable":true,"href":"https:\/\/mont-roig.cat\/es\/wp-json\/wp\/v2\/users\/4"}],"replies":[{"embeddable":true,"href":"https:\/\/mont-roig.cat\/es\/wp-json\/wp\/v2\/comments?post=4320"}],"version-history":[{"count":25,"href":"https:\/\/mont-roig.cat\/es\/wp-json\/wp\/v2\/pages\/4320\/revisions"}],"predecessor-version":[{"id":83311,"href":"https:\/\/mont-roig.cat\/es\/wp-json\/wp\/v2\/pages\/4320\/revisions\/83311"}],"up":[{"embeddable":true,"href":"https:\/\/mont-roig.cat\/es\/wp-json\/wp\/v2\/pages\/4248"}],"wp:attachment":[{"href":"https:\/\/mont-roig.cat\/es\/wp-json\/wp\/v2\/media?parent=4320"}],"curies":[{"name":"wp","href":"https:\/\/api.w.org\/{rel}","templated":true}]}}

Impulso Económico y Ocupación

<div class="wpb-content-wrapper">[vc_row][vc_column][vc_column_text css=&#8221;&#8221;]En el Ayuntamiento de Mont-roig del Camp trabajamos para <strong>impulsar la economía local y favorecer la ocupación en el municipio</strong>. Creemos en el potencial de nuestro territorio y en la capacidad de las<strong> personas y empresas</strong> para crecer y generar nuevas oportunidades. Por eso, ponemos a tu disposición recursos, asesoramiento e iniciativas destinadas a <strong>fomentar el emprendimiento, la inserción laboral y el desarrollo del tejido comercial y empresarial</strong>.</p>
<p>Desde el Área de Impulso Económico y Empleo, ofrecemos apoyo tanto a las personas en edad de trabajar (aproximadamente entre los 16 y 65 años) como a las empresas, desde autónomos hasta grandes compañías con presencia en nuestro territorio.</p>
<p>Nuestros servicios incluyen:</p>
<p>• <strong>Bolsa de Trabajo Municipal y Club de Empleo</strong>: Conectamos talento y oportunidades laborales.<br />
• <strong>Apoyo al tejido comercial y empresarial</strong>: ayudamos a fortalecer y dinamizar negocios locales.<br />
• <strong>Promoción del suelo industrial</strong>: Fomentamos el crecimiento empresarial.<br />
• <strong>Asesoramiento para emprendedores</strong>: Acompañamos en la creación y consolidación de negocios.<br />
• <strong>Formación especializada</strong>: Ofrecemos cursos y cápsulas formativas, especialmente para personas en paro.</p>
<p>ÁREA DE IMPULSO ECONÓMICO Y EMPLEO – Ayuntamiento de Mont-roig del Camp<br />
ECOESPAI<br />
Pl. de Gerona, s/n<br />
43892 Miami Playa<br />
Tel 977 17 25 27 – promocio@mont-roig.cat<br />
Horario de atención: De lunes a viernes, de 9 a 14 h[/vc_column_text][/vc_column][/vc_row]
</div>

<p>[vc_row][vc_column][vc_column_text css=&#8221;&#8221;]En el Ayuntamiento de Mont-roig del Camp trabajamos para impulsar la economía local y favorecer la ocupación en el municipio. Creemos en el potencial de nuestro territorio y en la capacidad de las personas y empresas para crecer y generar nuevas oportunidades. Por eso, ponemos a tu disposición recursos, asesoramiento e iniciativas destinadas a [&hellip;]</p>

<!-- This site is optimized with the Yoast SEO plugin v27.4 - https://yoast.com/product/yoast-seo-wordpress/ -->
<title>Impulso Económico y Ocupación - Ajuntament de Mont-roig del Camp</title>
<meta name="robots" content="index, follow, max-snippet:-1, max-image-preview:large, max-video-preview:-1" />
<link rel="canonical" href="https://mont-roig.cat/es/ayuntamiento/areas/impulso-economico-y-ocupacion/" />
<meta property="og:locale" content="es_ES" />
<meta property="og:type" content="article" />
<meta property="og:title" content="Impulso Económico y Ocupación - Ajuntament de Mont-roig del Camp" />
<meta property="og:description" content="[vc_row][vc_column][vc_column_text css=&#8221;&#8221;]En el Ayuntamiento de Mont-roig del Camp trabajamos para impulsar la economía local y favorecer la ocupación en el municipio. Creemos en el potencial de nuestro territorio y en la capacidad de las personas y empresas para crecer y generar nuevas oportunidades. Por eso, ponemos a tu disposición recursos, asesoramiento e iniciativas destinadas a [&hellip;]" />
<meta property="og:url" content="https://mont-roig.cat/es/ayuntamiento/areas/impulso-economico-y-ocupacion/" />
<meta property="og:site_name" content="Ajuntament de Mont-roig del Camp" />
<meta property="article:modified_time" content="2025-05-22T12:10:56+00:00" />
<meta property="og:image" content="https://mont-roig.cat/wp-content/uploads/aj-mont-roig-2.jpg" />
	<meta property="og:image:width" content="1200" />
	<meta property="og:image:height" content="600" />
	<meta property="og:image:type" content="image/jpeg" />
<meta name="twitter:card" content="summary_large_image" />
<meta name="twitter:label1" content="Tiempo de lectura" />
	<meta name="twitter:data1" content="2 minutos" />
<script type="application/ld+json" class="yoast-schema-graph">{"@context":"https:\/\/schema.org","@graph":[{"@type":"WebPage","@id":"https:\/\/mont-roig.cat\/es\/ayuntamiento\/areas\/impulso-economico-y-ocupacion\/","url":"https:\/\/mont-roig.cat\/es\/ayuntamiento\/areas\/impulso-economico-y-ocupacion\/","name":"Impulso Económico y Ocupación - Ajuntament de Mont-roig del Camp","isPartOf":{"@id":"https:\/\/mont-roig.cat\/es\/#website"},"datePublished":"2015-02-02T20:22:29+00:00","dateModified":"2025-05-22T12:10:56+00:00","breadcrumb":{"@id":"https:\/\/mont-roig.cat\/es\/ayuntamiento\/areas\/impulso-economico-y-ocupacion\/#breadcrumb"},"inLanguage":"es","potentialAction":[{"@type":"ReadAction","target":["https:\/\/mont-roig.cat\/es\/ayuntamiento\/areas\/impulso-economico-y-ocupacion\/"]}]},{"@type":"BreadcrumbList","@id":"https:\/\/mont-roig.cat\/es\/ayuntamiento\/areas\/impulso-economico-y-ocupacion\/#breadcrumb","itemListElement":[{"@type":"ListItem","position":1,"name":"Inici","item":"https:\/\/mont-roig.cat\/es\/pagina-de-inicio\/"},{"@type":"ListItem","position":2,"name":"Ayuntamiento","item":"https:\/\/mont-roig.cat\/es\/ayuntamiento\/"},{"@type":"ListItem","position":3,"name":"Áreas","item":"https:\/\/mont-roig.cat\/es\/ayuntamiento\/areas\/"},{"@type":"ListItem","position":4,"name":"Impulso Económico y Ocupación"}]},{"@type":"WebSite","@id":"https:\/\/mont-roig.cat\/es\/#website","url":"https:\/\/mont-roig.cat\/es\/","name":"Ajuntament de Mont-roig del Camp","description":"Tota la informació sobre la institució, els seus òrgans de govern, actualitat, serveis i molt més.","potentialAction":[{"@type":"SearchAction","target":{"@type":"EntryPoint","urlTemplate":"https:\/\/mont-roig.cat\/es\/?s={search_term_string}"},"query-input":{"@type":"PropertyValueSpecification","valueRequired":true,"valueName":"search_term_string"}}],"inLanguage":"es"}]}</script>
<!-- / Yoast SEO plugin. -->

Impulso Económico y Ocupación - Ajuntament de Mont-roig del Camp

[vc_row][vc_column][vc_column_text css=&#8221;&#8221;]En el Ayuntamiento de Mont-roig del Camp trabajamos para impulsar la economía local y favorecer la ocupación en el municipio. Creemos en el potencial de nuestro territorio y en la capacidad de las personas y empresas para crecer y generar nuevas oportunidades. Por eso, ponemos a tu disposición recursos, asesoramiento e iniciativas destinadas a [&hellip;]

Áreas

Tota la informació sobre la institució, els seus òrgans de govern, actualitat, serveis i molt més.
