{"id":4335,"date":"2015-02-02T21:30:02","date_gmt":"2015-02-02T21:30:02","guid":{"rendered":""},"modified":"2018-02-22T19:47:52","modified_gmt":"2018-02-22T18:47:52","slug":"breve-historia","status":"publish","type":"page","link":"https:\/\/mont-roig.cat\/es\/municipio\/breve-historia\/","title":{"rendered":"Breve historia"},"content":{"rendered":"<div class=\"body\">\n<div>\n<p><img decoding=\"async\" style=\"width: 150px; height: 242px; margin: 10px; float: right;\" title=\"Escudo Mont-roig del Camp\" src=\"\/wp-content\/uploads\/Escut_de_Mont-roig_del_Camp.jpg\" alt=\"Escudo Mont-roig del Camp\" \/><\/p>\n<p>Mont-roig del Camp es un municipio que pertenece, administrativamente, a la comarca del Baix Camp y a la regi\u00f3n natural e hist\u00f3rica del Camp de Tarragona.<\/p>\n<p>El primer documento donde se habla de nuestro pueblo es del 23 de enero del a\u00f1o 1118, cuando Ram\u00f3n Berenguer III hace el encargo a Sant Oleguer, arzobispo de Tarragona, de restaurar la sede metropolitana y de repoblar el territorio. Dentro de los l\u00edmites de esta donaci\u00f3n sale Mont-roig.<\/p>\n<p>Si el a\u00f1o 1118, ya se menciona nuestro pueblo y sabiendo que ese a\u00f1o todav\u00eda no hab\u00eda comenzado la repoblaci\u00f3n efectiva del Camp de Tarragona, quedar\u00eda demostrado que Mont-roig ya exist\u00eda en tiempos de la ocupaci\u00f3n \u00e1rabe.<\/p>\n<p>La Carta de Poblaci\u00f3n de Mont-roig fecha del 13 de agosto de 1180, cuando el arzobispo de Tarragona, Berenguer de Vilademuls, con el consentimiento del rey Alfonso I y de Bertran de Castellet, concedi\u00f3 a los habitantes de Mont-roig las casas, las tierras y las pertenencias de todo el t\u00e9rmino, exceptuando el horno y la herrer\u00eda.<\/p>\n<p>M\u00e1s tarde, Mont-roig incorpor\u00f3 los t\u00e9rminos de Guardamar o Miramar (el 1356 ten\u00eda 5 fuegos y en 1365 ten\u00eda 13) y el a\u00f1o 1496 compr\u00f3 el t\u00e9rmino de La Pobla d&#8217;en Taudell (entre el barranco de Rif\u00e0, el de Riudecanyes, el camino viejo de Pratdip y el mar).<\/p>\n<p>Actualmente Mont-roig del Camp tiene m\u00e1s de 12.000 habitantes censados, repartidos entre los n\u00facleos de Mont-roig, Miami Platja, Las Poblas y m\u00e1s de veinte urbanizaciones. Durante el verano, Mont-roig, crece hasta las setenta y ochenta mil personas. Las principales fuentes de riqueza de nuestro municipio son el turismo, la construcci\u00f3n, la agricultura y los servicios. En el a\u00f1o 2003 la Generalitat declar\u00f3 Mont-roig del Camp municipio tur\u00edstico.<\/p>\n<\/div>\n<\/div>\n","protected":false},"excerpt":{"rendered":"<p>Mont-roig del Camp es un municipio que pertenece, administrativamente, a la comarca del Baix Camp y a la regi\u00f3n natural e hist\u00f3rica del Camp de Tarragona. El primer documento donde se habla de nuestro pueblo es del 23 de enero del a\u00f1o 1118, cuando Ram\u00f3n Berenguer III hace el encargo a Sant Oleguer, arzobispo de [&hellip;]<\/p>\n","protected":false},"author":4,"featured_media":0,"parent":7689,"menu_order":0,"comment_status":"closed","ping_status":"closed","template":"","meta":{"inline_featured_image":false,"_monsterinsights_skip_tracking":false,"_monsterinsights_sitenote_active":false,"_monsterinsights_sitenote_note":"","_monsterinsights_sitenote_category":0,"footnotes":""},"class_list":["post-4335","page","type-page","status-publish","hentry"],"yoast_head":"<!-- This site is optimized with the Yoast SEO plugin v27.4 - https:\/\/yoast.com\/product\/yoast-seo-wordpress\/ -->\n<title>Breve historia - Ajuntament de Mont-roig del Camp<\/title>\n<meta name=\"robots\" content=\"index, follow, max-snippet:-1, max-image-preview:large, max-video-preview:-1\" \/>\n<link rel=\"canonical\" href=\"https:\/\/mont-roig.cat\/es\/municipio\/breve-historia\/\" \/>\n<meta property=\"og:locale\" content=\"es_ES\" \/>\n<meta property=\"og:type\" content=\"article\" \/>\n<meta property=\"og:title\" content=\"Breve historia - Ajuntament de Mont-roig del Camp\" \/>\n<meta property=\"og:description\" content=\"Mont-roig del Camp es un municipio que pertenece, administrativamente, a la comarca del Baix Camp y a la regi\u00f3n natural e hist\u00f3rica del Camp de Tarragona. El primer documento donde se habla de nuestro pueblo es del 23 de enero del a\u00f1o 1118, cuando Ram\u00f3n Berenguer III hace el encargo a Sant Oleguer, arzobispo de [&hellip;]\" \/>\n<meta property=\"og:url\" content=\"https:\/\/mont-roig.cat\/es\/municipio\/breve-historia\/\" \/>\n<meta property=\"og:site_name\" content=\"Ajuntament de Mont-roig del Camp\" \/>\n<meta property=\"article:modified_time\" content=\"2018-02-22T18:47:52+00:00\" \/>\n<meta property=\"og:image\" content=\"https:\/\/mont-roig.cat\/wp-content\/uploads\/Escut_de_Mont-roig_del_Camp.jpg\" \/>\n<meta name=\"twitter:card\" content=\"summary_large_image\" \/>\n<meta name=\"twitter:label1\" content=\"Tiempo de lectura\" \/>\n\t<meta name=\"twitter:data1\" content=\"2 minutos\" \/>\n<script type=\"application\/ld+json\" class=\"yoast-schema-graph\">{\"@context\":\"https:\\\/\\\/schema.org\",\"@graph\":[{\"@type\":\"WebPage\",\"@id\":\"https:\\\/\\\/mont-roig.cat\\\/es\\\/municipio\\\/breve-historia\\\/\",\"url\":\"https:\\\/\\\/mont-roig.cat\\\/es\\\/municipio\\\/breve-historia\\\/\",\"name\":\"Breve historia - Ajuntament de Mont-roig del Camp\",\"isPartOf\":{\"@id\":\"https:\\\/\\\/mont-roig.cat\\\/es\\\/#website\"},\"datePublished\":\"2015-02-02T21:30:02+00:00\",\"dateModified\":\"2018-02-22T18:47:52+00:00\",\"breadcrumb\":{\"@id\":\"https:\\\/\\\/mont-roig.cat\\\/es\\\/municipio\\\/breve-historia\\\/#breadcrumb\"},\"inLanguage\":\"es\",\"potentialAction\":[{\"@type\":\"ReadAction\",\"target\":[\"https:\\\/\\\/mont-roig.cat\\\/es\\\/municipio\\\/breve-historia\\\/\"]}]},{\"@type\":\"BreadcrumbList\",\"@id\":\"https:\\\/\\\/mont-roig.cat\\\/es\\\/municipio\\\/breve-historia\\\/#breadcrumb\",\"itemListElement\":[{\"@type\":\"ListItem\",\"position\":1,\"name\":\"Inici\",\"item\":\"https:\\\/\\\/mont-roig.cat\\\/es\\\/pagina-de-inicio\\\/\"},{\"@type\":\"ListItem\",\"position\":2,\"name\":\"Municipio\",\"item\":\"https:\\\/\\\/mont-roig.cat\\\/es\\\/municipio\\\/\"},{\"@type\":\"ListItem\",\"position\":3,\"name\":\"Breve historia\"}]},{\"@type\":\"WebSite\",\"@id\":\"https:\\\/\\\/mont-roig.cat\\\/es\\\/#website\",\"url\":\"https:\\\/\\\/mont-roig.cat\\\/es\\\/\",\"name\":\"Ajuntament de Mont-roig del Camp\",\"description\":\"Tota la informaci\u00f3 sobre la instituci\u00f3, els seus \u00f2rgans de govern, actualitat, serveis i molt m\u00e9s.\",\"potentialAction\":[{\"@type\":\"SearchAction\",\"target\":{\"@type\":\"EntryPoint\",\"urlTemplate\":\"https:\\\/\\\/mont-roig.cat\\\/es\\\/?s={search_term_string}\"},\"query-input\":{\"@type\":\"PropertyValueSpecification\",\"valueRequired\":true,\"valueName\":\"search_term_string\"}}],\"inLanguage\":\"es\"}]}<\/script>\n<!-- \/ Yoast SEO plugin. -->","yoast_head_json":{"title":"Breve historia - Ajuntament de Mont-roig del Camp","robots":{"index":"index","follow":"follow","max-snippet":"max-snippet:-1","max-image-preview":"max-image-preview:large","max-video-preview":"max-video-preview:-1"},"canonical":"https:\/\/mont-roig.cat\/es\/municipio\/breve-historia\/","og_locale":"es_ES","og_type":"article","og_title":"Breve historia - Ajuntament de Mont-roig del Camp","og_description":"Mont-roig del Camp es un municipio que pertenece, administrativamente, a la comarca del Baix Camp y a la regi\u00f3n natural e hist\u00f3rica del Camp de Tarragona. El primer documento donde se habla de nuestro pueblo es del 23 de enero del a\u00f1o 1118, cuando Ram\u00f3n Berenguer III hace el encargo a Sant Oleguer, arzobispo de [&hellip;]","og_url":"https:\/\/mont-roig.cat\/es\/municipio\/breve-historia\/","og_site_name":"Ajuntament de Mont-roig del Camp","article_modified_time":"2018-02-22T18:47:52+00:00","og_image":[{"url":"https:\/\/mont-roig.cat\/wp-content\/uploads\/Escut_de_Mont-roig_del_Camp.jpg","type":"","width":"","height":""}],"twitter_card":"summary_large_image","twitter_misc":{"Tiempo de lectura":"2 minutos"},"schema":{"@context":"https:\/\/schema.org","@graph":[{"@type":"WebPage","@id":"https:\/\/mont-roig.cat\/es\/municipio\/breve-historia\/","url":"https:\/\/mont-roig.cat\/es\/municipio\/breve-historia\/","name":"Breve historia - Ajuntament de Mont-roig del Camp","isPartOf":{"@id":"https:\/\/mont-roig.cat\/es\/#website"},"datePublished":"2015-02-02T21:30:02+00:00","dateModified":"2018-02-22T18:47:52+00:00","breadcrumb":{"@id":"https:\/\/mont-roig.cat\/es\/municipio\/breve-historia\/#breadcrumb"},"inLanguage":"es","potentialAction":[{"@type":"ReadAction","target":["https:\/\/mont-roig.cat\/es\/municipio\/breve-historia\/"]}]},{"@type":"BreadcrumbList","@id":"https:\/\/mont-roig.cat\/es\/municipio\/breve-historia\/#breadcrumb","itemListElement":[{"@type":"ListItem","position":1,"name":"Inici","item":"https:\/\/mont-roig.cat\/es\/pagina-de-inicio\/"},{"@type":"ListItem","position":2,"name":"Municipio","item":"https:\/\/mont-roig.cat\/es\/municipio\/"},{"@type":"ListItem","position":3,"name":"Breve historia"}]},{"@type":"WebSite","@id":"https:\/\/mont-roig.cat\/es\/#website","url":"https:\/\/mont-roig.cat\/es\/","name":"Ajuntament de Mont-roig del Camp","description":"Tota la informaci\u00f3 sobre la instituci\u00f3, els seus \u00f2rgans de govern, actualitat, serveis i molt m\u00e9s.","potentialAction":[{"@type":"SearchAction","target":{"@type":"EntryPoint","urlTemplate":"https:\/\/mont-roig.cat\/es\/?s={search_term_string}"},"query-input":{"@type":"PropertyValueSpecification","valueRequired":true,"valueName":"search_term_string"}}],"inLanguage":"es"}]}},"_links":{"self":[{"href":"https:\/\/mont-roig.cat\/es\/wp-json\/wp\/v2\/pages\/4335","targetHints":{"allow":["GET"]}}],"collection":[{"href":"https:\/\/mont-roig.cat\/es\/wp-json\/wp\/v2\/pages"}],"about":[{"href":"https:\/\/mont-roig.cat\/es\/wp-json\/wp\/v2\/types\/page"}],"author":[{"embeddable":true,"href":"https:\/\/mont-roig.cat\/es\/wp-json\/wp\/v2\/users\/4"}],"replies":[{"embeddable":true,"href":"https:\/\/mont-roig.cat\/es\/wp-json\/wp\/v2\/comments?post=4335"}],"version-history":[{"count":2,"href":"https:\/\/mont-roig.cat\/es\/wp-json\/wp\/v2\/pages\/4335\/revisions"}],"predecessor-version":[{"id":25363,"href":"https:\/\/mont-roig.cat\/es\/wp-json\/wp\/v2\/pages\/4335\/revisions\/25363"}],"up":[{"embeddable":true,"href":"https:\/\/mont-roig.cat\/es\/wp-json\/wp\/v2\/pages\/7689"}],"wp:attachment":[{"href":"https:\/\/mont-roig.cat\/es\/wp-json\/wp\/v2\/media?parent=4335"}],"curies":[{"name":"wp","href":"https:\/\/api.w.org\/{rel}","templated":true}]}}

<div class="body">
<div>
<p><img decoding="async" style="width: 150px; height: 242px; margin: 10px; float: right;" title="Escudo Mont-roig del Camp" src="/wp-content/uploads/Escut_de_Mont-roig_del_Camp.jpg" alt="Escudo Mont-roig del Camp" /></p>
<p>Mont-roig del Camp es un municipio que pertenece, administrativamente, a la comarca del Baix Camp y a la región natural e histórica del Camp de Tarragona.</p>
<p>El primer documento donde se habla de nuestro pueblo es del 23 de enero del año 1118, cuando Ramón Berenguer III hace el encargo a Sant Oleguer, arzobispo de Tarragona, de restaurar la sede metropolitana y de repoblar el territorio. Dentro de los límites de esta donación sale Mont-roig.</p>
<p>Si el año 1118, ya se menciona nuestro pueblo y sabiendo que ese año todavía no había comenzado la repoblación efectiva del Camp de Tarragona, quedaría demostrado que Mont-roig ya existía en tiempos de la ocupación árabe.</p>
<p>La Carta de Población de Mont-roig fecha del 13 de agosto de 1180, cuando el arzobispo de Tarragona, Berenguer de Vilademuls, con el consentimiento del rey Alfonso I y de Bertran de Castellet, concedió a los habitantes de Mont-roig las casas, las tierras y las pertenencias de todo el término, exceptuando el horno y la herrería.</p>
<p>Más tarde, Mont-roig incorporó los términos de Guardamar o Miramar (el 1356 tenía 5 fuegos y en 1365 tenía 13) y el año 1496 compró el término de La Pobla d&#8217;en Taudell (entre el barranco de Rifà, el de Riudecanyes, el camino viejo de Pratdip y el mar).</p>
<p>Actualmente Mont-roig del Camp tiene más de 12.000 habitantes censados, repartidos entre los núcleos de Mont-roig, Miami Platja, Las Poblas y más de veinte urbanizaciones. Durante el verano, Mont-roig, crece hasta las setenta y ochenta mil personas. Las principales fuentes de riqueza de nuestro municipio son el turismo, la construcción, la agricultura y los servicios. En el año 2003 la Generalitat declaró Mont-roig del Camp municipio turístico.</p>
</div>
</div>

<p>Mont-roig del Camp es un municipio que pertenece, administrativamente, a la comarca del Baix Camp y a la región natural e histórica del Camp de Tarragona. El primer documento donde se habla de nuestro pueblo es del 23 de enero del año 1118, cuando Ramón Berenguer III hace el encargo a Sant Oleguer, arzobispo de [&hellip;]</p>

<!-- This site is optimized with the Yoast SEO plugin v27.4 - https://yoast.com/product/yoast-seo-wordpress/ -->
<title>Breve historia - Ajuntament de Mont-roig del Camp</title>
<meta name="robots" content="index, follow, max-snippet:-1, max-image-preview:large, max-video-preview:-1" />
<link rel="canonical" href="https://mont-roig.cat/es/municipio/breve-historia/" />
<meta property="og:locale" content="es_ES" />
<meta property="og:type" content="article" />
<meta property="og:title" content="Breve historia - Ajuntament de Mont-roig del Camp" />
<meta property="og:description" content="Mont-roig del Camp es un municipio que pertenece, administrativamente, a la comarca del Baix Camp y a la región natural e histórica del Camp de Tarragona. El primer documento donde se habla de nuestro pueblo es del 23 de enero del año 1118, cuando Ramón Berenguer III hace el encargo a Sant Oleguer, arzobispo de [&hellip;]" />
<meta property="og:url" content="https://mont-roig.cat/es/municipio/breve-historia/" />
<meta property="og:site_name" content="Ajuntament de Mont-roig del Camp" />
<meta property="article:modified_time" content="2018-02-22T18:47:52+00:00" />
<meta property="og:image" content="https://mont-roig.cat/wp-content/uploads/Escut_de_Mont-roig_del_Camp.jpg" />
<meta name="twitter:card" content="summary_large_image" />
<meta name="twitter:label1" content="Tiempo de lectura" />
	<meta name="twitter:data1" content="2 minutos" />
<script type="application/ld+json" class="yoast-schema-graph">{"@context":"https:\/\/schema.org","@graph":[{"@type":"WebPage","@id":"https:\/\/mont-roig.cat\/es\/municipio\/breve-historia\/","url":"https:\/\/mont-roig.cat\/es\/municipio\/breve-historia\/","name":"Breve historia - Ajuntament de Mont-roig del Camp","isPartOf":{"@id":"https:\/\/mont-roig.cat\/es\/#website"},"datePublished":"2015-02-02T21:30:02+00:00","dateModified":"2018-02-22T18:47:52+00:00","breadcrumb":{"@id":"https:\/\/mont-roig.cat\/es\/municipio\/breve-historia\/#breadcrumb"},"inLanguage":"es","potentialAction":[{"@type":"ReadAction","target":["https:\/\/mont-roig.cat\/es\/municipio\/breve-historia\/"]}]},{"@type":"BreadcrumbList","@id":"https:\/\/mont-roig.cat\/es\/municipio\/breve-historia\/#breadcrumb","itemListElement":[{"@type":"ListItem","position":1,"name":"Inici","item":"https:\/\/mont-roig.cat\/es\/pagina-de-inicio\/"},{"@type":"ListItem","position":2,"name":"Municipio","item":"https:\/\/mont-roig.cat\/es\/municipio\/"},{"@type":"ListItem","position":3,"name":"Breve historia"}]},{"@type":"WebSite","@id":"https:\/\/mont-roig.cat\/es\/#website","url":"https:\/\/mont-roig.cat\/es\/","name":"Ajuntament de Mont-roig del Camp","description":"Tota la informació sobre la institució, els seus òrgans de govern, actualitat, serveis i molt més.","potentialAction":[{"@type":"SearchAction","target":{"@type":"EntryPoint","urlTemplate":"https:\/\/mont-roig.cat\/es\/?s={search_term_string}"},"query-input":{"@type":"PropertyValueSpecification","valueRequired":true,"valueName":"search_term_string"}}],"inLanguage":"es"}]}</script>
<!-- / Yoast SEO plugin. -->

Mont-roig del Camp es un municipio que pertenece, administrativamente, a la comarca del Baix Camp y a la región natural e histórica del Camp de Tarragona. El primer documento donde se habla de nuestro pueblo es del 23 de enero del año 1118, cuando Ramón Berenguer III hace el encargo a Sant Oleguer, arzobispo de [&hellip;]

Tota la informació sobre la institució, els seus òrgans de govern, actualitat, serveis i molt més.
