{"id":44056,"date":"2020-03-12T13:50:46","date_gmt":"2020-03-12T12:50:46","guid":{"rendered":"https:\/\/mont-roig.cat\/?page_id=44056"},"modified":"2022-01-28T17:10:58","modified_gmt":"2022-01-28T16:10:58","slug":"coronavirus","status":"publish","type":"page","link":"https:\/\/mont-roig.cat\/es\/coronavirus\/","title":{"rendered":"Coronavirus"},"content":{"rendered":"<div class=\"wpb-content-wrapper\">[vc_row][vc_column width=&#8221;1\/3&#8243; offset=&#8221;vc_col-md-4&#8243;][vc_single_image image=&#8221;48078&#8243; img_size=&#8221;medium&#8221; alignment=&#8221;center&#8221; onclick=&#8221;custom_link&#8221; css_animation=&#8221;none&#8221; link=&#8221;https:\/\/mont-roig.cat\/es\/tematica\/coronavirus\/&#8221; el_class=&#8221;cov-info-box&#8221;][\/vc_column][vc_column width=&#8221;1\/3&#8243; offset=&#8221;vc_col-md-4&#8243;][vc_hoverbox image=&#8221;50239&#8243; primary_title=&#8221;&#8221; hover_title=&#8221;Pacto de Municipio para la reconstrucci\u00f3n social y econ\u00f3mica&#8221; shape=&#8221;square&#8221; hover_btn_title=&#8221;Abrir \/ descargar&#8221; hover_btn_style=&#8221;outline-custom&#8221; hover_btn_outline_custom_color=&#8221;#2f8aa1&#8243; hover_btn_outline_custom_hover_background=&#8221;#2f8aa1&#8243; hover_btn_outline_custom_hover_text=&#8221;#ffffff&#8221; hover_btn_shape=&#8221;round&#8221; hover_btn_i_icon_fontawesome=&#8221;fas fa-file-download&#8221; hover_add_button=&#8221;true&#8221; hover_btn_add_icon=&#8221;true&#8221; el_class=&#8221;cov-info-box&#8221; hover_btn_link=&#8221;url:https%3A%2F%2Fmont-roig.cat%2Fwp-content%2Fuploads%2FPacte-Municipi-reconstruccio.pdf||target:%20_blank|&#8221;][\/vc_hoverbox][\/vc_column][vc_column width=&#8221;1\/3&#8243; offset=&#8221;vc_col-md-4&#8243;][vc_hoverbox image=&#8221;48105&#8243; primary_title=&#8221;&#8221; hover_title=&#8221;&#8221; shape=&#8221;square&#8221; hover_btn_title=&#8221;Abrir \/ descargar&#8221; hover_btn_style=&#8221;outline-custom&#8221; hover_btn_outline_custom_color=&#8221;#2f8aa1&#8243; hover_btn_outline_custom_hover_background=&#8221;#2f8aa1&#8243; hover_btn_outline_custom_hover_text=&#8221;#ffffff&#8221; hover_btn_shape=&#8221;round&#8221; hover_btn_i_icon_fontawesome=&#8221;fas fa-file-download&#8221; hover_add_button=&#8221;true&#8221; hover_btn_add_icon=&#8221;true&#8221; el_class=&#8221;cov-info-box&#8221; hover_btn_link=&#8221;url:https%3A%2F%2Fmont-roig.cat%2Fwp-content%2Fuploads%2FMM_mesures-executades_Ajuntament-Mont-roig-del-Camp_12_05_20.pdf||target:%20_blank|&#8221;]<strong>Medidas ejecutadas desde el inicio de la emergencia sanitaria por el Ayuntamiento<\/strong>[\/vc_hoverbox][\/vc_column][vc_column width=&#8221;1\/3&#8243; offset=&#8221;vc_col-md-4&#8243;][vc_hoverbox image=&#8221;48067&#8243; primary_title=&#8221;&#8221; hover_title=&#8221;Guia de medidas de soporte a empresas y aut\u00f3nomos&#8221; shape=&#8221;square&#8221; hover_btn_title=&#8221;Abrir \/ descargar&#8221; hover_btn_style=&#8221;outline-custom&#8221; hover_btn_outline_custom_color=&#8221;#2f8aa1&#8243; hover_btn_outline_custom_hover_background=&#8221;#2f8aa1&#8243; hover_btn_outline_custom_hover_text=&#8221;#ffffff&#8221; hover_btn_shape=&#8221;round&#8221; hover_btn_i_icon_fontawesome=&#8221;fas fa-file-download&#8221; hover_add_button=&#8221;true&#8221; hover_btn_add_icon=&#8221;true&#8221; el_class=&#8221;cov-info-box&#8221; hover_btn_link=&#8221;url:https%3A%2F%2Fmont-roig.cat%2Fwp-content%2Fuploads%2FMM_Mesures_econo%25CC%2580miques_COVID19_13juliol.pdf||target:%20_blank|&#8221;][\/vc_hoverbox][\/vc_column][vc_column width=&#8221;1\/3&#8243; offset=&#8221;vc_col-md-4&#8243;][vc_single_image image=&#8221;48093&#8243; img_size=&#8221;medium&#8221; alignment=&#8221;center&#8221; onclick=&#8221;custom_link&#8221; css_animation=&#8221;none&#8221; link=&#8221;https:\/\/mont-roig.cat\/es\/coronavirus\/telefonos-interes\/&#8221; el_class=&#8221;cov-info-box&#8221;][\/vc_column][vc_column width=&#8221;1\/3&#8243; offset=&#8221;vc_col-md-4&#8243;][vc_single_image image=&#8221;48101&#8243; img_size=&#8221;medium&#8221; alignment=&#8221;center&#8221; onclick=&#8221;custom_link&#8221; css_animation=&#8221;none&#8221; link=&#8221;https:\/\/mont-roig.cat\/es\/coronavirus\/mas-info\/&#8221; el_class=&#8221;cov-info-box&#8221;][\/vc_column][\/vc_row]\n<\/div>","protected":false},"excerpt":{"rendered":"<p>[vc_row][vc_column width=&#8221;1\/3&#8243; offset=&#8221;vc_col-md-4&#8243;][vc_single_image image=&#8221;48078&#8243; img_size=&#8221;medium&#8221; alignment=&#8221;center&#8221; onclick=&#8221;custom_link&#8221; css_animation=&#8221;none&#8221; link=&#8221;https:\/\/mont-roig.cat\/es\/tematica\/coronavirus\/&#8221; el_class=&#8221;cov-info-box&#8221;][\/vc_column][vc_column width=&#8221;1\/3&#8243; offset=&#8221;vc_col-md-4&#8243;][vc_hoverbox image=&#8221;50239&#8243; primary_title=&#8221;&#8221; hover_title=&#8221;Pacto de Municipio para la reconstrucci\u00f3n social y econ\u00f3mica&#8221; shape=&#8221;square&#8221; hover_btn_title=&#8221;Abrir \/ descargar&#8221; hover_btn_style=&#8221;outline-custom&#8221; hover_btn_outline_custom_color=&#8221;#2f8aa1&#8243; hover_btn_outline_custom_hover_background=&#8221;#2f8aa1&#8243; hover_btn_outline_custom_hover_text=&#8221;#ffffff&#8221; hover_btn_shape=&#8221;round&#8221; hover_btn_i_icon_fontawesome=&#8221;fas fa-file-download&#8221; hover_add_button=&#8221;true&#8221; hover_btn_add_icon=&#8221;true&#8221; el_class=&#8221;cov-info-box&#8221; hover_btn_link=&#8221;url:https%3A%2F%2Fmont-roig.cat%2Fwp-content%2Fuploads%2FPacte-Municipi-reconstruccio.pdf||target:%20_blank|&#8221;][\/vc_hoverbox][\/vc_column][vc_column width=&#8221;1\/3&#8243; offset=&#8221;vc_col-md-4&#8243;][vc_hoverbox image=&#8221;48105&#8243; primary_title=&#8221;&#8221; hover_title=&#8221;&#8221; shape=&#8221;square&#8221; hover_btn_title=&#8221;Abrir \/ descargar&#8221; hover_btn_style=&#8221;outline-custom&#8221; hover_btn_outline_custom_color=&#8221;#2f8aa1&#8243; hover_btn_outline_custom_hover_background=&#8221;#2f8aa1&#8243; hover_btn_outline_custom_hover_text=&#8221;#ffffff&#8221; hover_btn_shape=&#8221;round&#8221; hover_btn_i_icon_fontawesome=&#8221;fas fa-file-download&#8221; hover_add_button=&#8221;true&#8221; [&hellip;]<\/p>\n","protected":false},"author":4,"featured_media":0,"parent":0,"menu_order":0,"comment_status":"closed","ping_status":"closed","template":"","meta":{"inline_featured_image":false,"_monsterinsights_skip_tracking":false,"_monsterinsights_sitenote_active":false,"_monsterinsights_sitenote_note":"","_monsterinsights_sitenote_category":0,"footnotes":""},"class_list":["post-44056","page","type-page","status-publish","hentry"],"yoast_head":"<!-- This site is optimized with the Yoast SEO plugin v27.4 - https:\/\/yoast.com\/product\/yoast-seo-wordpress\/ -->\n<title>Coronavirus - Ajuntament de Mont-roig del Camp<\/title>\n<meta name=\"description\" content=\"P\u00e1gina especial con noticias, recomendaciones, medidas, documentaci\u00f3n y otra informaci\u00f3n de inter\u00e9s relacionada con la Covid-19.\" \/>\n<meta name=\"robots\" content=\"index, follow, max-snippet:-1, max-image-preview:large, max-video-preview:-1\" \/>\n<link rel=\"canonical\" href=\"https:\/\/mont-roig.cat\/es\/coronavirus\/\" \/>\n<meta property=\"og:locale\" content=\"es_ES\" \/>\n<meta property=\"og:type\" content=\"article\" \/>\n<meta property=\"og:title\" content=\"Coronavirus - Ajuntament de Mont-roig del Camp\" \/>\n<meta property=\"og:description\" content=\"P\u00e1gina especial con noticias, recomendaciones, medidas, documentaci\u00f3n y otra informaci\u00f3n de inter\u00e9s relacionada con la Covid-19.\" \/>\n<meta property=\"og:url\" content=\"https:\/\/mont-roig.cat\/es\/coronavirus\/\" \/>\n<meta property=\"og:site_name\" content=\"Ajuntament de Mont-roig del Camp\" \/>\n<meta property=\"article:modified_time\" content=\"2022-01-28T16:10:58+00:00\" \/>\n<meta property=\"og:image\" content=\"https:\/\/mont-roig.cat\/wp-content\/uploads\/cov-im-box.png\" \/>\n\t<meta property=\"og:image:width\" content=\"800\" \/>\n\t<meta property=\"og:image:height\" content=\"450\" \/>\n\t<meta property=\"og:image:type\" content=\"image\/png\" \/>\n<meta name=\"twitter:card\" content=\"summary_large_image\" \/>\n<meta name=\"twitter:image\" content=\"https:\/\/mont-roig.cat\/wp-content\/uploads\/cov-im-box.png\" \/>\n<meta name=\"twitter:label1\" content=\"Tiempo de lectura\" \/>\n\t<meta name=\"twitter:data1\" content=\"1 minuto\" \/>\n<script type=\"application\/ld+json\" class=\"yoast-schema-graph\">{\"@context\":\"https:\\\/\\\/schema.org\",\"@graph\":[{\"@type\":\"WebPage\",\"@id\":\"https:\\\/\\\/mont-roig.cat\\\/es\\\/coronavirus\\\/\",\"url\":\"https:\\\/\\\/mont-roig.cat\\\/es\\\/coronavirus\\\/\",\"name\":\"Coronavirus - Ajuntament de Mont-roig del Camp\",\"isPartOf\":{\"@id\":\"https:\\\/\\\/mont-roig.cat\\\/es\\\/#website\"},\"datePublished\":\"2020-03-12T12:50:46+00:00\",\"dateModified\":\"2022-01-28T16:10:58+00:00\",\"description\":\"P\u00e1gina especial con noticias, recomendaciones, medidas, documentaci\u00f3n y otra informaci\u00f3n de inter\u00e9s relacionada con la Covid-19.\",\"breadcrumb\":{\"@id\":\"https:\\\/\\\/mont-roig.cat\\\/es\\\/coronavirus\\\/#breadcrumb\"},\"inLanguage\":\"es\",\"potentialAction\":[{\"@type\":\"ReadAction\",\"target\":[\"https:\\\/\\\/mont-roig.cat\\\/es\\\/coronavirus\\\/\"]}]},{\"@type\":\"BreadcrumbList\",\"@id\":\"https:\\\/\\\/mont-roig.cat\\\/es\\\/coronavirus\\\/#breadcrumb\",\"itemListElement\":[{\"@type\":\"ListItem\",\"position\":1,\"name\":\"Inici\",\"item\":\"https:\\\/\\\/mont-roig.cat\\\/es\\\/pagina-de-inicio\\\/\"},{\"@type\":\"ListItem\",\"position\":2,\"name\":\"Coronavirus\"}]},{\"@type\":\"WebSite\",\"@id\":\"https:\\\/\\\/mont-roig.cat\\\/es\\\/#website\",\"url\":\"https:\\\/\\\/mont-roig.cat\\\/es\\\/\",\"name\":\"Ajuntament de Mont-roig del Camp\",\"description\":\"Tota la informaci\u00f3 sobre la instituci\u00f3, els seus \u00f2rgans de govern, actualitat, serveis i molt m\u00e9s.\",\"potentialAction\":[{\"@type\":\"SearchAction\",\"target\":{\"@type\":\"EntryPoint\",\"urlTemplate\":\"https:\\\/\\\/mont-roig.cat\\\/es\\\/?s={search_term_string}\"},\"query-input\":{\"@type\":\"PropertyValueSpecification\",\"valueRequired\":true,\"valueName\":\"search_term_string\"}}],\"inLanguage\":\"es\"}]}<\/script>\n<!-- \/ Yoast SEO plugin. -->","yoast_head_json":{"title":"Coronavirus - Ajuntament de Mont-roig del Camp","description":"P\u00e1gina especial con noticias, recomendaciones, medidas, documentaci\u00f3n y otra informaci\u00f3n de inter\u00e9s relacionada con la Covid-19.","robots":{"index":"index","follow":"follow","max-snippet":"max-snippet:-1","max-image-preview":"max-image-preview:large","max-video-preview":"max-video-preview:-1"},"canonical":"https:\/\/mont-roig.cat\/es\/coronavirus\/","og_locale":"es_ES","og_type":"article","og_title":"Coronavirus - Ajuntament de Mont-roig del Camp","og_description":"P\u00e1gina especial con noticias, recomendaciones, medidas, documentaci\u00f3n y otra informaci\u00f3n de inter\u00e9s relacionada con la Covid-19.","og_url":"https:\/\/mont-roig.cat\/es\/coronavirus\/","og_site_name":"Ajuntament de Mont-roig del Camp","article_modified_time":"2022-01-28T16:10:58+00:00","og_image":[{"width":800,"height":450,"url":"https:\/\/mont-roig.cat\/wp-content\/uploads\/cov-im-box.png","type":"image\/png"}],"twitter_card":"summary_large_image","twitter_image":"https:\/\/mont-roig.cat\/wp-content\/uploads\/cov-im-box.png","twitter_misc":{"Tiempo de lectura":"1 minuto"},"schema":{"@context":"https:\/\/schema.org","@graph":[{"@type":"WebPage","@id":"https:\/\/mont-roig.cat\/es\/coronavirus\/","url":"https:\/\/mont-roig.cat\/es\/coronavirus\/","name":"Coronavirus - Ajuntament de Mont-roig del Camp","isPartOf":{"@id":"https:\/\/mont-roig.cat\/es\/#website"},"datePublished":"2020-03-12T12:50:46+00:00","dateModified":"2022-01-28T16:10:58+00:00","description":"P\u00e1gina especial con noticias, recomendaciones, medidas, documentaci\u00f3n y otra informaci\u00f3n de inter\u00e9s relacionada con la Covid-19.","breadcrumb":{"@id":"https:\/\/mont-roig.cat\/es\/coronavirus\/#breadcrumb"},"inLanguage":"es","potentialAction":[{"@type":"ReadAction","target":["https:\/\/mont-roig.cat\/es\/coronavirus\/"]}]},{"@type":"BreadcrumbList","@id":"https:\/\/mont-roig.cat\/es\/coronavirus\/#breadcrumb","itemListElement":[{"@type":"ListItem","position":1,"name":"Inici","item":"https:\/\/mont-roig.cat\/es\/pagina-de-inicio\/"},{"@type":"ListItem","position":2,"name":"Coronavirus"}]},{"@type":"WebSite","@id":"https:\/\/mont-roig.cat\/es\/#website","url":"https:\/\/mont-roig.cat\/es\/","name":"Ajuntament de Mont-roig del Camp","description":"Tota la informaci\u00f3 sobre la instituci\u00f3, els seus \u00f2rgans de govern, actualitat, serveis i molt m\u00e9s.","potentialAction":[{"@type":"SearchAction","target":{"@type":"EntryPoint","urlTemplate":"https:\/\/mont-roig.cat\/es\/?s={search_term_string}"},"query-input":{"@type":"PropertyValueSpecification","valueRequired":true,"valueName":"search_term_string"}}],"inLanguage":"es"}]}},"_links":{"self":[{"href":"https:\/\/mont-roig.cat\/es\/wp-json\/wp\/v2\/pages\/44056","targetHints":{"allow":["GET"]}}],"collection":[{"href":"https:\/\/mont-roig.cat\/es\/wp-json\/wp\/v2\/pages"}],"about":[{"href":"https:\/\/mont-roig.cat\/es\/wp-json\/wp\/v2\/types\/page"}],"author":[{"embeddable":true,"href":"https:\/\/mont-roig.cat\/es\/wp-json\/wp\/v2\/users\/4"}],"replies":[{"embeddable":true,"href":"https:\/\/mont-roig.cat\/es\/wp-json\/wp\/v2\/comments?post=44056"}],"version-history":[{"count":29,"href":"https:\/\/mont-roig.cat\/es\/wp-json\/wp\/v2\/pages\/44056\/revisions"}],"predecessor-version":[{"id":60252,"href":"https:\/\/mont-roig.cat\/es\/wp-json\/wp\/v2\/pages\/44056\/revisions\/60252"}],"wp:attachment":[{"href":"https:\/\/mont-roig.cat\/es\/wp-json\/wp\/v2\/media?parent=44056"}],"curies":[{"name":"wp","href":"https:\/\/api.w.org\/{rel}","templated":true}]}}

<div class="wpb-content-wrapper">[vc_row][vc_column width=&#8221;1/3&#8243; offset=&#8221;vc_col-md-4&#8243;][vc_single_image image=&#8221;48078&#8243; img_size=&#8221;medium&#8221; alignment=&#8221;center&#8221; onclick=&#8221;custom_link&#8221; css_animation=&#8221;none&#8221; link=&#8221;https://mont-roig.cat/es/tematica/coronavirus/&#8221; el_class=&#8221;cov-info-box&#8221;][/vc_column][vc_column width=&#8221;1/3&#8243; offset=&#8221;vc_col-md-4&#8243;][vc_hoverbox image=&#8221;50239&#8243; primary_title=&#8221;&#8221; hover_title=&#8221;Pacto de Municipio para la reconstrucción social y económica&#8221; shape=&#8221;square&#8221; hover_btn_title=&#8221;Abrir / descargar&#8221; hover_btn_style=&#8221;outline-custom&#8221; hover_btn_outline_custom_color=&#8221;#2f8aa1&#8243; hover_btn_outline_custom_hover_background=&#8221;#2f8aa1&#8243; hover_btn_outline_custom_hover_text=&#8221;#ffffff&#8221; hover_btn_shape=&#8221;round&#8221; hover_btn_i_icon_fontawesome=&#8221;fas fa-file-download&#8221; hover_add_button=&#8221;true&#8221; hover_btn_add_icon=&#8221;true&#8221; el_class=&#8221;cov-info-box&#8221; hover_btn_link=&#8221;url:https%3A%2F%2Fmont-roig.cat%2Fwp-content%2Fuploads%2FPacte-Municipi-reconstruccio.pdf||target:%20_blank|&#8221;][/vc_hoverbox][/vc_column][vc_column width=&#8221;1/3&#8243; offset=&#8221;vc_col-md-4&#8243;][vc_hoverbox image=&#8221;48105&#8243; primary_title=&#8221;&#8221; hover_title=&#8221;&#8221; shape=&#8221;square&#8221; hover_btn_title=&#8221;Abrir / descargar&#8221; hover_btn_style=&#8221;outline-custom&#8221; hover_btn_outline_custom_color=&#8221;#2f8aa1&#8243; hover_btn_outline_custom_hover_background=&#8221;#2f8aa1&#8243; hover_btn_outline_custom_hover_text=&#8221;#ffffff&#8221; hover_btn_shape=&#8221;round&#8221; hover_btn_i_icon_fontawesome=&#8221;fas fa-file-download&#8221; hover_add_button=&#8221;true&#8221; hover_btn_add_icon=&#8221;true&#8221; el_class=&#8221;cov-info-box&#8221; hover_btn_link=&#8221;url:https%3A%2F%2Fmont-roig.cat%2Fwp-content%2Fuploads%2FMM_mesures-executades_Ajuntament-Mont-roig-del-Camp_12_05_20.pdf||target:%20_blank|&#8221;]<strong>Medidas ejecutadas desde el inicio de la emergencia sanitaria por el Ayuntamiento</strong>[/vc_hoverbox][/vc_column][vc_column width=&#8221;1/3&#8243; offset=&#8221;vc_col-md-4&#8243;][vc_hoverbox image=&#8221;48067&#8243; primary_title=&#8221;&#8221; hover_title=&#8221;Guia de medidas de soporte a empresas y autónomos&#8221; shape=&#8221;square&#8221; hover_btn_title=&#8221;Abrir / descargar&#8221; hover_btn_style=&#8221;outline-custom&#8221; hover_btn_outline_custom_color=&#8221;#2f8aa1&#8243; hover_btn_outline_custom_hover_background=&#8221;#2f8aa1&#8243; hover_btn_outline_custom_hover_text=&#8221;#ffffff&#8221; hover_btn_shape=&#8221;round&#8221; hover_btn_i_icon_fontawesome=&#8221;fas fa-file-download&#8221; hover_add_button=&#8221;true&#8221; hover_btn_add_icon=&#8221;true&#8221; el_class=&#8221;cov-info-box&#8221; hover_btn_link=&#8221;url:https%3A%2F%2Fmont-roig.cat%2Fwp-content%2Fuploads%2FMM_Mesures_econo%25CC%2580miques_COVID19_13juliol.pdf||target:%20_blank|&#8221;][/vc_hoverbox][/vc_column][vc_column width=&#8221;1/3&#8243; offset=&#8221;vc_col-md-4&#8243;][vc_single_image image=&#8221;48093&#8243; img_size=&#8221;medium&#8221; alignment=&#8221;center&#8221; onclick=&#8221;custom_link&#8221; css_animation=&#8221;none&#8221; link=&#8221;https://mont-roig.cat/es/coronavirus/telefonos-interes/&#8221; el_class=&#8221;cov-info-box&#8221;][/vc_column][vc_column width=&#8221;1/3&#8243; offset=&#8221;vc_col-md-4&#8243;][vc_single_image image=&#8221;48101&#8243; img_size=&#8221;medium&#8221; alignment=&#8221;center&#8221; onclick=&#8221;custom_link&#8221; css_animation=&#8221;none&#8221; link=&#8221;https://mont-roig.cat/es/coronavirus/mas-info/&#8221; el_class=&#8221;cov-info-box&#8221;][/vc_column][/vc_row]
</div>

<p>[vc_row][vc_column width=&#8221;1/3&#8243; offset=&#8221;vc_col-md-4&#8243;][vc_single_image image=&#8221;48078&#8243; img_size=&#8221;medium&#8221; alignment=&#8221;center&#8221; onclick=&#8221;custom_link&#8221; css_animation=&#8221;none&#8221; link=&#8221;https://mont-roig.cat/es/tematica/coronavirus/&#8221; el_class=&#8221;cov-info-box&#8221;][/vc_column][vc_column width=&#8221;1/3&#8243; offset=&#8221;vc_col-md-4&#8243;][vc_hoverbox image=&#8221;50239&#8243; primary_title=&#8221;&#8221; hover_title=&#8221;Pacto de Municipio para la reconstrucción social y económica&#8221; shape=&#8221;square&#8221; hover_btn_title=&#8221;Abrir / descargar&#8221; hover_btn_style=&#8221;outline-custom&#8221; hover_btn_outline_custom_color=&#8221;#2f8aa1&#8243; hover_btn_outline_custom_hover_background=&#8221;#2f8aa1&#8243; hover_btn_outline_custom_hover_text=&#8221;#ffffff&#8221; hover_btn_shape=&#8221;round&#8221; hover_btn_i_icon_fontawesome=&#8221;fas fa-file-download&#8221; hover_add_button=&#8221;true&#8221; hover_btn_add_icon=&#8221;true&#8221; el_class=&#8221;cov-info-box&#8221; hover_btn_link=&#8221;url:https%3A%2F%2Fmont-roig.cat%2Fwp-content%2Fuploads%2FPacte-Municipi-reconstruccio.pdf||target:%20_blank|&#8221;][/vc_hoverbox][/vc_column][vc_column width=&#8221;1/3&#8243; offset=&#8221;vc_col-md-4&#8243;][vc_hoverbox image=&#8221;48105&#8243; primary_title=&#8221;&#8221; hover_title=&#8221;&#8221; shape=&#8221;square&#8221; hover_btn_title=&#8221;Abrir / descargar&#8221; hover_btn_style=&#8221;outline-custom&#8221; hover_btn_outline_custom_color=&#8221;#2f8aa1&#8243; hover_btn_outline_custom_hover_background=&#8221;#2f8aa1&#8243; hover_btn_outline_custom_hover_text=&#8221;#ffffff&#8221; hover_btn_shape=&#8221;round&#8221; hover_btn_i_icon_fontawesome=&#8221;fas fa-file-download&#8221; hover_add_button=&#8221;true&#8221; [&hellip;]</p>

<!-- This site is optimized with the Yoast SEO plugin v27.4 - https://yoast.com/product/yoast-seo-wordpress/ -->
<title>Coronavirus - Ajuntament de Mont-roig del Camp</title>
<meta name="description" content="Página especial con noticias, recomendaciones, medidas, documentación y otra información de interés relacionada con la Covid-19." />
<meta name="robots" content="index, follow, max-snippet:-1, max-image-preview:large, max-video-preview:-1" />
<link rel="canonical" href="https://mont-roig.cat/es/coronavirus/" />
<meta property="og:locale" content="es_ES" />
<meta property="og:type" content="article" />
<meta property="og:title" content="Coronavirus - Ajuntament de Mont-roig del Camp" />
<meta property="og:description" content="Página especial con noticias, recomendaciones, medidas, documentación y otra información de interés relacionada con la Covid-19." />
<meta property="og:url" content="https://mont-roig.cat/es/coronavirus/" />
<meta property="og:site_name" content="Ajuntament de Mont-roig del Camp" />
<meta property="article:modified_time" content="2022-01-28T16:10:58+00:00" />
<meta property="og:image" content="https://mont-roig.cat/wp-content/uploads/cov-im-box.png" />
	<meta property="og:image:width" content="800" />
	<meta property="og:image:height" content="450" />
	<meta property="og:image:type" content="image/png" />
<meta name="twitter:card" content="summary_large_image" />
<meta name="twitter:image" content="https://mont-roig.cat/wp-content/uploads/cov-im-box.png" />
<meta name="twitter:label1" content="Tiempo de lectura" />
	<meta name="twitter:data1" content="1 minuto" />
<script type="application/ld+json" class="yoast-schema-graph">{"@context":"https:\/\/schema.org","@graph":[{"@type":"WebPage","@id":"https:\/\/mont-roig.cat\/es\/coronavirus\/","url":"https:\/\/mont-roig.cat\/es\/coronavirus\/","name":"Coronavirus - Ajuntament de Mont-roig del Camp","isPartOf":{"@id":"https:\/\/mont-roig.cat\/es\/#website"},"datePublished":"2020-03-12T12:50:46+00:00","dateModified":"2022-01-28T16:10:58+00:00","description":"Página especial con noticias, recomendaciones, medidas, documentación y otra información de interés relacionada con la Covid-19.","breadcrumb":{"@id":"https:\/\/mont-roig.cat\/es\/coronavirus\/#breadcrumb"},"inLanguage":"es","potentialAction":[{"@type":"ReadAction","target":["https:\/\/mont-roig.cat\/es\/coronavirus\/"]}]},{"@type":"BreadcrumbList","@id":"https:\/\/mont-roig.cat\/es\/coronavirus\/#breadcrumb","itemListElement":[{"@type":"ListItem","position":1,"name":"Inici","item":"https:\/\/mont-roig.cat\/es\/pagina-de-inicio\/"},{"@type":"ListItem","position":2,"name":"Coronavirus"}]},{"@type":"WebSite","@id":"https:\/\/mont-roig.cat\/es\/#website","url":"https:\/\/mont-roig.cat\/es\/","name":"Ajuntament de Mont-roig del Camp","description":"Tota la informació sobre la institució, els seus òrgans de govern, actualitat, serveis i molt més.","potentialAction":[{"@type":"SearchAction","target":{"@type":"EntryPoint","urlTemplate":"https:\/\/mont-roig.cat\/es\/?s={search_term_string}"},"query-input":{"@type":"PropertyValueSpecification","valueRequired":true,"valueName":"search_term_string"}}],"inLanguage":"es"}]}</script>
<!-- / Yoast SEO plugin. -->

Página especial con noticias, recomendaciones, medidas, documentación y otra información de interés relacionada con la Covid-19.

Tota la informació sobre la institució, els seus òrgans de govern, actualitat, serveis i molt més.
