{"id":4480,"date":"2015-05-28T10:46:23","date_gmt":"2015-05-28T10:46:23","guid":{"rendered":""},"modified":"2026-03-05T14:33:56","modified_gmt":"2026-03-05T13:33:56","slug":"carnaval","status":"publish","type":"page","link":"https:\/\/mont-roig.cat\/es\/ayuntamiento\/areas\/fiestas\/carnaval\/","title":{"rendered":"Carnaval"},"content":{"rendered":"<div class=\"wpb-content-wrapper\">[vc_row][vc_column][vc_column_text css=&#8221;&#8221;]\n<div class=\"body\">\n<p>Las fiestas de Carnaval se caracterizan por los desfiles de comparsas y r\u00faas y por los excesos carnales y gastron\u00f3micos previos a la llegada de la meditaci\u00f3n y los ayunos propios de la Cuaresma.<\/p>\n<p>En Mont-roig y en Miami Platja las r\u00faas de lucimiento son algunos de los actos m\u00e1s multitudinarios, pero la programaci\u00f3n cuenta con varias propuestas como los bailes de disfraces, actos gastron\u00f3micos o el esperado concurso de comparsas y carrozas.<\/p>\n<p><a href=\"https:\/\/mont-roig.cat\/wp-content\/uploads\/Carnaval-canvi-hora-2-1.jpeg\"><img loading=\"lazy\" decoding=\"async\" class=\"alignleft wp-image-89889\" src=\"https:\/\/mont-roig.cat\/wp-content\/uploads\/Carnaval-canvi-hora-2-1-353x500.jpeg\" alt=\"\" width=\"258\" height=\"365\" srcset=\"https:\/\/mont-roig.cat\/wp-content\/uploads\/Carnaval-canvi-hora-2-1-353x500.jpeg 353w, https:\/\/mont-roig.cat\/wp-content\/uploads\/Carnaval-canvi-hora-2-1-724x1024.jpeg 724w, https:\/\/mont-roig.cat\/wp-content\/uploads\/Carnaval-canvi-hora-2-1-768x1086.jpeg 768w, https:\/\/mont-roig.cat\/wp-content\/uploads\/Carnaval-canvi-hora-2-1-1086x1536.jpeg 1086w, https:\/\/mont-roig.cat\/wp-content\/uploads\/Carnaval-canvi-hora-2-1.jpeg 1131w\" sizes=\"auto, (max-width: 258px) 100vw, 258px\" \/><\/a><\/p>\n<p data-start=\"302\" data-end=\"704\">El Ayuntamiento de Mont-roig del Camp recuerda que el plazo de inscripci\u00f3n para participar en la Rua de Carnaval 2026 en Miami Platja contin\u00faa abierto. Las actividades del s\u00e1bado, incluyendo la rua, el Miam\u00f2drom, la cena de \u201ccarmanyola\u201d y el baile de disfraces, se celebrar\u00e1n finalmente el 14 de marzo de 2026, tras haberse aplazado por previsi\u00f3n de fuerte viento.<\/p>\n<p data-start=\"706\" data-end=\"859\">Los participantes deben realizar la inscripci\u00f3n en la Sede electr\u00f3nica del Ayuntamiento, con el tr\u00e1mite activo hasta el 10 de marzo de 2026.<\/p>\n<p data-start=\"861\" data-end=\"976\">Formulario de inscripci\u00f3n: <a href=\"https:\/\/mont-roig.eadministracio.cat\/catalog\/t\/9ffeeda8-79c1-48be-9485-d9406ba501c3\" target=\"_blank\" rel=\"noopener\" data-wpel-link=\"internal\">Inscripciones para la la Rua de Carnaval 2026<\/a><\/p>\n<\/div>\n[\/vc_column_text][\/vc_column][\/vc_row]\n<\/div>","protected":false},"excerpt":{"rendered":"<p>[vc_row][vc_column][vc_column_text css=&#8221;&#8221;] Las fiestas de Carnaval se caracterizan por los desfiles de comparsas y r\u00faas y por los excesos carnales y gastron\u00f3micos previos a la llegada de la meditaci\u00f3n y los ayunos propios de la Cuaresma. En Mont-roig y en Miami Platja las r\u00faas de lucimiento son algunos de los actos m\u00e1s multitudinarios, pero la [&hellip;]<\/p>\n","protected":false},"author":4,"featured_media":0,"parent":4479,"menu_order":0,"comment_status":"closed","ping_status":"closed","template":"","meta":{"inline_featured_image":false,"_monsterinsights_skip_tracking":false,"_monsterinsights_sitenote_active":false,"_monsterinsights_sitenote_note":"","_monsterinsights_sitenote_category":0,"footnotes":""},"class_list":["post-4480","page","type-page","status-publish","hentry"],"yoast_head":"<!-- This site is optimized with the Yoast SEO plugin v27.4 - https:\/\/yoast.com\/product\/yoast-seo-wordpress\/ -->\n<title>Carnaval - Ajuntament de Mont-roig del Camp<\/title>\n<meta name=\"robots\" content=\"index, follow, max-snippet:-1, max-image-preview:large, max-video-preview:-1\" \/>\n<link rel=\"canonical\" href=\"https:\/\/mont-roig.cat\/es\/ayuntamiento\/areas\/fiestas\/carnaval\/\" \/>\n<meta property=\"og:locale\" content=\"es_ES\" \/>\n<meta property=\"og:type\" content=\"article\" \/>\n<meta property=\"og:title\" content=\"Carnaval - Ajuntament de Mont-roig del Camp\" \/>\n<meta property=\"og:description\" content=\"[vc_row][vc_column][vc_column_text css=&#8221;&#8221;] Las fiestas de Carnaval se caracterizan por los desfiles de comparsas y r\u00faas y por los excesos carnales y gastron\u00f3micos previos a la llegada de la meditaci\u00f3n y los ayunos propios de la Cuaresma. En Mont-roig y en Miami Platja las r\u00faas de lucimiento son algunos de los actos m\u00e1s multitudinarios, pero la [&hellip;]\" \/>\n<meta property=\"og:url\" content=\"https:\/\/mont-roig.cat\/es\/ayuntamiento\/areas\/fiestas\/carnaval\/\" \/>\n<meta property=\"og:site_name\" content=\"Ajuntament de Mont-roig del Camp\" \/>\n<meta property=\"article:modified_time\" content=\"2026-03-05T13:33:56+00:00\" \/>\n<meta property=\"og:image\" content=\"https:\/\/mont-roig.cat\/wp-content\/uploads\/Carnaval-canvi-hora-2-1.jpeg\" \/>\n\t<meta property=\"og:image:width\" content=\"1131\" \/>\n\t<meta property=\"og:image:height\" content=\"1600\" \/>\n\t<meta property=\"og:image:type\" content=\"image\/jpeg\" \/>\n<meta name=\"twitter:card\" content=\"summary_large_image\" \/>\n<meta name=\"twitter:label1\" content=\"Tiempo de lectura\" \/>\n\t<meta name=\"twitter:data1\" content=\"2 minutos\" \/>\n<script type=\"application\/ld+json\" class=\"yoast-schema-graph\">{\"@context\":\"https:\\\/\\\/schema.org\",\"@graph\":[{\"@type\":\"WebPage\",\"@id\":\"https:\\\/\\\/mont-roig.cat\\\/es\\\/ayuntamiento\\\/areas\\\/fiestas\\\/carnaval\\\/\",\"url\":\"https:\\\/\\\/mont-roig.cat\\\/es\\\/ayuntamiento\\\/areas\\\/fiestas\\\/carnaval\\\/\",\"name\":\"Carnaval - Ajuntament de Mont-roig del Camp\",\"isPartOf\":{\"@id\":\"https:\\\/\\\/mont-roig.cat\\\/es\\\/#website\"},\"primaryImageOfPage\":{\"@id\":\"https:\\\/\\\/mont-roig.cat\\\/es\\\/ayuntamiento\\\/areas\\\/fiestas\\\/carnaval\\\/#primaryimage\"},\"image\":{\"@id\":\"https:\\\/\\\/mont-roig.cat\\\/es\\\/ayuntamiento\\\/areas\\\/fiestas\\\/carnaval\\\/#primaryimage\"},\"thumbnailUrl\":\"https:\\\/\\\/mont-roig.cat\\\/wp-content\\\/uploads\\\/Carnaval-canvi-hora-2-1-353x500.jpeg\",\"datePublished\":\"2015-05-28T10:46:23+00:00\",\"dateModified\":\"2026-03-05T13:33:56+00:00\",\"breadcrumb\":{\"@id\":\"https:\\\/\\\/mont-roig.cat\\\/es\\\/ayuntamiento\\\/areas\\\/fiestas\\\/carnaval\\\/#breadcrumb\"},\"inLanguage\":\"es\",\"potentialAction\":[{\"@type\":\"ReadAction\",\"target\":[\"https:\\\/\\\/mont-roig.cat\\\/es\\\/ayuntamiento\\\/areas\\\/fiestas\\\/carnaval\\\/\"]}]},{\"@type\":\"ImageObject\",\"inLanguage\":\"es\",\"@id\":\"https:\\\/\\\/mont-roig.cat\\\/es\\\/ayuntamiento\\\/areas\\\/fiestas\\\/carnaval\\\/#primaryimage\",\"url\":\"https:\\\/\\\/mont-roig.cat\\\/wp-content\\\/uploads\\\/Carnaval-canvi-hora-2-1-353x500.jpeg\",\"contentUrl\":\"https:\\\/\\\/mont-roig.cat\\\/wp-content\\\/uploads\\\/Carnaval-canvi-hora-2-1-353x500.jpeg\"},{\"@type\":\"BreadcrumbList\",\"@id\":\"https:\\\/\\\/mont-roig.cat\\\/es\\\/ayuntamiento\\\/areas\\\/fiestas\\\/carnaval\\\/#breadcrumb\",\"itemListElement\":[{\"@type\":\"ListItem\",\"position\":1,\"name\":\"Inici\",\"item\":\"https:\\\/\\\/mont-roig.cat\\\/es\\\/pagina-de-inicio\\\/\"},{\"@type\":\"ListItem\",\"position\":2,\"name\":\"Ayuntamiento\",\"item\":\"https:\\\/\\\/mont-roig.cat\\\/es\\\/ayuntamiento\\\/\"},{\"@type\":\"ListItem\",\"position\":3,\"name\":\"\u00c1reas\",\"item\":\"https:\\\/\\\/mont-roig.cat\\\/es\\\/ayuntamiento\\\/areas\\\/\"},{\"@type\":\"ListItem\",\"position\":4,\"name\":\"Fiestas\",\"item\":\"https:\\\/\\\/mont-roig.cat\\\/es\\\/ayuntamiento\\\/areas\\\/fiestas\\\/\"},{\"@type\":\"ListItem\",\"position\":5,\"name\":\"Carnaval\"}]},{\"@type\":\"WebSite\",\"@id\":\"https:\\\/\\\/mont-roig.cat\\\/es\\\/#website\",\"url\":\"https:\\\/\\\/mont-roig.cat\\\/es\\\/\",\"name\":\"Ajuntament de Mont-roig del Camp\",\"description\":\"Tota la informaci\u00f3 sobre la instituci\u00f3, els seus \u00f2rgans de govern, actualitat, serveis i molt m\u00e9s.\",\"potentialAction\":[{\"@type\":\"SearchAction\",\"target\":{\"@type\":\"EntryPoint\",\"urlTemplate\":\"https:\\\/\\\/mont-roig.cat\\\/es\\\/?s={search_term_string}\"},\"query-input\":{\"@type\":\"PropertyValueSpecification\",\"valueRequired\":true,\"valueName\":\"search_term_string\"}}],\"inLanguage\":\"es\"}]}<\/script>\n<!-- \/ Yoast SEO plugin. -->","yoast_head_json":{"title":"Carnaval - Ajuntament de Mont-roig del Camp","robots":{"index":"index","follow":"follow","max-snippet":"max-snippet:-1","max-image-preview":"max-image-preview:large","max-video-preview":"max-video-preview:-1"},"canonical":"https:\/\/mont-roig.cat\/es\/ayuntamiento\/areas\/fiestas\/carnaval\/","og_locale":"es_ES","og_type":"article","og_title":"Carnaval - Ajuntament de Mont-roig del Camp","og_description":"[vc_row][vc_column][vc_column_text css=&#8221;&#8221;] Las fiestas de Carnaval se caracterizan por los desfiles de comparsas y r\u00faas y por los excesos carnales y gastron\u00f3micos previos a la llegada de la meditaci\u00f3n y los ayunos propios de la Cuaresma. En Mont-roig y en Miami Platja las r\u00faas de lucimiento son algunos de los actos m\u00e1s multitudinarios, pero la [&hellip;]","og_url":"https:\/\/mont-roig.cat\/es\/ayuntamiento\/areas\/fiestas\/carnaval\/","og_site_name":"Ajuntament de Mont-roig del Camp","article_modified_time":"2026-03-05T13:33:56+00:00","og_image":[{"width":1131,"height":1600,"url":"https:\/\/mont-roig.cat\/wp-content\/uploads\/Carnaval-canvi-hora-2-1.jpeg","type":"image\/jpeg"}],"twitter_card":"summary_large_image","twitter_misc":{"Tiempo de lectura":"2 minutos"},"schema":{"@context":"https:\/\/schema.org","@graph":[{"@type":"WebPage","@id":"https:\/\/mont-roig.cat\/es\/ayuntamiento\/areas\/fiestas\/carnaval\/","url":"https:\/\/mont-roig.cat\/es\/ayuntamiento\/areas\/fiestas\/carnaval\/","name":"Carnaval - Ajuntament de Mont-roig del Camp","isPartOf":{"@id":"https:\/\/mont-roig.cat\/es\/#website"},"primaryImageOfPage":{"@id":"https:\/\/mont-roig.cat\/es\/ayuntamiento\/areas\/fiestas\/carnaval\/#primaryimage"},"image":{"@id":"https:\/\/mont-roig.cat\/es\/ayuntamiento\/areas\/fiestas\/carnaval\/#primaryimage"},"thumbnailUrl":"https:\/\/mont-roig.cat\/wp-content\/uploads\/Carnaval-canvi-hora-2-1-353x500.jpeg","datePublished":"2015-05-28T10:46:23+00:00","dateModified":"2026-03-05T13:33:56+00:00","breadcrumb":{"@id":"https:\/\/mont-roig.cat\/es\/ayuntamiento\/areas\/fiestas\/carnaval\/#breadcrumb"},"inLanguage":"es","potentialAction":[{"@type":"ReadAction","target":["https:\/\/mont-roig.cat\/es\/ayuntamiento\/areas\/fiestas\/carnaval\/"]}]},{"@type":"ImageObject","inLanguage":"es","@id":"https:\/\/mont-roig.cat\/es\/ayuntamiento\/areas\/fiestas\/carnaval\/#primaryimage","url":"https:\/\/mont-roig.cat\/wp-content\/uploads\/Carnaval-canvi-hora-2-1-353x500.jpeg","contentUrl":"https:\/\/mont-roig.cat\/wp-content\/uploads\/Carnaval-canvi-hora-2-1-353x500.jpeg"},{"@type":"BreadcrumbList","@id":"https:\/\/mont-roig.cat\/es\/ayuntamiento\/areas\/fiestas\/carnaval\/#breadcrumb","itemListElement":[{"@type":"ListItem","position":1,"name":"Inici","item":"https:\/\/mont-roig.cat\/es\/pagina-de-inicio\/"},{"@type":"ListItem","position":2,"name":"Ayuntamiento","item":"https:\/\/mont-roig.cat\/es\/ayuntamiento\/"},{"@type":"ListItem","position":3,"name":"\u00c1reas","item":"https:\/\/mont-roig.cat\/es\/ayuntamiento\/areas\/"},{"@type":"ListItem","position":4,"name":"Fiestas","item":"https:\/\/mont-roig.cat\/es\/ayuntamiento\/areas\/fiestas\/"},{"@type":"ListItem","position":5,"name":"Carnaval"}]},{"@type":"WebSite","@id":"https:\/\/mont-roig.cat\/es\/#website","url":"https:\/\/mont-roig.cat\/es\/","name":"Ajuntament de Mont-roig del Camp","description":"Tota la informaci\u00f3 sobre la instituci\u00f3, els seus \u00f2rgans de govern, actualitat, serveis i molt m\u00e9s.","potentialAction":[{"@type":"SearchAction","target":{"@type":"EntryPoint","urlTemplate":"https:\/\/mont-roig.cat\/es\/?s={search_term_string}"},"query-input":{"@type":"PropertyValueSpecification","valueRequired":true,"valueName":"search_term_string"}}],"inLanguage":"es"}]}},"_links":{"self":[{"href":"https:\/\/mont-roig.cat\/es\/wp-json\/wp\/v2\/pages\/4480","targetHints":{"allow":["GET"]}}],"collection":[{"href":"https:\/\/mont-roig.cat\/es\/wp-json\/wp\/v2\/pages"}],"about":[{"href":"https:\/\/mont-roig.cat\/es\/wp-json\/wp\/v2\/types\/page"}],"author":[{"embeddable":true,"href":"https:\/\/mont-roig.cat\/es\/wp-json\/wp\/v2\/users\/4"}],"replies":[{"embeddable":true,"href":"https:\/\/mont-roig.cat\/es\/wp-json\/wp\/v2\/comments?post=4480"}],"version-history":[{"count":24,"href":"https:\/\/mont-roig.cat\/es\/wp-json\/wp\/v2\/pages\/4480\/revisions"}],"predecessor-version":[{"id":89890,"href":"https:\/\/mont-roig.cat\/es\/wp-json\/wp\/v2\/pages\/4480\/revisions\/89890"}],"up":[{"embeddable":true,"href":"https:\/\/mont-roig.cat\/es\/wp-json\/wp\/v2\/pages\/4479"}],"wp:attachment":[{"href":"https:\/\/mont-roig.cat\/es\/wp-json\/wp\/v2\/media?parent=4480"}],"curies":[{"name":"wp","href":"https:\/\/api.w.org\/{rel}","templated":true}]}}

<div class="wpb-content-wrapper">[vc_row][vc_column][vc_column_text css=&#8221;&#8221;]
<div class="body">
<p>Las fiestas de Carnaval se caracterizan por los desfiles de comparsas y rúas y por los excesos carnales y gastronómicos previos a la llegada de la meditación y los ayunos propios de la Cuaresma.</p>
<p>En Mont-roig y en Miami Platja las rúas de lucimiento son algunos de los actos más multitudinarios, pero la programación cuenta con varias propuestas como los bailes de disfraces, actos gastronómicos o el esperado concurso de comparsas y carrozas.</p>
<p><a href="https://mont-roig.cat/wp-content/uploads/Carnaval-canvi-hora-2-1.jpeg"><img loading="lazy" decoding="async" class="alignleft wp-image-89889" src="https://mont-roig.cat/wp-content/uploads/Carnaval-canvi-hora-2-1-353x500.jpeg" alt="" width="258" height="365" srcset="https://mont-roig.cat/wp-content/uploads/Carnaval-canvi-hora-2-1-353x500.jpeg 353w, https://mont-roig.cat/wp-content/uploads/Carnaval-canvi-hora-2-1-724x1024.jpeg 724w, https://mont-roig.cat/wp-content/uploads/Carnaval-canvi-hora-2-1-768x1086.jpeg 768w, https://mont-roig.cat/wp-content/uploads/Carnaval-canvi-hora-2-1-1086x1536.jpeg 1086w, https://mont-roig.cat/wp-content/uploads/Carnaval-canvi-hora-2-1.jpeg 1131w" sizes="auto, (max-width: 258px) 100vw, 258px" /></a></p>
<p data-start="302" data-end="704">El Ayuntamiento de Mont-roig del Camp recuerda que el plazo de inscripción para participar en la Rua de Carnaval 2026 en Miami Platja continúa abierto. Las actividades del sábado, incluyendo la rua, el Miamòdrom, la cena de “carmanyola” y el baile de disfraces, se celebrarán finalmente el 14 de marzo de 2026, tras haberse aplazado por previsión de fuerte viento.</p>
<p data-start="706" data-end="859">Los participantes deben realizar la inscripción en la Sede electrónica del Ayuntamiento, con el trámite activo hasta el 10 de marzo de 2026.</p>
<p data-start="861" data-end="976">Formulario de inscripción: <a href="https://mont-roig.eadministracio.cat/catalog/t/9ffeeda8-79c1-48be-9485-d9406ba501c3" target="_blank" rel="noopener" data-wpel-link="internal">Inscripciones para la la Rua de Carnaval 2026</a></p>
</div>
[/vc_column_text][/vc_column][/vc_row]
</div>

<p>[vc_row][vc_column][vc_column_text css=&#8221;&#8221;] Las fiestas de Carnaval se caracterizan por los desfiles de comparsas y rúas y por los excesos carnales y gastronómicos previos a la llegada de la meditación y los ayunos propios de la Cuaresma. En Mont-roig y en Miami Platja las rúas de lucimiento son algunos de los actos más multitudinarios, pero la [&hellip;]</p>

<!-- This site is optimized with the Yoast SEO plugin v27.4 - https://yoast.com/product/yoast-seo-wordpress/ -->
<title>Carnaval - Ajuntament de Mont-roig del Camp</title>
<meta name="robots" content="index, follow, max-snippet:-1, max-image-preview:large, max-video-preview:-1" />
<link rel="canonical" href="https://mont-roig.cat/es/ayuntamiento/areas/fiestas/carnaval/" />
<meta property="og:locale" content="es_ES" />
<meta property="og:type" content="article" />
<meta property="og:title" content="Carnaval - Ajuntament de Mont-roig del Camp" />
<meta property="og:description" content="[vc_row][vc_column][vc_column_text css=&#8221;&#8221;] Las fiestas de Carnaval se caracterizan por los desfiles de comparsas y rúas y por los excesos carnales y gastronómicos previos a la llegada de la meditación y los ayunos propios de la Cuaresma. En Mont-roig y en Miami Platja las rúas de lucimiento son algunos de los actos más multitudinarios, pero la [&hellip;]" />
<meta property="og:url" content="https://mont-roig.cat/es/ayuntamiento/areas/fiestas/carnaval/" />
<meta property="og:site_name" content="Ajuntament de Mont-roig del Camp" />
<meta property="article:modified_time" content="2026-03-05T13:33:56+00:00" />
<meta property="og:image" content="https://mont-roig.cat/wp-content/uploads/Carnaval-canvi-hora-2-1.jpeg" />
	<meta property="og:image:width" content="1131" />
	<meta property="og:image:height" content="1600" />
	<meta property="og:image:type" content="image/jpeg" />
<meta name="twitter:card" content="summary_large_image" />
<meta name="twitter:label1" content="Tiempo de lectura" />
	<meta name="twitter:data1" content="2 minutos" />
<script type="application/ld+json" class="yoast-schema-graph">{"@context":"https:\/\/schema.org","@graph":[{"@type":"WebPage","@id":"https:\/\/mont-roig.cat\/es\/ayuntamiento\/areas\/fiestas\/carnaval\/","url":"https:\/\/mont-roig.cat\/es\/ayuntamiento\/areas\/fiestas\/carnaval\/","name":"Carnaval - Ajuntament de Mont-roig del Camp","isPartOf":{"@id":"https:\/\/mont-roig.cat\/es\/#website"},"primaryImageOfPage":{"@id":"https:\/\/mont-roig.cat\/es\/ayuntamiento\/areas\/fiestas\/carnaval\/#primaryimage"},"image":{"@id":"https:\/\/mont-roig.cat\/es\/ayuntamiento\/areas\/fiestas\/carnaval\/#primaryimage"},"thumbnailUrl":"https:\/\/mont-roig.cat\/wp-content\/uploads\/Carnaval-canvi-hora-2-1-353x500.jpeg","datePublished":"2015-05-28T10:46:23+00:00","dateModified":"2026-03-05T13:33:56+00:00","breadcrumb":{"@id":"https:\/\/mont-roig.cat\/es\/ayuntamiento\/areas\/fiestas\/carnaval\/#breadcrumb"},"inLanguage":"es","potentialAction":[{"@type":"ReadAction","target":["https:\/\/mont-roig.cat\/es\/ayuntamiento\/areas\/fiestas\/carnaval\/"]}]},{"@type":"ImageObject","inLanguage":"es","@id":"https:\/\/mont-roig.cat\/es\/ayuntamiento\/areas\/fiestas\/carnaval\/#primaryimage","url":"https:\/\/mont-roig.cat\/wp-content\/uploads\/Carnaval-canvi-hora-2-1-353x500.jpeg","contentUrl":"https:\/\/mont-roig.cat\/wp-content\/uploads\/Carnaval-canvi-hora-2-1-353x500.jpeg"},{"@type":"BreadcrumbList","@id":"https:\/\/mont-roig.cat\/es\/ayuntamiento\/areas\/fiestas\/carnaval\/#breadcrumb","itemListElement":[{"@type":"ListItem","position":1,"name":"Inici","item":"https:\/\/mont-roig.cat\/es\/pagina-de-inicio\/"},{"@type":"ListItem","position":2,"name":"Ayuntamiento","item":"https:\/\/mont-roig.cat\/es\/ayuntamiento\/"},{"@type":"ListItem","position":3,"name":"Áreas","item":"https:\/\/mont-roig.cat\/es\/ayuntamiento\/areas\/"},{"@type":"ListItem","position":4,"name":"Fiestas","item":"https:\/\/mont-roig.cat\/es\/ayuntamiento\/areas\/fiestas\/"},{"@type":"ListItem","position":5,"name":"Carnaval"}]},{"@type":"WebSite","@id":"https:\/\/mont-roig.cat\/es\/#website","url":"https:\/\/mont-roig.cat\/es\/","name":"Ajuntament de Mont-roig del Camp","description":"Tota la informació sobre la institució, els seus òrgans de govern, actualitat, serveis i molt més.","potentialAction":[{"@type":"SearchAction","target":{"@type":"EntryPoint","urlTemplate":"https:\/\/mont-roig.cat\/es\/?s={search_term_string}"},"query-input":{"@type":"PropertyValueSpecification","valueRequired":true,"valueName":"search_term_string"}}],"inLanguage":"es"}]}</script>
<!-- / Yoast SEO plugin. -->

[vc_row][vc_column][vc_column_text css=&#8221;&#8221;] Las fiestas de Carnaval se caracterizan por los desfiles de comparsas y rúas y por los excesos carnales y gastronómicos previos a la llegada de la meditación y los ayunos propios de la Cuaresma. En Mont-roig y en Miami Platja las rúas de lucimiento son algunos de los actos más multitudinarios, pero la [&hellip;]

Áreas

Tota la informació sobre la institució, els seus òrgans de govern, actualitat, serveis i molt més.
