{"id":4481,"date":"2015-05-28T10:53:34","date_gmt":"2015-05-28T10:53:34","guid":{"rendered":""},"modified":"2026-03-10T14:11:06","modified_gmt":"2026-03-10T13:11:06","slug":"san-jose","status":"publish","type":"page","link":"https:\/\/mont-roig.cat\/es\/ayuntamiento\/areas\/fiestas\/san-jose\/","title":{"rendered":"San Josep"},"content":{"rendered":"<div class=\"body\">\n<p style=\"text-align: justify;\"><a href=\"https:\/\/mont-roig.cat\/wp-content\/uploads\/MMF_SANTJOSEP26_CARTELL-A3_web-1.png\" target=\"_blank\" rel=\"noopener\"><img loading=\"lazy\" decoding=\"async\" class=\"alignleft wp-image-89985\" src=\"https:\/\/mont-roig.cat\/wp-content\/uploads\/MMF_SANTJOSEP26_CARTELL-A3_web-1-353x500.png\" alt=\"\" width=\"250\" height=\"354\" \/><\/a>El d\u00eda 19 de marzo, coincidiendo con la festividad de San Josep, se celebra la fiesta mayor de invierno de Miami Platja. Durante varios d\u00edas se organizan una gran variedad de actos entre los que destaca el baile con orquesta, comidas y vermuts populares pero sobre todo la participaci\u00f3n de numerosas entidades que hacen posible que la fiesta cada a\u00f1o sea un \u00e9xito.<\/p>\n<\/div>\n<div class=\"field_page_fitxers\">\n<p>Consulta aqu\u00ed la programaci\u00f3n de actos: <a href=\"https:\/\/mont-roig.cat\/wp-content\/uploads\/MMF_SANT_JOSEP_PROGRAMA26_web-1.pdf\" target=\"_blank\" rel=\"noopener\">Sant Josep 2026.<\/a><\/p>\n<\/div>\n","protected":false},"excerpt":{"rendered":"<p>El d\u00eda 19 de marzo, coincidiendo con la festividad de San Josep, se celebra la fiesta mayor de invierno de Miami Platja. Durante varios d\u00edas se organizan una gran variedad de actos entre los que destaca el baile con orquesta, comidas y vermuts populares pero sobre todo la participaci\u00f3n de numerosas entidades que hacen posible [&hellip;]<\/p>\n","protected":false},"author":4,"featured_media":0,"parent":4479,"menu_order":0,"comment_status":"closed","ping_status":"closed","template":"","meta":{"inline_featured_image":false,"_monsterinsights_skip_tracking":false,"_monsterinsights_sitenote_active":false,"_monsterinsights_sitenote_note":"","_monsterinsights_sitenote_category":0,"footnotes":""},"class_list":["post-4481","page","type-page","status-publish","hentry"],"yoast_head":"<!-- This site is optimized with the Yoast SEO plugin v27.4 - https:\/\/yoast.com\/product\/yoast-seo-wordpress\/ -->\n<title>San Josep - Ajuntament de Mont-roig del Camp<\/title>\n<meta name=\"robots\" content=\"index, follow, max-snippet:-1, max-image-preview:large, max-video-preview:-1\" \/>\n<link rel=\"canonical\" href=\"https:\/\/mont-roig.cat\/es\/ayuntamiento\/areas\/fiestas\/san-jose\/\" \/>\n<meta property=\"og:locale\" content=\"es_ES\" \/>\n<meta property=\"og:type\" content=\"article\" \/>\n<meta property=\"og:title\" content=\"San Josep - Ajuntament de Mont-roig del Camp\" \/>\n<meta property=\"og:description\" content=\"El d\u00eda 19 de marzo, coincidiendo con la festividad de San Josep, se celebra la fiesta mayor de invierno de Miami Platja. Durante varios d\u00edas se organizan una gran variedad de actos entre los que destaca el baile con orquesta, comidas y vermuts populares pero sobre todo la participaci\u00f3n de numerosas entidades que hacen posible [&hellip;]\" \/>\n<meta property=\"og:url\" content=\"https:\/\/mont-roig.cat\/es\/ayuntamiento\/areas\/fiestas\/san-jose\/\" \/>\n<meta property=\"og:site_name\" content=\"Ajuntament de Mont-roig del Camp\" \/>\n<meta property=\"article:modified_time\" content=\"2026-03-10T13:11:06+00:00\" \/>\n<meta property=\"og:image\" content=\"https:\/\/mont-roig.cat\/wp-content\/uploads\/aj-mont-roig-2.jpg\" \/>\n\t<meta property=\"og:image:width\" content=\"1200\" \/>\n\t<meta property=\"og:image:height\" content=\"600\" \/>\n\t<meta property=\"og:image:type\" content=\"image\/jpeg\" \/>\n<meta name=\"twitter:card\" content=\"summary_large_image\" \/>\n<meta name=\"twitter:label1\" content=\"Tiempo de lectura\" \/>\n\t<meta name=\"twitter:data1\" content=\"1 minuto\" \/>\n<script type=\"application\/ld+json\" class=\"yoast-schema-graph\">{\"@context\":\"https:\\\/\\\/schema.org\",\"@graph\":[{\"@type\":\"WebPage\",\"@id\":\"https:\\\/\\\/mont-roig.cat\\\/es\\\/ayuntamiento\\\/areas\\\/fiestas\\\/san-jose\\\/\",\"url\":\"https:\\\/\\\/mont-roig.cat\\\/es\\\/ayuntamiento\\\/areas\\\/fiestas\\\/san-jose\\\/\",\"name\":\"San Josep - Ajuntament de Mont-roig del Camp\",\"isPartOf\":{\"@id\":\"https:\\\/\\\/mont-roig.cat\\\/es\\\/#website\"},\"primaryImageOfPage\":{\"@id\":\"https:\\\/\\\/mont-roig.cat\\\/es\\\/ayuntamiento\\\/areas\\\/fiestas\\\/san-jose\\\/#primaryimage\"},\"image\":{\"@id\":\"https:\\\/\\\/mont-roig.cat\\\/es\\\/ayuntamiento\\\/areas\\\/fiestas\\\/san-jose\\\/#primaryimage\"},\"thumbnailUrl\":\"https:\\\/\\\/mont-roig.cat\\\/wp-content\\\/uploads\\\/MMF_SANTJOSEP26_CARTELL-A3_web-1-353x500.png\",\"datePublished\":\"2015-05-28T10:53:34+00:00\",\"dateModified\":\"2026-03-10T13:11:06+00:00\",\"breadcrumb\":{\"@id\":\"https:\\\/\\\/mont-roig.cat\\\/es\\\/ayuntamiento\\\/areas\\\/fiestas\\\/san-jose\\\/#breadcrumb\"},\"inLanguage\":\"es\",\"potentialAction\":[{\"@type\":\"ReadAction\",\"target\":[\"https:\\\/\\\/mont-roig.cat\\\/es\\\/ayuntamiento\\\/areas\\\/fiestas\\\/san-jose\\\/\"]}]},{\"@type\":\"ImageObject\",\"inLanguage\":\"es\",\"@id\":\"https:\\\/\\\/mont-roig.cat\\\/es\\\/ayuntamiento\\\/areas\\\/fiestas\\\/san-jose\\\/#primaryimage\",\"url\":\"https:\\\/\\\/mont-roig.cat\\\/wp-content\\\/uploads\\\/MMF_SANTJOSEP26_CARTELL-A3_web-1-353x500.png\",\"contentUrl\":\"https:\\\/\\\/mont-roig.cat\\\/wp-content\\\/uploads\\\/MMF_SANTJOSEP26_CARTELL-A3_web-1-353x500.png\"},{\"@type\":\"BreadcrumbList\",\"@id\":\"https:\\\/\\\/mont-roig.cat\\\/es\\\/ayuntamiento\\\/areas\\\/fiestas\\\/san-jose\\\/#breadcrumb\",\"itemListElement\":[{\"@type\":\"ListItem\",\"position\":1,\"name\":\"Inici\",\"item\":\"https:\\\/\\\/mont-roig.cat\\\/es\\\/pagina-de-inicio\\\/\"},{\"@type\":\"ListItem\",\"position\":2,\"name\":\"Ayuntamiento\",\"item\":\"https:\\\/\\\/mont-roig.cat\\\/es\\\/ayuntamiento\\\/\"},{\"@type\":\"ListItem\",\"position\":3,\"name\":\"\u00c1reas\",\"item\":\"https:\\\/\\\/mont-roig.cat\\\/es\\\/ayuntamiento\\\/areas\\\/\"},{\"@type\":\"ListItem\",\"position\":4,\"name\":\"Fiestas\",\"item\":\"https:\\\/\\\/mont-roig.cat\\\/es\\\/ayuntamiento\\\/areas\\\/fiestas\\\/\"},{\"@type\":\"ListItem\",\"position\":5,\"name\":\"San Josep\"}]},{\"@type\":\"WebSite\",\"@id\":\"https:\\\/\\\/mont-roig.cat\\\/es\\\/#website\",\"url\":\"https:\\\/\\\/mont-roig.cat\\\/es\\\/\",\"name\":\"Ajuntament de Mont-roig del Camp\",\"description\":\"Tota la informaci\u00f3 sobre la instituci\u00f3, els seus \u00f2rgans de govern, actualitat, serveis i molt m\u00e9s.\",\"potentialAction\":[{\"@type\":\"SearchAction\",\"target\":{\"@type\":\"EntryPoint\",\"urlTemplate\":\"https:\\\/\\\/mont-roig.cat\\\/es\\\/?s={search_term_string}\"},\"query-input\":{\"@type\":\"PropertyValueSpecification\",\"valueRequired\":true,\"valueName\":\"search_term_string\"}}],\"inLanguage\":\"es\"}]}<\/script>\n<!-- \/ Yoast SEO plugin. -->","yoast_head_json":{"title":"San Josep - Ajuntament de Mont-roig del Camp","robots":{"index":"index","follow":"follow","max-snippet":"max-snippet:-1","max-image-preview":"max-image-preview:large","max-video-preview":"max-video-preview:-1"},"canonical":"https:\/\/mont-roig.cat\/es\/ayuntamiento\/areas\/fiestas\/san-jose\/","og_locale":"es_ES","og_type":"article","og_title":"San Josep - Ajuntament de Mont-roig del Camp","og_description":"El d\u00eda 19 de marzo, coincidiendo con la festividad de San Josep, se celebra la fiesta mayor de invierno de Miami Platja. Durante varios d\u00edas se organizan una gran variedad de actos entre los que destaca el baile con orquesta, comidas y vermuts populares pero sobre todo la participaci\u00f3n de numerosas entidades que hacen posible [&hellip;]","og_url":"https:\/\/mont-roig.cat\/es\/ayuntamiento\/areas\/fiestas\/san-jose\/","og_site_name":"Ajuntament de Mont-roig del Camp","article_modified_time":"2026-03-10T13:11:06+00:00","og_image":[{"width":1200,"height":600,"url":"https:\/\/mont-roig.cat\/wp-content\/uploads\/aj-mont-roig-2.jpg","type":"image\/jpeg"}],"twitter_card":"summary_large_image","twitter_misc":{"Tiempo de lectura":"1 minuto"},"schema":{"@context":"https:\/\/schema.org","@graph":[{"@type":"WebPage","@id":"https:\/\/mont-roig.cat\/es\/ayuntamiento\/areas\/fiestas\/san-jose\/","url":"https:\/\/mont-roig.cat\/es\/ayuntamiento\/areas\/fiestas\/san-jose\/","name":"San Josep - Ajuntament de Mont-roig del Camp","isPartOf":{"@id":"https:\/\/mont-roig.cat\/es\/#website"},"primaryImageOfPage":{"@id":"https:\/\/mont-roig.cat\/es\/ayuntamiento\/areas\/fiestas\/san-jose\/#primaryimage"},"image":{"@id":"https:\/\/mont-roig.cat\/es\/ayuntamiento\/areas\/fiestas\/san-jose\/#primaryimage"},"thumbnailUrl":"https:\/\/mont-roig.cat\/wp-content\/uploads\/MMF_SANTJOSEP26_CARTELL-A3_web-1-353x500.png","datePublished":"2015-05-28T10:53:34+00:00","dateModified":"2026-03-10T13:11:06+00:00","breadcrumb":{"@id":"https:\/\/mont-roig.cat\/es\/ayuntamiento\/areas\/fiestas\/san-jose\/#breadcrumb"},"inLanguage":"es","potentialAction":[{"@type":"ReadAction","target":["https:\/\/mont-roig.cat\/es\/ayuntamiento\/areas\/fiestas\/san-jose\/"]}]},{"@type":"ImageObject","inLanguage":"es","@id":"https:\/\/mont-roig.cat\/es\/ayuntamiento\/areas\/fiestas\/san-jose\/#primaryimage","url":"https:\/\/mont-roig.cat\/wp-content\/uploads\/MMF_SANTJOSEP26_CARTELL-A3_web-1-353x500.png","contentUrl":"https:\/\/mont-roig.cat\/wp-content\/uploads\/MMF_SANTJOSEP26_CARTELL-A3_web-1-353x500.png"},{"@type":"BreadcrumbList","@id":"https:\/\/mont-roig.cat\/es\/ayuntamiento\/areas\/fiestas\/san-jose\/#breadcrumb","itemListElement":[{"@type":"ListItem","position":1,"name":"Inici","item":"https:\/\/mont-roig.cat\/es\/pagina-de-inicio\/"},{"@type":"ListItem","position":2,"name":"Ayuntamiento","item":"https:\/\/mont-roig.cat\/es\/ayuntamiento\/"},{"@type":"ListItem","position":3,"name":"\u00c1reas","item":"https:\/\/mont-roig.cat\/es\/ayuntamiento\/areas\/"},{"@type":"ListItem","position":4,"name":"Fiestas","item":"https:\/\/mont-roig.cat\/es\/ayuntamiento\/areas\/fiestas\/"},{"@type":"ListItem","position":5,"name":"San Josep"}]},{"@type":"WebSite","@id":"https:\/\/mont-roig.cat\/es\/#website","url":"https:\/\/mont-roig.cat\/es\/","name":"Ajuntament de Mont-roig del Camp","description":"Tota la informaci\u00f3 sobre la instituci\u00f3, els seus \u00f2rgans de govern, actualitat, serveis i molt m\u00e9s.","potentialAction":[{"@type":"SearchAction","target":{"@type":"EntryPoint","urlTemplate":"https:\/\/mont-roig.cat\/es\/?s={search_term_string}"},"query-input":{"@type":"PropertyValueSpecification","valueRequired":true,"valueName":"search_term_string"}}],"inLanguage":"es"}]}},"_links":{"self":[{"href":"https:\/\/mont-roig.cat\/es\/wp-json\/wp\/v2\/pages\/4481","targetHints":{"allow":["GET"]}}],"collection":[{"href":"https:\/\/mont-roig.cat\/es\/wp-json\/wp\/v2\/pages"}],"about":[{"href":"https:\/\/mont-roig.cat\/es\/wp-json\/wp\/v2\/types\/page"}],"author":[{"embeddable":true,"href":"https:\/\/mont-roig.cat\/es\/wp-json\/wp\/v2\/users\/4"}],"replies":[{"embeddable":true,"href":"https:\/\/mont-roig.cat\/es\/wp-json\/wp\/v2\/comments?post=4481"}],"version-history":[{"count":10,"href":"https:\/\/mont-roig.cat\/es\/wp-json\/wp\/v2\/pages\/4481\/revisions"}],"predecessor-version":[{"id":89990,"href":"https:\/\/mont-roig.cat\/es\/wp-json\/wp\/v2\/pages\/4481\/revisions\/89990"}],"up":[{"embeddable":true,"href":"https:\/\/mont-roig.cat\/es\/wp-json\/wp\/v2\/pages\/4479"}],"wp:attachment":[{"href":"https:\/\/mont-roig.cat\/es\/wp-json\/wp\/v2\/media?parent=4481"}],"curies":[{"name":"wp","href":"https:\/\/api.w.org\/{rel}","templated":true}]}}

<div class="body">
<p style="text-align: justify;"><a href="https://mont-roig.cat/wp-content/uploads/MMF_SANTJOSEP26_CARTELL-A3_web-1.png" target="_blank" rel="noopener"><img loading="lazy" decoding="async" class="alignleft wp-image-89985" src="https://mont-roig.cat/wp-content/uploads/MMF_SANTJOSEP26_CARTELL-A3_web-1-353x500.png" alt="" width="250" height="354" /></a>El día 19 de marzo, coincidiendo con la festividad de San Josep, se celebra la fiesta mayor de invierno de Miami Platja. Durante varios días se organizan una gran variedad de actos entre los que destaca el baile con orquesta, comidas y vermuts populares pero sobre todo la participación de numerosas entidades que hacen posible que la fiesta cada año sea un éxito.</p>
</div>
<div class="field_page_fitxers">
<p>Consulta aquí la programación de actos: <a href="https://mont-roig.cat/wp-content/uploads/MMF_SANT_JOSEP_PROGRAMA26_web-1.pdf" target="_blank" rel="noopener">Sant Josep 2026.</a></p>
</div>

<p>El día 19 de marzo, coincidiendo con la festividad de San Josep, se celebra la fiesta mayor de invierno de Miami Platja. Durante varios días se organizan una gran variedad de actos entre los que destaca el baile con orquesta, comidas y vermuts populares pero sobre todo la participación de numerosas entidades que hacen posible [&hellip;]</p>

<!-- This site is optimized with the Yoast SEO plugin v27.4 - https://yoast.com/product/yoast-seo-wordpress/ -->
<title>San Josep - Ajuntament de Mont-roig del Camp</title>
<meta name="robots" content="index, follow, max-snippet:-1, max-image-preview:large, max-video-preview:-1" />
<link rel="canonical" href="https://mont-roig.cat/es/ayuntamiento/areas/fiestas/san-jose/" />
<meta property="og:locale" content="es_ES" />
<meta property="og:type" content="article" />
<meta property="og:title" content="San Josep - Ajuntament de Mont-roig del Camp" />
<meta property="og:description" content="El día 19 de marzo, coincidiendo con la festividad de San Josep, se celebra la fiesta mayor de invierno de Miami Platja. Durante varios días se organizan una gran variedad de actos entre los que destaca el baile con orquesta, comidas y vermuts populares pero sobre todo la participación de numerosas entidades que hacen posible [&hellip;]" />
<meta property="og:url" content="https://mont-roig.cat/es/ayuntamiento/areas/fiestas/san-jose/" />
<meta property="og:site_name" content="Ajuntament de Mont-roig del Camp" />
<meta property="article:modified_time" content="2026-03-10T13:11:06+00:00" />
<meta property="og:image" content="https://mont-roig.cat/wp-content/uploads/aj-mont-roig-2.jpg" />
	<meta property="og:image:width" content="1200" />
	<meta property="og:image:height" content="600" />
	<meta property="og:image:type" content="image/jpeg" />
<meta name="twitter:card" content="summary_large_image" />
<meta name="twitter:label1" content="Tiempo de lectura" />
	<meta name="twitter:data1" content="1 minuto" />
<script type="application/ld+json" class="yoast-schema-graph">{"@context":"https:\/\/schema.org","@graph":[{"@type":"WebPage","@id":"https:\/\/mont-roig.cat\/es\/ayuntamiento\/areas\/fiestas\/san-jose\/","url":"https:\/\/mont-roig.cat\/es\/ayuntamiento\/areas\/fiestas\/san-jose\/","name":"San Josep - Ajuntament de Mont-roig del Camp","isPartOf":{"@id":"https:\/\/mont-roig.cat\/es\/#website"},"primaryImageOfPage":{"@id":"https:\/\/mont-roig.cat\/es\/ayuntamiento\/areas\/fiestas\/san-jose\/#primaryimage"},"image":{"@id":"https:\/\/mont-roig.cat\/es\/ayuntamiento\/areas\/fiestas\/san-jose\/#primaryimage"},"thumbnailUrl":"https:\/\/mont-roig.cat\/wp-content\/uploads\/MMF_SANTJOSEP26_CARTELL-A3_web-1-353x500.png","datePublished":"2015-05-28T10:53:34+00:00","dateModified":"2026-03-10T13:11:06+00:00","breadcrumb":{"@id":"https:\/\/mont-roig.cat\/es\/ayuntamiento\/areas\/fiestas\/san-jose\/#breadcrumb"},"inLanguage":"es","potentialAction":[{"@type":"ReadAction","target":["https:\/\/mont-roig.cat\/es\/ayuntamiento\/areas\/fiestas\/san-jose\/"]}]},{"@type":"ImageObject","inLanguage":"es","@id":"https:\/\/mont-roig.cat\/es\/ayuntamiento\/areas\/fiestas\/san-jose\/#primaryimage","url":"https:\/\/mont-roig.cat\/wp-content\/uploads\/MMF_SANTJOSEP26_CARTELL-A3_web-1-353x500.png","contentUrl":"https:\/\/mont-roig.cat\/wp-content\/uploads\/MMF_SANTJOSEP26_CARTELL-A3_web-1-353x500.png"},{"@type":"BreadcrumbList","@id":"https:\/\/mont-roig.cat\/es\/ayuntamiento\/areas\/fiestas\/san-jose\/#breadcrumb","itemListElement":[{"@type":"ListItem","position":1,"name":"Inici","item":"https:\/\/mont-roig.cat\/es\/pagina-de-inicio\/"},{"@type":"ListItem","position":2,"name":"Ayuntamiento","item":"https:\/\/mont-roig.cat\/es\/ayuntamiento\/"},{"@type":"ListItem","position":3,"name":"Áreas","item":"https:\/\/mont-roig.cat\/es\/ayuntamiento\/areas\/"},{"@type":"ListItem","position":4,"name":"Fiestas","item":"https:\/\/mont-roig.cat\/es\/ayuntamiento\/areas\/fiestas\/"},{"@type":"ListItem","position":5,"name":"San Josep"}]},{"@type":"WebSite","@id":"https:\/\/mont-roig.cat\/es\/#website","url":"https:\/\/mont-roig.cat\/es\/","name":"Ajuntament de Mont-roig del Camp","description":"Tota la informació sobre la institució, els seus òrgans de govern, actualitat, serveis i molt més.","potentialAction":[{"@type":"SearchAction","target":{"@type":"EntryPoint","urlTemplate":"https:\/\/mont-roig.cat\/es\/?s={search_term_string}"},"query-input":{"@type":"PropertyValueSpecification","valueRequired":true,"valueName":"search_term_string"}}],"inLanguage":"es"}]}</script>
<!-- / Yoast SEO plugin. -->

El día 19 de marzo, coincidiendo con la festividad de San Josep, se celebra la fiesta mayor de invierno de Miami Platja. Durante varios días se organizan una gran variedad de actos entre los que destaca el baile con orquesta, comidas y vermuts populares pero sobre todo la participación de numerosas entidades que hacen posible [&hellip;]

Áreas

Tota la informació sobre la institució, els seus òrgans de govern, actualitat, serveis i molt més.
