{"id":4482,"date":"2015-05-28T11:04:33","date_gmt":"2015-05-28T11:04:33","guid":{"rendered":""},"modified":"2017-02-15T09:32:53","modified_gmt":"2017-02-15T08:32:53","slug":"semana-santa","status":"publish","type":"page","link":"https:\/\/mont-roig.cat\/es\/ayuntamiento\/areas\/fiestas\/semana-santa\/","title":{"rendered":"Semana Santa"},"content":{"rendered":"<div class=\"body\">\n<p style=\"text-align: justify;\">La <strong>Semana Santa<\/strong> engloba todas las celebraciones que tienen lugar entre el viernes antes del Domingo de Ramos y el Domingo de Pascua. La fecha de Pascua se fija a partir de la primera luna llena de primavera, por lo que su ubicaci\u00f3n en el calendario cambia cada a\u00f1o, oscilando entre los meses de marzo y abril.<\/p>\n<p style=\"text-align: justify;\">A trav\u00e9s de numerosos actos religiosos (procesiones, escenificaciones y otras actividades lit\u00fargicas) los cristianos recuerdan la Pasi\u00f3n, Muerte y Resurrecci\u00f3n de Jesucristo.<\/p>\n<p style=\"text-align: justify;\">Algunos de los actos m\u00e1s populares tienen lugar Domingo de Ramos con la bendici\u00f3n de las palmas, la procesi\u00f3n de Viernes Santo o Lunes de Pascua. La Ermita de la Mare de D\u00e9u Roca es uno de los emplazamientos tradicionales de los vecinos y vecinas para ir a comer la <em>mona<\/em>.<\/p>\n<p style=\"text-align: justify;\">Cabe decir que desde hace unos a\u00f1os, el <a href=\"http:\/\/armatsmont-roig.blogspot.com.es\/\" target=\"_blank\">Grup d&#8217;Armats de Mont-roig<\/a>\u00a0participa en las celebraciones de Semana Santa aportando un lucimiento especial. Puede visitarlos en su Facebook. \u00a0<a title=\"Facebook Armats Mont-roig\" href=\"https:\/\/www.facebook.com\/armats.montroig\" target=\"_blank\" rel=\"tooltip\"><img decoding=\"async\" style=\"width: 28px; height: 28px;\" src=\"http:\/\/mont-roig.cat\/wp-content\/uploads\/ico-facebook.png\" alt=\"Facebook Armats Mont-roig\" \/><\/a><\/p>\n<p>&nbsp;<\/p>\n<div><\/div>\n<p>&nbsp;<\/p>\n<\/div>\n","protected":false},"excerpt":{"rendered":"<p>La Semana Santa engloba todas las celebraciones que tienen lugar entre el viernes antes del Domingo de Ramos y el Domingo de Pascua. La fecha de Pascua se fija a partir de la primera luna llena de primavera, por lo que su ubicaci\u00f3n en el calendario cambia cada a\u00f1o, oscilando entre los meses de marzo [&hellip;]<\/p>\n","protected":false},"author":4,"featured_media":0,"parent":4479,"menu_order":0,"comment_status":"closed","ping_status":"closed","template":"","meta":{"inline_featured_image":false,"_monsterinsights_skip_tracking":false,"_monsterinsights_sitenote_active":false,"_monsterinsights_sitenote_note":"","_monsterinsights_sitenote_category":0,"footnotes":""},"class_list":["post-4482","page","type-page","status-publish","hentry"],"yoast_head":"<!-- This site is optimized with the Yoast SEO plugin v27.4 - https:\/\/yoast.com\/product\/yoast-seo-wordpress\/ -->\n<title>Semana Santa - Ajuntament de Mont-roig del Camp<\/title>\n<meta name=\"robots\" content=\"index, follow, max-snippet:-1, max-image-preview:large, max-video-preview:-1\" \/>\n<link rel=\"canonical\" href=\"https:\/\/mont-roig.cat\/es\/ayuntamiento\/areas\/fiestas\/semana-santa\/\" \/>\n<meta property=\"og:locale\" content=\"es_ES\" \/>\n<meta property=\"og:type\" content=\"article\" \/>\n<meta property=\"og:title\" content=\"Semana Santa - Ajuntament de Mont-roig del Camp\" \/>\n<meta property=\"og:description\" content=\"La Semana Santa engloba todas las celebraciones que tienen lugar entre el viernes antes del Domingo de Ramos y el Domingo de Pascua. La fecha de Pascua se fija a partir de la primera luna llena de primavera, por lo que su ubicaci\u00f3n en el calendario cambia cada a\u00f1o, oscilando entre los meses de marzo [&hellip;]\" \/>\n<meta property=\"og:url\" content=\"https:\/\/mont-roig.cat\/es\/ayuntamiento\/areas\/fiestas\/semana-santa\/\" \/>\n<meta property=\"og:site_name\" content=\"Ajuntament de Mont-roig del Camp\" \/>\n<meta property=\"article:modified_time\" content=\"2017-02-15T08:32:53+00:00\" \/>\n<meta property=\"og:image\" content=\"http:\/\/mont-roig.cat\/wp-content\/uploads\/ico-facebook.png\" \/>\n<meta name=\"twitter:card\" content=\"summary_large_image\" \/>\n<meta name=\"twitter:label1\" content=\"Tiempo de lectura\" \/>\n\t<meta name=\"twitter:data1\" content=\"1 minuto\" \/>\n<script type=\"application\/ld+json\" class=\"yoast-schema-graph\">{\"@context\":\"https:\\\/\\\/schema.org\",\"@graph\":[{\"@type\":\"WebPage\",\"@id\":\"https:\\\/\\\/mont-roig.cat\\\/es\\\/ayuntamiento\\\/areas\\\/fiestas\\\/semana-santa\\\/\",\"url\":\"https:\\\/\\\/mont-roig.cat\\\/es\\\/ayuntamiento\\\/areas\\\/fiestas\\\/semana-santa\\\/\",\"name\":\"Semana Santa - Ajuntament de Mont-roig del Camp\",\"isPartOf\":{\"@id\":\"https:\\\/\\\/mont-roig.cat\\\/es\\\/#website\"},\"primaryImageOfPage\":{\"@id\":\"https:\\\/\\\/mont-roig.cat\\\/es\\\/ayuntamiento\\\/areas\\\/fiestas\\\/semana-santa\\\/#primaryimage\"},\"image\":{\"@id\":\"https:\\\/\\\/mont-roig.cat\\\/es\\\/ayuntamiento\\\/areas\\\/fiestas\\\/semana-santa\\\/#primaryimage\"},\"thumbnailUrl\":\"http:\\\/\\\/mont-roig.cat\\\/wp-content\\\/uploads\\\/ico-facebook.png\",\"datePublished\":\"2015-05-28T11:04:33+00:00\",\"dateModified\":\"2017-02-15T08:32:53+00:00\",\"breadcrumb\":{\"@id\":\"https:\\\/\\\/mont-roig.cat\\\/es\\\/ayuntamiento\\\/areas\\\/fiestas\\\/semana-santa\\\/#breadcrumb\"},\"inLanguage\":\"es\",\"potentialAction\":[{\"@type\":\"ReadAction\",\"target\":[\"https:\\\/\\\/mont-roig.cat\\\/es\\\/ayuntamiento\\\/areas\\\/fiestas\\\/semana-santa\\\/\"]}]},{\"@type\":\"ImageObject\",\"inLanguage\":\"es\",\"@id\":\"https:\\\/\\\/mont-roig.cat\\\/es\\\/ayuntamiento\\\/areas\\\/fiestas\\\/semana-santa\\\/#primaryimage\",\"url\":\"http:\\\/\\\/mont-roig.cat\\\/wp-content\\\/uploads\\\/ico-facebook.png\",\"contentUrl\":\"http:\\\/\\\/mont-roig.cat\\\/wp-content\\\/uploads\\\/ico-facebook.png\"},{\"@type\":\"BreadcrumbList\",\"@id\":\"https:\\\/\\\/mont-roig.cat\\\/es\\\/ayuntamiento\\\/areas\\\/fiestas\\\/semana-santa\\\/#breadcrumb\",\"itemListElement\":[{\"@type\":\"ListItem\",\"position\":1,\"name\":\"Inici\",\"item\":\"https:\\\/\\\/mont-roig.cat\\\/es\\\/pagina-de-inicio\\\/\"},{\"@type\":\"ListItem\",\"position\":2,\"name\":\"Ayuntamiento\",\"item\":\"https:\\\/\\\/mont-roig.cat\\\/es\\\/ayuntamiento\\\/\"},{\"@type\":\"ListItem\",\"position\":3,\"name\":\"\u00c1reas\",\"item\":\"https:\\\/\\\/mont-roig.cat\\\/es\\\/ayuntamiento\\\/areas\\\/\"},{\"@type\":\"ListItem\",\"position\":4,\"name\":\"Fiestas\",\"item\":\"https:\\\/\\\/mont-roig.cat\\\/es\\\/ayuntamiento\\\/areas\\\/fiestas\\\/\"},{\"@type\":\"ListItem\",\"position\":5,\"name\":\"Semana Santa\"}]},{\"@type\":\"WebSite\",\"@id\":\"https:\\\/\\\/mont-roig.cat\\\/es\\\/#website\",\"url\":\"https:\\\/\\\/mont-roig.cat\\\/es\\\/\",\"name\":\"Ajuntament de Mont-roig del Camp\",\"description\":\"Tota la informaci\u00f3 sobre la instituci\u00f3, els seus \u00f2rgans de govern, actualitat, serveis i molt m\u00e9s.\",\"potentialAction\":[{\"@type\":\"SearchAction\",\"target\":{\"@type\":\"EntryPoint\",\"urlTemplate\":\"https:\\\/\\\/mont-roig.cat\\\/es\\\/?s={search_term_string}\"},\"query-input\":{\"@type\":\"PropertyValueSpecification\",\"valueRequired\":true,\"valueName\":\"search_term_string\"}}],\"inLanguage\":\"es\"}]}<\/script>\n<!-- \/ Yoast SEO plugin. -->","yoast_head_json":{"title":"Semana Santa - Ajuntament de Mont-roig del Camp","robots":{"index":"index","follow":"follow","max-snippet":"max-snippet:-1","max-image-preview":"max-image-preview:large","max-video-preview":"max-video-preview:-1"},"canonical":"https:\/\/mont-roig.cat\/es\/ayuntamiento\/areas\/fiestas\/semana-santa\/","og_locale":"es_ES","og_type":"article","og_title":"Semana Santa - Ajuntament de Mont-roig del Camp","og_description":"La Semana Santa engloba todas las celebraciones que tienen lugar entre el viernes antes del Domingo de Ramos y el Domingo de Pascua. La fecha de Pascua se fija a partir de la primera luna llena de primavera, por lo que su ubicaci\u00f3n en el calendario cambia cada a\u00f1o, oscilando entre los meses de marzo [&hellip;]","og_url":"https:\/\/mont-roig.cat\/es\/ayuntamiento\/areas\/fiestas\/semana-santa\/","og_site_name":"Ajuntament de Mont-roig del Camp","article_modified_time":"2017-02-15T08:32:53+00:00","og_image":[{"url":"http:\/\/mont-roig.cat\/wp-content\/uploads\/ico-facebook.png","type":"","width":"","height":""}],"twitter_card":"summary_large_image","twitter_misc":{"Tiempo de lectura":"1 minuto"},"schema":{"@context":"https:\/\/schema.org","@graph":[{"@type":"WebPage","@id":"https:\/\/mont-roig.cat\/es\/ayuntamiento\/areas\/fiestas\/semana-santa\/","url":"https:\/\/mont-roig.cat\/es\/ayuntamiento\/areas\/fiestas\/semana-santa\/","name":"Semana Santa - Ajuntament de Mont-roig del Camp","isPartOf":{"@id":"https:\/\/mont-roig.cat\/es\/#website"},"primaryImageOfPage":{"@id":"https:\/\/mont-roig.cat\/es\/ayuntamiento\/areas\/fiestas\/semana-santa\/#primaryimage"},"image":{"@id":"https:\/\/mont-roig.cat\/es\/ayuntamiento\/areas\/fiestas\/semana-santa\/#primaryimage"},"thumbnailUrl":"http:\/\/mont-roig.cat\/wp-content\/uploads\/ico-facebook.png","datePublished":"2015-05-28T11:04:33+00:00","dateModified":"2017-02-15T08:32:53+00:00","breadcrumb":{"@id":"https:\/\/mont-roig.cat\/es\/ayuntamiento\/areas\/fiestas\/semana-santa\/#breadcrumb"},"inLanguage":"es","potentialAction":[{"@type":"ReadAction","target":["https:\/\/mont-roig.cat\/es\/ayuntamiento\/areas\/fiestas\/semana-santa\/"]}]},{"@type":"ImageObject","inLanguage":"es","@id":"https:\/\/mont-roig.cat\/es\/ayuntamiento\/areas\/fiestas\/semana-santa\/#primaryimage","url":"http:\/\/mont-roig.cat\/wp-content\/uploads\/ico-facebook.png","contentUrl":"http:\/\/mont-roig.cat\/wp-content\/uploads\/ico-facebook.png"},{"@type":"BreadcrumbList","@id":"https:\/\/mont-roig.cat\/es\/ayuntamiento\/areas\/fiestas\/semana-santa\/#breadcrumb","itemListElement":[{"@type":"ListItem","position":1,"name":"Inici","item":"https:\/\/mont-roig.cat\/es\/pagina-de-inicio\/"},{"@type":"ListItem","position":2,"name":"Ayuntamiento","item":"https:\/\/mont-roig.cat\/es\/ayuntamiento\/"},{"@type":"ListItem","position":3,"name":"\u00c1reas","item":"https:\/\/mont-roig.cat\/es\/ayuntamiento\/areas\/"},{"@type":"ListItem","position":4,"name":"Fiestas","item":"https:\/\/mont-roig.cat\/es\/ayuntamiento\/areas\/fiestas\/"},{"@type":"ListItem","position":5,"name":"Semana Santa"}]},{"@type":"WebSite","@id":"https:\/\/mont-roig.cat\/es\/#website","url":"https:\/\/mont-roig.cat\/es\/","name":"Ajuntament de Mont-roig del Camp","description":"Tota la informaci\u00f3 sobre la instituci\u00f3, els seus \u00f2rgans de govern, actualitat, serveis i molt m\u00e9s.","potentialAction":[{"@type":"SearchAction","target":{"@type":"EntryPoint","urlTemplate":"https:\/\/mont-roig.cat\/es\/?s={search_term_string}"},"query-input":{"@type":"PropertyValueSpecification","valueRequired":true,"valueName":"search_term_string"}}],"inLanguage":"es"}]}},"_links":{"self":[{"href":"https:\/\/mont-roig.cat\/es\/wp-json\/wp\/v2\/pages\/4482","targetHints":{"allow":["GET"]}}],"collection":[{"href":"https:\/\/mont-roig.cat\/es\/wp-json\/wp\/v2\/pages"}],"about":[{"href":"https:\/\/mont-roig.cat\/es\/wp-json\/wp\/v2\/types\/page"}],"author":[{"embeddable":true,"href":"https:\/\/mont-roig.cat\/es\/wp-json\/wp\/v2\/users\/4"}],"replies":[{"embeddable":true,"href":"https:\/\/mont-roig.cat\/es\/wp-json\/wp\/v2\/comments?post=4482"}],"version-history":[{"count":0,"href":"https:\/\/mont-roig.cat\/es\/wp-json\/wp\/v2\/pages\/4482\/revisions"}],"up":[{"embeddable":true,"href":"https:\/\/mont-roig.cat\/es\/wp-json\/wp\/v2\/pages\/4479"}],"wp:attachment":[{"href":"https:\/\/mont-roig.cat\/es\/wp-json\/wp\/v2\/media?parent=4482"}],"curies":[{"name":"wp","href":"https:\/\/api.w.org\/{rel}","templated":true}]}}

<div class="body">
<p style="text-align: justify;">La <strong>Semana Santa</strong> engloba todas las celebraciones que tienen lugar entre el viernes antes del Domingo de Ramos y el Domingo de Pascua. La fecha de Pascua se fija a partir de la primera luna llena de primavera, por lo que su ubicación en el calendario cambia cada año, oscilando entre los meses de marzo y abril.</p>
<p style="text-align: justify;">A través de numerosos actos religiosos (procesiones, escenificaciones y otras actividades litúrgicas) los cristianos recuerdan la Pasión, Muerte y Resurrección de Jesucristo.</p>
<p style="text-align: justify;">Algunos de los actos más populares tienen lugar Domingo de Ramos con la bendición de las palmas, la procesión de Viernes Santo o Lunes de Pascua. La Ermita de la Mare de Déu Roca es uno de los emplazamientos tradicionales de los vecinos y vecinas para ir a comer la <em>mona</em>.</p>
<p style="text-align: justify;">Cabe decir que desde hace unos años, el <a href="http://armatsmont-roig.blogspot.com.es/" target="_blank">Grup d&#8217;Armats de Mont-roig</a> participa en las celebraciones de Semana Santa aportando un lucimiento especial. Puede visitarlos en su Facebook.  <a title="Facebook Armats Mont-roig" href="https://www.facebook.com/armats.montroig" target="_blank" rel="tooltip"><img decoding="async" style="width: 28px; height: 28px;" src="http://mont-roig.cat/wp-content/uploads/ico-facebook.png" alt="Facebook Armats Mont-roig" /></a></p>
<p>&nbsp;</p>
<div></div>
<p>&nbsp;</p>
</div>

<p>La Semana Santa engloba todas las celebraciones que tienen lugar entre el viernes antes del Domingo de Ramos y el Domingo de Pascua. La fecha de Pascua se fija a partir de la primera luna llena de primavera, por lo que su ubicación en el calendario cambia cada año, oscilando entre los meses de marzo [&hellip;]</p>

<!-- This site is optimized with the Yoast SEO plugin v27.4 - https://yoast.com/product/yoast-seo-wordpress/ -->
<title>Semana Santa - Ajuntament de Mont-roig del Camp</title>
<meta name="robots" content="index, follow, max-snippet:-1, max-image-preview:large, max-video-preview:-1" />
<link rel="canonical" href="https://mont-roig.cat/es/ayuntamiento/areas/fiestas/semana-santa/" />
<meta property="og:locale" content="es_ES" />
<meta property="og:type" content="article" />
<meta property="og:title" content="Semana Santa - Ajuntament de Mont-roig del Camp" />
<meta property="og:description" content="La Semana Santa engloba todas las celebraciones que tienen lugar entre el viernes antes del Domingo de Ramos y el Domingo de Pascua. La fecha de Pascua se fija a partir de la primera luna llena de primavera, por lo que su ubicación en el calendario cambia cada año, oscilando entre los meses de marzo [&hellip;]" />
<meta property="og:url" content="https://mont-roig.cat/es/ayuntamiento/areas/fiestas/semana-santa/" />
<meta property="og:site_name" content="Ajuntament de Mont-roig del Camp" />
<meta property="article:modified_time" content="2017-02-15T08:32:53+00:00" />
<meta property="og:image" content="http://mont-roig.cat/wp-content/uploads/ico-facebook.png" />
<meta name="twitter:card" content="summary_large_image" />
<meta name="twitter:label1" content="Tiempo de lectura" />
	<meta name="twitter:data1" content="1 minuto" />
<script type="application/ld+json" class="yoast-schema-graph">{"@context":"https:\/\/schema.org","@graph":[{"@type":"WebPage","@id":"https:\/\/mont-roig.cat\/es\/ayuntamiento\/areas\/fiestas\/semana-santa\/","url":"https:\/\/mont-roig.cat\/es\/ayuntamiento\/areas\/fiestas\/semana-santa\/","name":"Semana Santa - Ajuntament de Mont-roig del Camp","isPartOf":{"@id":"https:\/\/mont-roig.cat\/es\/#website"},"primaryImageOfPage":{"@id":"https:\/\/mont-roig.cat\/es\/ayuntamiento\/areas\/fiestas\/semana-santa\/#primaryimage"},"image":{"@id":"https:\/\/mont-roig.cat\/es\/ayuntamiento\/areas\/fiestas\/semana-santa\/#primaryimage"},"thumbnailUrl":"http:\/\/mont-roig.cat\/wp-content\/uploads\/ico-facebook.png","datePublished":"2015-05-28T11:04:33+00:00","dateModified":"2017-02-15T08:32:53+00:00","breadcrumb":{"@id":"https:\/\/mont-roig.cat\/es\/ayuntamiento\/areas\/fiestas\/semana-santa\/#breadcrumb"},"inLanguage":"es","potentialAction":[{"@type":"ReadAction","target":["https:\/\/mont-roig.cat\/es\/ayuntamiento\/areas\/fiestas\/semana-santa\/"]}]},{"@type":"ImageObject","inLanguage":"es","@id":"https:\/\/mont-roig.cat\/es\/ayuntamiento\/areas\/fiestas\/semana-santa\/#primaryimage","url":"http:\/\/mont-roig.cat\/wp-content\/uploads\/ico-facebook.png","contentUrl":"http:\/\/mont-roig.cat\/wp-content\/uploads\/ico-facebook.png"},{"@type":"BreadcrumbList","@id":"https:\/\/mont-roig.cat\/es\/ayuntamiento\/areas\/fiestas\/semana-santa\/#breadcrumb","itemListElement":[{"@type":"ListItem","position":1,"name":"Inici","item":"https:\/\/mont-roig.cat\/es\/pagina-de-inicio\/"},{"@type":"ListItem","position":2,"name":"Ayuntamiento","item":"https:\/\/mont-roig.cat\/es\/ayuntamiento\/"},{"@type":"ListItem","position":3,"name":"Áreas","item":"https:\/\/mont-roig.cat\/es\/ayuntamiento\/areas\/"},{"@type":"ListItem","position":4,"name":"Fiestas","item":"https:\/\/mont-roig.cat\/es\/ayuntamiento\/areas\/fiestas\/"},{"@type":"ListItem","position":5,"name":"Semana Santa"}]},{"@type":"WebSite","@id":"https:\/\/mont-roig.cat\/es\/#website","url":"https:\/\/mont-roig.cat\/es\/","name":"Ajuntament de Mont-roig del Camp","description":"Tota la informació sobre la institució, els seus òrgans de govern, actualitat, serveis i molt més.","potentialAction":[{"@type":"SearchAction","target":{"@type":"EntryPoint","urlTemplate":"https:\/\/mont-roig.cat\/es\/?s={search_term_string}"},"query-input":{"@type":"PropertyValueSpecification","valueRequired":true,"valueName":"search_term_string"}}],"inLanguage":"es"}]}</script>
<!-- / Yoast SEO plugin. -->

La Semana Santa engloba todas las celebraciones que tienen lugar entre el viernes antes del Domingo de Ramos y el Domingo de Pascua. La fecha de Pascua se fija a partir de la primera luna llena de primavera, por lo que su ubicación en el calendario cambia cada año, oscilando entre los meses de marzo [&hellip;]

Áreas

Tota la informació sobre la institució, els seus òrgans de govern, actualitat, serveis i molt més.
