{"id":4483,"date":"2015-05-28T11:25:26","date_gmt":"2015-05-28T11:25:26","guid":{"rendered":""},"modified":"2017-08-16T12:12:14","modified_gmt":"2017-08-16T10:12:14","slug":"homenaje-la-vejez","status":"publish","type":"page","link":"https:\/\/mont-roig.cat\/es\/ayuntamiento\/areas\/fiestas\/homenaje-la-vejez\/","title":{"rendered":"Homenaje a la vejez"},"content":{"rendered":"<div class=\"body\">\n<div>\n<table style=\"width: 0px;\" border=\"0\" cellspacing=\"0\" cellpadding=\"0\" align=\"right\">\n<tbody>\n<tr>\n<td><img decoding=\"async\" class=\"requadre\" style=\"height: 225px; font-weight: bold; width: 300px; margin: 0px 10px; float: right;\" title=\"Homenaje a la vejez 2015 Mont-roig \" src=\"http:\/\/mont-roig.cat\/wp-content\/uploads\/2015_04_13_homenatge_a_la_vellesa_mont-roig_096.jpg\" alt=\"Homenaje a la vejez 2015 Mont-roig \" \/><\/td>\n<\/tr>\n<tr>\n<td><img decoding=\"async\" class=\"requadre\" style=\"height: 225px; width: 300px; margin: 0px 10px; float: right;\" title=\"Homenaje a la vejez 2015 Miami Platja \" src=\"http:\/\/mont-roig.cat\/wp-content\/uploads\/2015_04_26_homenatge_a_la_vellesa_miami_068.jpg\" alt=\"Homenaje a la vejez 2015 Miami Platja \" \/><\/td>\n<\/tr>\n<\/tbody>\n<\/table>\n<p style=\"text-align: justify;\">El <strong>Homenaje a la Vejez <\/strong>es una comida de hermandad, donde el Ayuntamiento invita a todos los vecinos y vecinas del municipio que tienen m\u00e1s de 75 a\u00f1os. Cada a\u00f1o el abuelo y la abuela de m\u00e1s edad reciben una menci\u00f3n especial. La esencia de la fiesta recae en la importancia de unir lazos de amistad, vecindad y compartir momentos \u00fanicos todos juntos.<\/p>\n<\/div>\n<\/div>\n","protected":false},"excerpt":{"rendered":"<p>El Homenaje a la Vejez es una comida de hermandad, donde el Ayuntamiento invita a todos los vecinos y vecinas del municipio que tienen m\u00e1s de 75 a\u00f1os. Cada a\u00f1o el abuelo y la abuela de m\u00e1s edad reciben una menci\u00f3n especial. La esencia de la fiesta recae en la importancia de unir lazos de [&hellip;]<\/p>\n","protected":false},"author":4,"featured_media":0,"parent":4479,"menu_order":0,"comment_status":"closed","ping_status":"closed","template":"","meta":{"inline_featured_image":false,"_monsterinsights_skip_tracking":false,"_monsterinsights_sitenote_active":false,"_monsterinsights_sitenote_note":"","_monsterinsights_sitenote_category":0,"footnotes":""},"class_list":["post-4483","page","type-page","status-publish","hentry"],"yoast_head":"<!-- This site is optimized with the Yoast SEO plugin v27.4 - https:\/\/yoast.com\/product\/yoast-seo-wordpress\/ -->\n<title>Homenaje a la vejez - Ajuntament de Mont-roig del Camp<\/title>\n<meta name=\"robots\" content=\"index, follow, max-snippet:-1, max-image-preview:large, max-video-preview:-1\" \/>\n<link rel=\"canonical\" href=\"https:\/\/mont-roig.cat\/es\/ayuntamiento\/areas\/fiestas\/homenaje-la-vejez\/\" \/>\n<meta property=\"og:locale\" content=\"es_ES\" \/>\n<meta property=\"og:type\" content=\"article\" \/>\n<meta property=\"og:title\" content=\"Homenaje a la vejez - Ajuntament de Mont-roig del Camp\" \/>\n<meta property=\"og:description\" content=\"El Homenaje a la Vejez es una comida de hermandad, donde el Ayuntamiento invita a todos los vecinos y vecinas del municipio que tienen m\u00e1s de 75 a\u00f1os. Cada a\u00f1o el abuelo y la abuela de m\u00e1s edad reciben una menci\u00f3n especial. La esencia de la fiesta recae en la importancia de unir lazos de [&hellip;]\" \/>\n<meta property=\"og:url\" content=\"https:\/\/mont-roig.cat\/es\/ayuntamiento\/areas\/fiestas\/homenaje-la-vejez\/\" \/>\n<meta property=\"og:site_name\" content=\"Ajuntament de Mont-roig del Camp\" \/>\n<meta property=\"article:modified_time\" content=\"2017-08-16T10:12:14+00:00\" \/>\n<meta property=\"og:image\" content=\"http:\/\/mont-roig.cat\/wp-content\/uploads\/2015_04_13_homenatge_a_la_vellesa_mont-roig_096.jpg\" \/>\n<meta name=\"twitter:card\" content=\"summary_large_image\" \/>\n<script type=\"application\/ld+json\" class=\"yoast-schema-graph\">{\"@context\":\"https:\\\/\\\/schema.org\",\"@graph\":[{\"@type\":\"WebPage\",\"@id\":\"https:\\\/\\\/mont-roig.cat\\\/es\\\/ayuntamiento\\\/areas\\\/fiestas\\\/homenaje-la-vejez\\\/\",\"url\":\"https:\\\/\\\/mont-roig.cat\\\/es\\\/ayuntamiento\\\/areas\\\/fiestas\\\/homenaje-la-vejez\\\/\",\"name\":\"Homenaje a la vejez - Ajuntament de Mont-roig del Camp\",\"isPartOf\":{\"@id\":\"https:\\\/\\\/mont-roig.cat\\\/es\\\/#website\"},\"primaryImageOfPage\":{\"@id\":\"https:\\\/\\\/mont-roig.cat\\\/es\\\/ayuntamiento\\\/areas\\\/fiestas\\\/homenaje-la-vejez\\\/#primaryimage\"},\"image\":{\"@id\":\"https:\\\/\\\/mont-roig.cat\\\/es\\\/ayuntamiento\\\/areas\\\/fiestas\\\/homenaje-la-vejez\\\/#primaryimage\"},\"thumbnailUrl\":\"http:\\\/\\\/mont-roig.cat\\\/wp-content\\\/uploads\\\/2015_04_13_homenatge_a_la_vellesa_mont-roig_096.jpg\",\"datePublished\":\"2015-05-28T11:25:26+00:00\",\"dateModified\":\"2017-08-16T10:12:14+00:00\",\"breadcrumb\":{\"@id\":\"https:\\\/\\\/mont-roig.cat\\\/es\\\/ayuntamiento\\\/areas\\\/fiestas\\\/homenaje-la-vejez\\\/#breadcrumb\"},\"inLanguage\":\"es\",\"potentialAction\":[{\"@type\":\"ReadAction\",\"target\":[\"https:\\\/\\\/mont-roig.cat\\\/es\\\/ayuntamiento\\\/areas\\\/fiestas\\\/homenaje-la-vejez\\\/\"]}]},{\"@type\":\"ImageObject\",\"inLanguage\":\"es\",\"@id\":\"https:\\\/\\\/mont-roig.cat\\\/es\\\/ayuntamiento\\\/areas\\\/fiestas\\\/homenaje-la-vejez\\\/#primaryimage\",\"url\":\"http:\\\/\\\/mont-roig.cat\\\/wp-content\\\/uploads\\\/2015_04_13_homenatge_a_la_vellesa_mont-roig_096.jpg\",\"contentUrl\":\"http:\\\/\\\/mont-roig.cat\\\/wp-content\\\/uploads\\\/2015_04_13_homenatge_a_la_vellesa_mont-roig_096.jpg\"},{\"@type\":\"BreadcrumbList\",\"@id\":\"https:\\\/\\\/mont-roig.cat\\\/es\\\/ayuntamiento\\\/areas\\\/fiestas\\\/homenaje-la-vejez\\\/#breadcrumb\",\"itemListElement\":[{\"@type\":\"ListItem\",\"position\":1,\"name\":\"Inici\",\"item\":\"https:\\\/\\\/mont-roig.cat\\\/es\\\/pagina-de-inicio\\\/\"},{\"@type\":\"ListItem\",\"position\":2,\"name\":\"Ayuntamiento\",\"item\":\"https:\\\/\\\/mont-roig.cat\\\/es\\\/ayuntamiento\\\/\"},{\"@type\":\"ListItem\",\"position\":3,\"name\":\"\u00c1reas\",\"item\":\"https:\\\/\\\/mont-roig.cat\\\/es\\\/ayuntamiento\\\/areas\\\/\"},{\"@type\":\"ListItem\",\"position\":4,\"name\":\"Fiestas\",\"item\":\"https:\\\/\\\/mont-roig.cat\\\/es\\\/ayuntamiento\\\/areas\\\/fiestas\\\/\"},{\"@type\":\"ListItem\",\"position\":5,\"name\":\"Homenaje a la vejez\"}]},{\"@type\":\"WebSite\",\"@id\":\"https:\\\/\\\/mont-roig.cat\\\/es\\\/#website\",\"url\":\"https:\\\/\\\/mont-roig.cat\\\/es\\\/\",\"name\":\"Ajuntament de Mont-roig del Camp\",\"description\":\"Tota la informaci\u00f3 sobre la instituci\u00f3, els seus \u00f2rgans de govern, actualitat, serveis i molt m\u00e9s.\",\"potentialAction\":[{\"@type\":\"SearchAction\",\"target\":{\"@type\":\"EntryPoint\",\"urlTemplate\":\"https:\\\/\\\/mont-roig.cat\\\/es\\\/?s={search_term_string}\"},\"query-input\":{\"@type\":\"PropertyValueSpecification\",\"valueRequired\":true,\"valueName\":\"search_term_string\"}}],\"inLanguage\":\"es\"}]}<\/script>\n<!-- \/ Yoast SEO plugin. -->","yoast_head_json":{"title":"Homenaje a la vejez - Ajuntament de Mont-roig del Camp","robots":{"index":"index","follow":"follow","max-snippet":"max-snippet:-1","max-image-preview":"max-image-preview:large","max-video-preview":"max-video-preview:-1"},"canonical":"https:\/\/mont-roig.cat\/es\/ayuntamiento\/areas\/fiestas\/homenaje-la-vejez\/","og_locale":"es_ES","og_type":"article","og_title":"Homenaje a la vejez - Ajuntament de Mont-roig del Camp","og_description":"El Homenaje a la Vejez es una comida de hermandad, donde el Ayuntamiento invita a todos los vecinos y vecinas del municipio que tienen m\u00e1s de 75 a\u00f1os. Cada a\u00f1o el abuelo y la abuela de m\u00e1s edad reciben una menci\u00f3n especial. La esencia de la fiesta recae en la importancia de unir lazos de [&hellip;]","og_url":"https:\/\/mont-roig.cat\/es\/ayuntamiento\/areas\/fiestas\/homenaje-la-vejez\/","og_site_name":"Ajuntament de Mont-roig del Camp","article_modified_time":"2017-08-16T10:12:14+00:00","og_image":[{"url":"http:\/\/mont-roig.cat\/wp-content\/uploads\/2015_04_13_homenatge_a_la_vellesa_mont-roig_096.jpg","type":"","width":"","height":""}],"twitter_card":"summary_large_image","schema":{"@context":"https:\/\/schema.org","@graph":[{"@type":"WebPage","@id":"https:\/\/mont-roig.cat\/es\/ayuntamiento\/areas\/fiestas\/homenaje-la-vejez\/","url":"https:\/\/mont-roig.cat\/es\/ayuntamiento\/areas\/fiestas\/homenaje-la-vejez\/","name":"Homenaje a la vejez - Ajuntament de Mont-roig del Camp","isPartOf":{"@id":"https:\/\/mont-roig.cat\/es\/#website"},"primaryImageOfPage":{"@id":"https:\/\/mont-roig.cat\/es\/ayuntamiento\/areas\/fiestas\/homenaje-la-vejez\/#primaryimage"},"image":{"@id":"https:\/\/mont-roig.cat\/es\/ayuntamiento\/areas\/fiestas\/homenaje-la-vejez\/#primaryimage"},"thumbnailUrl":"http:\/\/mont-roig.cat\/wp-content\/uploads\/2015_04_13_homenatge_a_la_vellesa_mont-roig_096.jpg","datePublished":"2015-05-28T11:25:26+00:00","dateModified":"2017-08-16T10:12:14+00:00","breadcrumb":{"@id":"https:\/\/mont-roig.cat\/es\/ayuntamiento\/areas\/fiestas\/homenaje-la-vejez\/#breadcrumb"},"inLanguage":"es","potentialAction":[{"@type":"ReadAction","target":["https:\/\/mont-roig.cat\/es\/ayuntamiento\/areas\/fiestas\/homenaje-la-vejez\/"]}]},{"@type":"ImageObject","inLanguage":"es","@id":"https:\/\/mont-roig.cat\/es\/ayuntamiento\/areas\/fiestas\/homenaje-la-vejez\/#primaryimage","url":"http:\/\/mont-roig.cat\/wp-content\/uploads\/2015_04_13_homenatge_a_la_vellesa_mont-roig_096.jpg","contentUrl":"http:\/\/mont-roig.cat\/wp-content\/uploads\/2015_04_13_homenatge_a_la_vellesa_mont-roig_096.jpg"},{"@type":"BreadcrumbList","@id":"https:\/\/mont-roig.cat\/es\/ayuntamiento\/areas\/fiestas\/homenaje-la-vejez\/#breadcrumb","itemListElement":[{"@type":"ListItem","position":1,"name":"Inici","item":"https:\/\/mont-roig.cat\/es\/pagina-de-inicio\/"},{"@type":"ListItem","position":2,"name":"Ayuntamiento","item":"https:\/\/mont-roig.cat\/es\/ayuntamiento\/"},{"@type":"ListItem","position":3,"name":"\u00c1reas","item":"https:\/\/mont-roig.cat\/es\/ayuntamiento\/areas\/"},{"@type":"ListItem","position":4,"name":"Fiestas","item":"https:\/\/mont-roig.cat\/es\/ayuntamiento\/areas\/fiestas\/"},{"@type":"ListItem","position":5,"name":"Homenaje a la vejez"}]},{"@type":"WebSite","@id":"https:\/\/mont-roig.cat\/es\/#website","url":"https:\/\/mont-roig.cat\/es\/","name":"Ajuntament de Mont-roig del Camp","description":"Tota la informaci\u00f3 sobre la instituci\u00f3, els seus \u00f2rgans de govern, actualitat, serveis i molt m\u00e9s.","potentialAction":[{"@type":"SearchAction","target":{"@type":"EntryPoint","urlTemplate":"https:\/\/mont-roig.cat\/es\/?s={search_term_string}"},"query-input":{"@type":"PropertyValueSpecification","valueRequired":true,"valueName":"search_term_string"}}],"inLanguage":"es"}]}},"_links":{"self":[{"href":"https:\/\/mont-roig.cat\/es\/wp-json\/wp\/v2\/pages\/4483","targetHints":{"allow":["GET"]}}],"collection":[{"href":"https:\/\/mont-roig.cat\/es\/wp-json\/wp\/v2\/pages"}],"about":[{"href":"https:\/\/mont-roig.cat\/es\/wp-json\/wp\/v2\/types\/page"}],"author":[{"embeddable":true,"href":"https:\/\/mont-roig.cat\/es\/wp-json\/wp\/v2\/users\/4"}],"replies":[{"embeddable":true,"href":"https:\/\/mont-roig.cat\/es\/wp-json\/wp\/v2\/comments?post=4483"}],"version-history":[{"count":1,"href":"https:\/\/mont-roig.cat\/es\/wp-json\/wp\/v2\/pages\/4483\/revisions"}],"predecessor-version":[{"id":21169,"href":"https:\/\/mont-roig.cat\/es\/wp-json\/wp\/v2\/pages\/4483\/revisions\/21169"}],"up":[{"embeddable":true,"href":"https:\/\/mont-roig.cat\/es\/wp-json\/wp\/v2\/pages\/4479"}],"wp:attachment":[{"href":"https:\/\/mont-roig.cat\/es\/wp-json\/wp\/v2\/media?parent=4483"}],"curies":[{"name":"wp","href":"https:\/\/api.w.org\/{rel}","templated":true}]}}

<div class="body">
<div>
<table style="width: 0px;" border="0" cellspacing="0" cellpadding="0" align="right">
<tbody>
<tr>
<td><img decoding="async" class="requadre" style="height: 225px; font-weight: bold; width: 300px; margin: 0px 10px; float: right;" title="Homenaje a la vejez 2015 Mont-roig " src="http://mont-roig.cat/wp-content/uploads/2015_04_13_homenatge_a_la_vellesa_mont-roig_096.jpg" alt="Homenaje a la vejez 2015 Mont-roig " /></td>
</tr>
<tr>
<td><img decoding="async" class="requadre" style="height: 225px; width: 300px; margin: 0px 10px; float: right;" title="Homenaje a la vejez 2015 Miami Platja " src="http://mont-roig.cat/wp-content/uploads/2015_04_26_homenatge_a_la_vellesa_miami_068.jpg" alt="Homenaje a la vejez 2015 Miami Platja " /></td>
</tr>
</tbody>
</table>
<p style="text-align: justify;">El <strong>Homenaje a la Vejez </strong>es una comida de hermandad, donde el Ayuntamiento invita a todos los vecinos y vecinas del municipio que tienen más de 75 años. Cada año el abuelo y la abuela de más edad reciben una mención especial. La esencia de la fiesta recae en la importancia de unir lazos de amistad, vecindad y compartir momentos únicos todos juntos.</p>
</div>
</div>

<p>El Homenaje a la Vejez es una comida de hermandad, donde el Ayuntamiento invita a todos los vecinos y vecinas del municipio que tienen más de 75 años. Cada año el abuelo y la abuela de más edad reciben una mención especial. La esencia de la fiesta recae en la importancia de unir lazos de [&hellip;]</p>

<!-- This site is optimized with the Yoast SEO plugin v27.4 - https://yoast.com/product/yoast-seo-wordpress/ -->
<title>Homenaje a la vejez - Ajuntament de Mont-roig del Camp</title>
<meta name="robots" content="index, follow, max-snippet:-1, max-image-preview:large, max-video-preview:-1" />
<link rel="canonical" href="https://mont-roig.cat/es/ayuntamiento/areas/fiestas/homenaje-la-vejez/" />
<meta property="og:locale" content="es_ES" />
<meta property="og:type" content="article" />
<meta property="og:title" content="Homenaje a la vejez - Ajuntament de Mont-roig del Camp" />
<meta property="og:description" content="El Homenaje a la Vejez es una comida de hermandad, donde el Ayuntamiento invita a todos los vecinos y vecinas del municipio que tienen más de 75 años. Cada año el abuelo y la abuela de más edad reciben una mención especial. La esencia de la fiesta recae en la importancia de unir lazos de [&hellip;]" />
<meta property="og:url" content="https://mont-roig.cat/es/ayuntamiento/areas/fiestas/homenaje-la-vejez/" />
<meta property="og:site_name" content="Ajuntament de Mont-roig del Camp" />
<meta property="article:modified_time" content="2017-08-16T10:12:14+00:00" />
<meta property="og:image" content="http://mont-roig.cat/wp-content/uploads/2015_04_13_homenatge_a_la_vellesa_mont-roig_096.jpg" />
<meta name="twitter:card" content="summary_large_image" />
<script type="application/ld+json" class="yoast-schema-graph">{"@context":"https:\/\/schema.org","@graph":[{"@type":"WebPage","@id":"https:\/\/mont-roig.cat\/es\/ayuntamiento\/areas\/fiestas\/homenaje-la-vejez\/","url":"https:\/\/mont-roig.cat\/es\/ayuntamiento\/areas\/fiestas\/homenaje-la-vejez\/","name":"Homenaje a la vejez - Ajuntament de Mont-roig del Camp","isPartOf":{"@id":"https:\/\/mont-roig.cat\/es\/#website"},"primaryImageOfPage":{"@id":"https:\/\/mont-roig.cat\/es\/ayuntamiento\/areas\/fiestas\/homenaje-la-vejez\/#primaryimage"},"image":{"@id":"https:\/\/mont-roig.cat\/es\/ayuntamiento\/areas\/fiestas\/homenaje-la-vejez\/#primaryimage"},"thumbnailUrl":"http:\/\/mont-roig.cat\/wp-content\/uploads\/2015_04_13_homenatge_a_la_vellesa_mont-roig_096.jpg","datePublished":"2015-05-28T11:25:26+00:00","dateModified":"2017-08-16T10:12:14+00:00","breadcrumb":{"@id":"https:\/\/mont-roig.cat\/es\/ayuntamiento\/areas\/fiestas\/homenaje-la-vejez\/#breadcrumb"},"inLanguage":"es","potentialAction":[{"@type":"ReadAction","target":["https:\/\/mont-roig.cat\/es\/ayuntamiento\/areas\/fiestas\/homenaje-la-vejez\/"]}]},{"@type":"ImageObject","inLanguage":"es","@id":"https:\/\/mont-roig.cat\/es\/ayuntamiento\/areas\/fiestas\/homenaje-la-vejez\/#primaryimage","url":"http:\/\/mont-roig.cat\/wp-content\/uploads\/2015_04_13_homenatge_a_la_vellesa_mont-roig_096.jpg","contentUrl":"http:\/\/mont-roig.cat\/wp-content\/uploads\/2015_04_13_homenatge_a_la_vellesa_mont-roig_096.jpg"},{"@type":"BreadcrumbList","@id":"https:\/\/mont-roig.cat\/es\/ayuntamiento\/areas\/fiestas\/homenaje-la-vejez\/#breadcrumb","itemListElement":[{"@type":"ListItem","position":1,"name":"Inici","item":"https:\/\/mont-roig.cat\/es\/pagina-de-inicio\/"},{"@type":"ListItem","position":2,"name":"Ayuntamiento","item":"https:\/\/mont-roig.cat\/es\/ayuntamiento\/"},{"@type":"ListItem","position":3,"name":"Áreas","item":"https:\/\/mont-roig.cat\/es\/ayuntamiento\/areas\/"},{"@type":"ListItem","position":4,"name":"Fiestas","item":"https:\/\/mont-roig.cat\/es\/ayuntamiento\/areas\/fiestas\/"},{"@type":"ListItem","position":5,"name":"Homenaje a la vejez"}]},{"@type":"WebSite","@id":"https:\/\/mont-roig.cat\/es\/#website","url":"https:\/\/mont-roig.cat\/es\/","name":"Ajuntament de Mont-roig del Camp","description":"Tota la informació sobre la institució, els seus òrgans de govern, actualitat, serveis i molt més.","potentialAction":[{"@type":"SearchAction","target":{"@type":"EntryPoint","urlTemplate":"https:\/\/mont-roig.cat\/es\/?s={search_term_string}"},"query-input":{"@type":"PropertyValueSpecification","valueRequired":true,"valueName":"search_term_string"}}],"inLanguage":"es"}]}</script>
<!-- / Yoast SEO plugin. -->

El Homenaje a la Vejez es una comida de hermandad, donde el Ayuntamiento invita a todos los vecinos y vecinas del municipio que tienen más de 75 años. Cada año el abuelo y la abuela de más edad reciben una mención especial. La esencia de la fiesta recae en la importancia de unir lazos de [&hellip;]

Áreas

Tota la informació sobre la institució, els seus òrgans de govern, actualitat, serveis i molt més.
