{"id":4487,"date":"2015-05-28T12:00:26","date_gmt":"2015-05-28T12:00:26","guid":{"rendered":""},"modified":"2025-07-18T09:06:20","modified_gmt":"2025-07-18T07:06:20","slug":"sant-jaume","status":"publish","type":"page","link":"https:\/\/mont-roig.cat\/es\/ayuntamiento\/areas\/fiestas\/sant-jaume\/","title":{"rendered":"Sant Jaume"},"content":{"rendered":"<div class=\"wpb-content-wrapper\">[vc_row][vc_column][vc_column_text css=&#8221;&#8221;]<span style=\"font-size: 16px;\"><a href=\"https:\/\/mont-roig.cat\/wp-content\/uploads\/MMF_sant_jaume_25.png\" target=\"_blank\" rel=\"noopener\"><img loading=\"lazy\" decoding=\"async\" class=\"alignright wp-image-84551\" src=\"https:\/\/mont-roig.cat\/wp-content\/uploads\/MMF_sant_jaume_25-353x500.png\" alt=\"\" width=\"251\" height=\"356\" srcset=\"https:\/\/mont-roig.cat\/wp-content\/uploads\/MMF_sant_jaume_25-353x500.png 353w, https:\/\/mont-roig.cat\/wp-content\/uploads\/MMF_sant_jaume_25.png 702w\" sizes=\"auto, (max-width: 251px) 100vw, 251px\" \/><\/a>El d\u00eda 25 de julio, con motivo de la festividad de Sant Jaume se celebra la Fiesta Mayor de verano de Miami Platja. Se llevan a cabo diferentes actividades de car\u00e1cter cultural y festivo en las que no faltan los bailes, vaquillas, conciertos y actividades infantiles. Una vez m\u00e1s, podr\u00e9is disfrutar de la fiesta de la Avenida de Barcelona, \u200b\u200btodo un d\u00eda lleno de actividades, m\u00fasica y mucha diversi\u00f3n!\u00a0<\/span><\/p>\n<ul>\n<li><a href=\"https:\/\/mont-roig.cat\/wp-content\/uploads\/mm_SANT_JAUME_PROGRAMA-ES_25_ok.pdf\" target=\"_blank\" rel=\"noopener\">Programa fiestas Sant Jaume 2025 Miami Platja<\/a>.<\/li>\n<\/ul>\n[\/vc_column_text][\/vc_column][\/vc_row]\n<\/div>","protected":false},"excerpt":{"rendered":"<p>[vc_row][vc_column][vc_column_text css=&#8221;&#8221;]El d\u00eda 25 de julio, con motivo de la festividad de Sant Jaume se celebra la Fiesta Mayor de verano de Miami Platja. Se llevan a cabo diferentes actividades de car\u00e1cter cultural y festivo en las que no faltan los bailes, vaquillas, conciertos y actividades infantiles. Una vez m\u00e1s, podr\u00e9is disfrutar de la fiesta [&hellip;]<\/p>\n","protected":false},"author":4,"featured_media":0,"parent":4479,"menu_order":0,"comment_status":"closed","ping_status":"closed","template":"","meta":{"inline_featured_image":false,"_monsterinsights_skip_tracking":false,"_monsterinsights_sitenote_active":false,"_monsterinsights_sitenote_note":"","_monsterinsights_sitenote_category":0,"footnotes":""},"class_list":["post-4487","page","type-page","status-publish","hentry"],"yoast_head":"<!-- This site is optimized with the Yoast SEO plugin v27.4 - https:\/\/yoast.com\/product\/yoast-seo-wordpress\/ -->\n<title>Sant Jaume - Ajuntament de Mont-roig del Camp<\/title>\n<meta name=\"robots\" content=\"index, follow, max-snippet:-1, max-image-preview:large, max-video-preview:-1\" \/>\n<link rel=\"canonical\" href=\"https:\/\/mont-roig.cat\/es\/ayuntamiento\/areas\/fiestas\/sant-jaume\/\" \/>\n<meta property=\"og:locale\" content=\"es_ES\" \/>\n<meta property=\"og:type\" content=\"article\" \/>\n<meta property=\"og:title\" content=\"Sant Jaume - Ajuntament de Mont-roig del Camp\" \/>\n<meta property=\"og:description\" content=\"[vc_row][vc_column][vc_column_text css=&#8221;&#8221;]El d\u00eda 25 de julio, con motivo de la festividad de Sant Jaume se celebra la Fiesta Mayor de verano de Miami Platja. Se llevan a cabo diferentes actividades de car\u00e1cter cultural y festivo en las que no faltan los bailes, vaquillas, conciertos y actividades infantiles. Una vez m\u00e1s, podr\u00e9is disfrutar de la fiesta [&hellip;]\" \/>\n<meta property=\"og:url\" content=\"https:\/\/mont-roig.cat\/es\/ayuntamiento\/areas\/fiestas\/sant-jaume\/\" \/>\n<meta property=\"og:site_name\" content=\"Ajuntament de Mont-roig del Camp\" \/>\n<meta property=\"article:modified_time\" content=\"2025-07-18T07:06:20+00:00\" \/>\n<meta property=\"og:image\" content=\"https:\/\/mont-roig.cat\/wp-content\/uploads\/MMF_sant_jaume_25.png\" \/>\n\t<meta property=\"og:image:width\" content=\"702\" \/>\n\t<meta property=\"og:image:height\" content=\"993\" \/>\n\t<meta property=\"og:image:type\" content=\"image\/png\" \/>\n<meta name=\"twitter:card\" content=\"summary_large_image\" \/>\n<meta name=\"twitter:label1\" content=\"Tiempo de lectura\" \/>\n\t<meta name=\"twitter:data1\" content=\"1 minuto\" \/>\n<script type=\"application\/ld+json\" class=\"yoast-schema-graph\">{\"@context\":\"https:\\\/\\\/schema.org\",\"@graph\":[{\"@type\":\"WebPage\",\"@id\":\"https:\\\/\\\/mont-roig.cat\\\/es\\\/ayuntamiento\\\/areas\\\/fiestas\\\/sant-jaume\\\/\",\"url\":\"https:\\\/\\\/mont-roig.cat\\\/es\\\/ayuntamiento\\\/areas\\\/fiestas\\\/sant-jaume\\\/\",\"name\":\"Sant Jaume - Ajuntament de Mont-roig del Camp\",\"isPartOf\":{\"@id\":\"https:\\\/\\\/mont-roig.cat\\\/es\\\/#website\"},\"primaryImageOfPage\":{\"@id\":\"https:\\\/\\\/mont-roig.cat\\\/es\\\/ayuntamiento\\\/areas\\\/fiestas\\\/sant-jaume\\\/#primaryimage\"},\"image\":{\"@id\":\"https:\\\/\\\/mont-roig.cat\\\/es\\\/ayuntamiento\\\/areas\\\/fiestas\\\/sant-jaume\\\/#primaryimage\"},\"thumbnailUrl\":\"https:\\\/\\\/mont-roig.cat\\\/wp-content\\\/uploads\\\/MMF_sant_jaume_25-353x500.png\",\"datePublished\":\"2015-05-28T12:00:26+00:00\",\"dateModified\":\"2025-07-18T07:06:20+00:00\",\"breadcrumb\":{\"@id\":\"https:\\\/\\\/mont-roig.cat\\\/es\\\/ayuntamiento\\\/areas\\\/fiestas\\\/sant-jaume\\\/#breadcrumb\"},\"inLanguage\":\"es\",\"potentialAction\":[{\"@type\":\"ReadAction\",\"target\":[\"https:\\\/\\\/mont-roig.cat\\\/es\\\/ayuntamiento\\\/areas\\\/fiestas\\\/sant-jaume\\\/\"]}]},{\"@type\":\"ImageObject\",\"inLanguage\":\"es\",\"@id\":\"https:\\\/\\\/mont-roig.cat\\\/es\\\/ayuntamiento\\\/areas\\\/fiestas\\\/sant-jaume\\\/#primaryimage\",\"url\":\"https:\\\/\\\/mont-roig.cat\\\/wp-content\\\/uploads\\\/MMF_sant_jaume_25-353x500.png\",\"contentUrl\":\"https:\\\/\\\/mont-roig.cat\\\/wp-content\\\/uploads\\\/MMF_sant_jaume_25-353x500.png\"},{\"@type\":\"BreadcrumbList\",\"@id\":\"https:\\\/\\\/mont-roig.cat\\\/es\\\/ayuntamiento\\\/areas\\\/fiestas\\\/sant-jaume\\\/#breadcrumb\",\"itemListElement\":[{\"@type\":\"ListItem\",\"position\":1,\"name\":\"Inici\",\"item\":\"https:\\\/\\\/mont-roig.cat\\\/es\\\/pagina-de-inicio\\\/\"},{\"@type\":\"ListItem\",\"position\":2,\"name\":\"Ayuntamiento\",\"item\":\"https:\\\/\\\/mont-roig.cat\\\/es\\\/ayuntamiento\\\/\"},{\"@type\":\"ListItem\",\"position\":3,\"name\":\"\u00c1reas\",\"item\":\"https:\\\/\\\/mont-roig.cat\\\/es\\\/ayuntamiento\\\/areas\\\/\"},{\"@type\":\"ListItem\",\"position\":4,\"name\":\"Fiestas\",\"item\":\"https:\\\/\\\/mont-roig.cat\\\/es\\\/ayuntamiento\\\/areas\\\/fiestas\\\/\"},{\"@type\":\"ListItem\",\"position\":5,\"name\":\"Sant Jaume\"}]},{\"@type\":\"WebSite\",\"@id\":\"https:\\\/\\\/mont-roig.cat\\\/es\\\/#website\",\"url\":\"https:\\\/\\\/mont-roig.cat\\\/es\\\/\",\"name\":\"Ajuntament de Mont-roig del Camp\",\"description\":\"Tota la informaci\u00f3 sobre la instituci\u00f3, els seus \u00f2rgans de govern, actualitat, serveis i molt m\u00e9s.\",\"potentialAction\":[{\"@type\":\"SearchAction\",\"target\":{\"@type\":\"EntryPoint\",\"urlTemplate\":\"https:\\\/\\\/mont-roig.cat\\\/es\\\/?s={search_term_string}\"},\"query-input\":{\"@type\":\"PropertyValueSpecification\",\"valueRequired\":true,\"valueName\":\"search_term_string\"}}],\"inLanguage\":\"es\"}]}<\/script>\n<!-- \/ Yoast SEO plugin. -->","yoast_head_json":{"title":"Sant Jaume - Ajuntament de Mont-roig del Camp","robots":{"index":"index","follow":"follow","max-snippet":"max-snippet:-1","max-image-preview":"max-image-preview:large","max-video-preview":"max-video-preview:-1"},"canonical":"https:\/\/mont-roig.cat\/es\/ayuntamiento\/areas\/fiestas\/sant-jaume\/","og_locale":"es_ES","og_type":"article","og_title":"Sant Jaume - Ajuntament de Mont-roig del Camp","og_description":"[vc_row][vc_column][vc_column_text css=&#8221;&#8221;]El d\u00eda 25 de julio, con motivo de la festividad de Sant Jaume se celebra la Fiesta Mayor de verano de Miami Platja. Se llevan a cabo diferentes actividades de car\u00e1cter cultural y festivo en las que no faltan los bailes, vaquillas, conciertos y actividades infantiles. Una vez m\u00e1s, podr\u00e9is disfrutar de la fiesta [&hellip;]","og_url":"https:\/\/mont-roig.cat\/es\/ayuntamiento\/areas\/fiestas\/sant-jaume\/","og_site_name":"Ajuntament de Mont-roig del Camp","article_modified_time":"2025-07-18T07:06:20+00:00","og_image":[{"width":702,"height":993,"url":"https:\/\/mont-roig.cat\/wp-content\/uploads\/MMF_sant_jaume_25.png","type":"image\/png"}],"twitter_card":"summary_large_image","twitter_misc":{"Tiempo de lectura":"1 minuto"},"schema":{"@context":"https:\/\/schema.org","@graph":[{"@type":"WebPage","@id":"https:\/\/mont-roig.cat\/es\/ayuntamiento\/areas\/fiestas\/sant-jaume\/","url":"https:\/\/mont-roig.cat\/es\/ayuntamiento\/areas\/fiestas\/sant-jaume\/","name":"Sant Jaume - Ajuntament de Mont-roig del Camp","isPartOf":{"@id":"https:\/\/mont-roig.cat\/es\/#website"},"primaryImageOfPage":{"@id":"https:\/\/mont-roig.cat\/es\/ayuntamiento\/areas\/fiestas\/sant-jaume\/#primaryimage"},"image":{"@id":"https:\/\/mont-roig.cat\/es\/ayuntamiento\/areas\/fiestas\/sant-jaume\/#primaryimage"},"thumbnailUrl":"https:\/\/mont-roig.cat\/wp-content\/uploads\/MMF_sant_jaume_25-353x500.png","datePublished":"2015-05-28T12:00:26+00:00","dateModified":"2025-07-18T07:06:20+00:00","breadcrumb":{"@id":"https:\/\/mont-roig.cat\/es\/ayuntamiento\/areas\/fiestas\/sant-jaume\/#breadcrumb"},"inLanguage":"es","potentialAction":[{"@type":"ReadAction","target":["https:\/\/mont-roig.cat\/es\/ayuntamiento\/areas\/fiestas\/sant-jaume\/"]}]},{"@type":"ImageObject","inLanguage":"es","@id":"https:\/\/mont-roig.cat\/es\/ayuntamiento\/areas\/fiestas\/sant-jaume\/#primaryimage","url":"https:\/\/mont-roig.cat\/wp-content\/uploads\/MMF_sant_jaume_25-353x500.png","contentUrl":"https:\/\/mont-roig.cat\/wp-content\/uploads\/MMF_sant_jaume_25-353x500.png"},{"@type":"BreadcrumbList","@id":"https:\/\/mont-roig.cat\/es\/ayuntamiento\/areas\/fiestas\/sant-jaume\/#breadcrumb","itemListElement":[{"@type":"ListItem","position":1,"name":"Inici","item":"https:\/\/mont-roig.cat\/es\/pagina-de-inicio\/"},{"@type":"ListItem","position":2,"name":"Ayuntamiento","item":"https:\/\/mont-roig.cat\/es\/ayuntamiento\/"},{"@type":"ListItem","position":3,"name":"\u00c1reas","item":"https:\/\/mont-roig.cat\/es\/ayuntamiento\/areas\/"},{"@type":"ListItem","position":4,"name":"Fiestas","item":"https:\/\/mont-roig.cat\/es\/ayuntamiento\/areas\/fiestas\/"},{"@type":"ListItem","position":5,"name":"Sant Jaume"}]},{"@type":"WebSite","@id":"https:\/\/mont-roig.cat\/es\/#website","url":"https:\/\/mont-roig.cat\/es\/","name":"Ajuntament de Mont-roig del Camp","description":"Tota la informaci\u00f3 sobre la instituci\u00f3, els seus \u00f2rgans de govern, actualitat, serveis i molt m\u00e9s.","potentialAction":[{"@type":"SearchAction","target":{"@type":"EntryPoint","urlTemplate":"https:\/\/mont-roig.cat\/es\/?s={search_term_string}"},"query-input":{"@type":"PropertyValueSpecification","valueRequired":true,"valueName":"search_term_string"}}],"inLanguage":"es"}]}},"_links":{"self":[{"href":"https:\/\/mont-roig.cat\/es\/wp-json\/wp\/v2\/pages\/4487","targetHints":{"allow":["GET"]}}],"collection":[{"href":"https:\/\/mont-roig.cat\/es\/wp-json\/wp\/v2\/pages"}],"about":[{"href":"https:\/\/mont-roig.cat\/es\/wp-json\/wp\/v2\/types\/page"}],"author":[{"embeddable":true,"href":"https:\/\/mont-roig.cat\/es\/wp-json\/wp\/v2\/users\/4"}],"replies":[{"embeddable":true,"href":"https:\/\/mont-roig.cat\/es\/wp-json\/wp\/v2\/comments?post=4487"}],"version-history":[{"count":32,"href":"https:\/\/mont-roig.cat\/es\/wp-json\/wp\/v2\/pages\/4487\/revisions"}],"predecessor-version":[{"id":84771,"href":"https:\/\/mont-roig.cat\/es\/wp-json\/wp\/v2\/pages\/4487\/revisions\/84771"}],"up":[{"embeddable":true,"href":"https:\/\/mont-roig.cat\/es\/wp-json\/wp\/v2\/pages\/4479"}],"wp:attachment":[{"href":"https:\/\/mont-roig.cat\/es\/wp-json\/wp\/v2\/media?parent=4487"}],"curies":[{"name":"wp","href":"https:\/\/api.w.org\/{rel}","templated":true}]}}

<div class="wpb-content-wrapper">[vc_row][vc_column][vc_column_text css=&#8221;&#8221;]<span style="font-size: 16px;"><a href="https://mont-roig.cat/wp-content/uploads/MMF_sant_jaume_25.png" target="_blank" rel="noopener"><img loading="lazy" decoding="async" class="alignright wp-image-84551" src="https://mont-roig.cat/wp-content/uploads/MMF_sant_jaume_25-353x500.png" alt="" width="251" height="356" srcset="https://mont-roig.cat/wp-content/uploads/MMF_sant_jaume_25-353x500.png 353w, https://mont-roig.cat/wp-content/uploads/MMF_sant_jaume_25.png 702w" sizes="auto, (max-width: 251px) 100vw, 251px" /></a>El día 25 de julio, con motivo de la festividad de Sant Jaume se celebra la Fiesta Mayor de verano de Miami Platja. Se llevan a cabo diferentes actividades de carácter cultural y festivo en las que no faltan los bailes, vaquillas, conciertos y actividades infantiles. Una vez más, podréis disfrutar de la fiesta de la Avenida de Barcelona, ​​todo un día lleno de actividades, música y mucha diversión! </span></p>
<ul>
<li><a href="https://mont-roig.cat/wp-content/uploads/mm_SANT_JAUME_PROGRAMA-ES_25_ok.pdf" target="_blank" rel="noopener">Programa fiestas Sant Jaume 2025 Miami Platja</a>.</li>
</ul>
[/vc_column_text][/vc_column][/vc_row]
</div>

<p>[vc_row][vc_column][vc_column_text css=&#8221;&#8221;]El día 25 de julio, con motivo de la festividad de Sant Jaume se celebra la Fiesta Mayor de verano de Miami Platja. Se llevan a cabo diferentes actividades de carácter cultural y festivo en las que no faltan los bailes, vaquillas, conciertos y actividades infantiles. Una vez más, podréis disfrutar de la fiesta [&hellip;]</p>

<!-- This site is optimized with the Yoast SEO plugin v27.4 - https://yoast.com/product/yoast-seo-wordpress/ -->
<title>Sant Jaume - Ajuntament de Mont-roig del Camp</title>
<meta name="robots" content="index, follow, max-snippet:-1, max-image-preview:large, max-video-preview:-1" />
<link rel="canonical" href="https://mont-roig.cat/es/ayuntamiento/areas/fiestas/sant-jaume/" />
<meta property="og:locale" content="es_ES" />
<meta property="og:type" content="article" />
<meta property="og:title" content="Sant Jaume - Ajuntament de Mont-roig del Camp" />
<meta property="og:description" content="[vc_row][vc_column][vc_column_text css=&#8221;&#8221;]El día 25 de julio, con motivo de la festividad de Sant Jaume se celebra la Fiesta Mayor de verano de Miami Platja. Se llevan a cabo diferentes actividades de carácter cultural y festivo en las que no faltan los bailes, vaquillas, conciertos y actividades infantiles. Una vez más, podréis disfrutar de la fiesta [&hellip;]" />
<meta property="og:url" content="https://mont-roig.cat/es/ayuntamiento/areas/fiestas/sant-jaume/" />
<meta property="og:site_name" content="Ajuntament de Mont-roig del Camp" />
<meta property="article:modified_time" content="2025-07-18T07:06:20+00:00" />
<meta property="og:image" content="https://mont-roig.cat/wp-content/uploads/MMF_sant_jaume_25.png" />
	<meta property="og:image:width" content="702" />
	<meta property="og:image:height" content="993" />
	<meta property="og:image:type" content="image/png" />
<meta name="twitter:card" content="summary_large_image" />
<meta name="twitter:label1" content="Tiempo de lectura" />
	<meta name="twitter:data1" content="1 minuto" />
<script type="application/ld+json" class="yoast-schema-graph">{"@context":"https:\/\/schema.org","@graph":[{"@type":"WebPage","@id":"https:\/\/mont-roig.cat\/es\/ayuntamiento\/areas\/fiestas\/sant-jaume\/","url":"https:\/\/mont-roig.cat\/es\/ayuntamiento\/areas\/fiestas\/sant-jaume\/","name":"Sant Jaume - Ajuntament de Mont-roig del Camp","isPartOf":{"@id":"https:\/\/mont-roig.cat\/es\/#website"},"primaryImageOfPage":{"@id":"https:\/\/mont-roig.cat\/es\/ayuntamiento\/areas\/fiestas\/sant-jaume\/#primaryimage"},"image":{"@id":"https:\/\/mont-roig.cat\/es\/ayuntamiento\/areas\/fiestas\/sant-jaume\/#primaryimage"},"thumbnailUrl":"https:\/\/mont-roig.cat\/wp-content\/uploads\/MMF_sant_jaume_25-353x500.png","datePublished":"2015-05-28T12:00:26+00:00","dateModified":"2025-07-18T07:06:20+00:00","breadcrumb":{"@id":"https:\/\/mont-roig.cat\/es\/ayuntamiento\/areas\/fiestas\/sant-jaume\/#breadcrumb"},"inLanguage":"es","potentialAction":[{"@type":"ReadAction","target":["https:\/\/mont-roig.cat\/es\/ayuntamiento\/areas\/fiestas\/sant-jaume\/"]}]},{"@type":"ImageObject","inLanguage":"es","@id":"https:\/\/mont-roig.cat\/es\/ayuntamiento\/areas\/fiestas\/sant-jaume\/#primaryimage","url":"https:\/\/mont-roig.cat\/wp-content\/uploads\/MMF_sant_jaume_25-353x500.png","contentUrl":"https:\/\/mont-roig.cat\/wp-content\/uploads\/MMF_sant_jaume_25-353x500.png"},{"@type":"BreadcrumbList","@id":"https:\/\/mont-roig.cat\/es\/ayuntamiento\/areas\/fiestas\/sant-jaume\/#breadcrumb","itemListElement":[{"@type":"ListItem","position":1,"name":"Inici","item":"https:\/\/mont-roig.cat\/es\/pagina-de-inicio\/"},{"@type":"ListItem","position":2,"name":"Ayuntamiento","item":"https:\/\/mont-roig.cat\/es\/ayuntamiento\/"},{"@type":"ListItem","position":3,"name":"Áreas","item":"https:\/\/mont-roig.cat\/es\/ayuntamiento\/areas\/"},{"@type":"ListItem","position":4,"name":"Fiestas","item":"https:\/\/mont-roig.cat\/es\/ayuntamiento\/areas\/fiestas\/"},{"@type":"ListItem","position":5,"name":"Sant Jaume"}]},{"@type":"WebSite","@id":"https:\/\/mont-roig.cat\/es\/#website","url":"https:\/\/mont-roig.cat\/es\/","name":"Ajuntament de Mont-roig del Camp","description":"Tota la informació sobre la institució, els seus òrgans de govern, actualitat, serveis i molt més.","potentialAction":[{"@type":"SearchAction","target":{"@type":"EntryPoint","urlTemplate":"https:\/\/mont-roig.cat\/es\/?s={search_term_string}"},"query-input":{"@type":"PropertyValueSpecification","valueRequired":true,"valueName":"search_term_string"}}],"inLanguage":"es"}]}</script>
<!-- / Yoast SEO plugin. -->

[vc_row][vc_column][vc_column_text css=&#8221;&#8221;]El día 25 de julio, con motivo de la festividad de Sant Jaume se celebra la Fiesta Mayor de verano de Miami Platja. Se llevan a cabo diferentes actividades de carácter cultural y festivo en las que no faltan los bailes, vaquillas, conciertos y actividades infantiles. Una vez más, podréis disfrutar de la fiesta [&hellip;]

Áreas

Tota la informació sobre la institució, els seus òrgans de govern, actualitat, serveis i molt més.
