{"id":4492,"date":"2015-05-29T07:40:50","date_gmt":"2015-05-29T07:40:50","guid":{"rendered":""},"modified":"2025-08-13T08:56:54","modified_gmt":"2025-08-13T06:56:54","slug":"festa-de-les-pobles","status":"publish","type":"page","link":"https:\/\/mont-roig.cat\/es\/ayuntamiento\/areas\/fiestas\/festa-de-les-pobles\/","title":{"rendered":"Festa de les Pobles"},"content":{"rendered":"<div class=\"wpb-content-wrapper\">[vc_row][vc_column][vc_column_text css=&#8221;&#8221;]\n<div class=\"body\">\n<div>\n<p style=\"text-align: justify;\"><a href=\"https:\/\/mont-roig.cat\/wp-content\/uploads\/MMF_LESPOBLES2025_web.png\"><img loading=\"lazy\" decoding=\"async\" class=\"alignright wp-image-85011\" src=\"https:\/\/mont-roig.cat\/wp-content\/uploads\/MMF_LESPOBLES2025_web-354x500.png\" alt=\"\" width=\"248\" height=\"350\" srcset=\"https:\/\/mont-roig.cat\/wp-content\/uploads\/MMF_LESPOBLES2025_web-354x500.png 354w, https:\/\/mont-roig.cat\/wp-content\/uploads\/MMF_LESPOBLES2025_web-725x1024.png 725w, https:\/\/mont-roig.cat\/wp-content\/uploads\/MMF_LESPOBLES2025_web-768x1085.png 768w, https:\/\/mont-roig.cat\/wp-content\/uploads\/MMF_LESPOBLES2025_web.png 843w\" sizes=\"auto, (max-width: 248px) 100vw, 248px\" \/><\/a>Los fuegos artificiales y el baile sirven para dar inicio a las fiestas de Les Pobles. Son una cita imprescindible en el calendario local que recuerda la gran tradici\u00f3n entre las familias del municipio de pasar los veranos en las fincas de Les Pobles. Estas fiestas se dejaron de hacer durante unos a\u00f1os, pero se recuperaron en los a\u00f1os 80. El objetivo era rememorar los antepasados que celebraban la festividad de San Roque, el 16 de agosto, e iban a pasar el d\u00eda en Les Pobles y a la playa.<\/p>\n<p style=\"text-align: justify;\">Desde su recuperaci\u00f3n se hace una misa al aire libre, el baile de los <em>gegants<\/em> Miquel y Roca y la <em>Cobla d&#8217;en Taudell<\/em> como acompa\u00f1amiento musical. No falta tampoco una chocolatada popular y otros actos festivos.<\/p>\n<\/div>\n<div>\n<p>&nbsp;<\/p>\n<p>&nbsp;<\/p>\n<p>&nbsp;<\/p>\n<\/div>\n<\/div>\n[\/vc_column_text][\/vc_column][\/vc_row]\n<\/div>","protected":false},"excerpt":{"rendered":"<p>[vc_row][vc_column][vc_column_text css=&#8221;&#8221;] Los fuegos artificiales y el baile sirven para dar inicio a las fiestas de Les Pobles. Son una cita imprescindible en el calendario local que recuerda la gran tradici\u00f3n entre las familias del municipio de pasar los veranos en las fincas de Les Pobles. Estas fiestas se dejaron de hacer durante unos a\u00f1os, [&hellip;]<\/p>\n","protected":false},"author":4,"featured_media":0,"parent":4479,"menu_order":0,"comment_status":"closed","ping_status":"closed","template":"","meta":{"inline_featured_image":false,"_monsterinsights_skip_tracking":false,"_monsterinsights_sitenote_active":false,"_monsterinsights_sitenote_note":"","_monsterinsights_sitenote_category":0,"footnotes":""},"class_list":["post-4492","page","type-page","status-publish","hentry"],"yoast_head":"<!-- This site is optimized with the Yoast SEO plugin v27.4 - https:\/\/yoast.com\/product\/yoast-seo-wordpress\/ -->\n<title>Festa de les Pobles - Ajuntament de Mont-roig del Camp<\/title>\n<meta name=\"robots\" content=\"index, follow, max-snippet:-1, max-image-preview:large, max-video-preview:-1\" \/>\n<link rel=\"canonical\" href=\"https:\/\/mont-roig.cat\/es\/ayuntamiento\/areas\/fiestas\/festa-de-les-pobles\/\" \/>\n<meta property=\"og:locale\" content=\"es_ES\" \/>\n<meta property=\"og:type\" content=\"article\" \/>\n<meta property=\"og:title\" content=\"Festa de les Pobles - Ajuntament de Mont-roig del Camp\" \/>\n<meta property=\"og:description\" content=\"[vc_row][vc_column][vc_column_text css=&#8221;&#8221;] Los fuegos artificiales y el baile sirven para dar inicio a las fiestas de Les Pobles. Son una cita imprescindible en el calendario local que recuerda la gran tradici\u00f3n entre las familias del municipio de pasar los veranos en las fincas de Les Pobles. Estas fiestas se dejaron de hacer durante unos a\u00f1os, [&hellip;]\" \/>\n<meta property=\"og:url\" content=\"https:\/\/mont-roig.cat\/es\/ayuntamiento\/areas\/fiestas\/festa-de-les-pobles\/\" \/>\n<meta property=\"og:site_name\" content=\"Ajuntament de Mont-roig del Camp\" \/>\n<meta property=\"article:modified_time\" content=\"2025-08-13T06:56:54+00:00\" \/>\n<meta property=\"og:image\" content=\"https:\/\/mont-roig.cat\/wp-content\/uploads\/MMF_LESPOBLES2025_web.png\" \/>\n\t<meta property=\"og:image:width\" content=\"843\" \/>\n\t<meta property=\"og:image:height\" content=\"1191\" \/>\n\t<meta property=\"og:image:type\" content=\"image\/png\" \/>\n<meta name=\"twitter:card\" content=\"summary_large_image\" \/>\n<meta name=\"twitter:label1\" content=\"Tiempo de lectura\" \/>\n\t<meta name=\"twitter:data1\" content=\"1 minuto\" \/>\n<script type=\"application\/ld+json\" class=\"yoast-schema-graph\">{\"@context\":\"https:\\\/\\\/schema.org\",\"@graph\":[{\"@type\":\"WebPage\",\"@id\":\"https:\\\/\\\/mont-roig.cat\\\/es\\\/ayuntamiento\\\/areas\\\/fiestas\\\/festa-de-les-pobles\\\/\",\"url\":\"https:\\\/\\\/mont-roig.cat\\\/es\\\/ayuntamiento\\\/areas\\\/fiestas\\\/festa-de-les-pobles\\\/\",\"name\":\"Festa de les Pobles - Ajuntament de Mont-roig del Camp\",\"isPartOf\":{\"@id\":\"https:\\\/\\\/mont-roig.cat\\\/es\\\/#website\"},\"primaryImageOfPage\":{\"@id\":\"https:\\\/\\\/mont-roig.cat\\\/es\\\/ayuntamiento\\\/areas\\\/fiestas\\\/festa-de-les-pobles\\\/#primaryimage\"},\"image\":{\"@id\":\"https:\\\/\\\/mont-roig.cat\\\/es\\\/ayuntamiento\\\/areas\\\/fiestas\\\/festa-de-les-pobles\\\/#primaryimage\"},\"thumbnailUrl\":\"https:\\\/\\\/mont-roig.cat\\\/wp-content\\\/uploads\\\/MMF_LESPOBLES2025_web-354x500.png\",\"datePublished\":\"2015-05-29T07:40:50+00:00\",\"dateModified\":\"2025-08-13T06:56:54+00:00\",\"breadcrumb\":{\"@id\":\"https:\\\/\\\/mont-roig.cat\\\/es\\\/ayuntamiento\\\/areas\\\/fiestas\\\/festa-de-les-pobles\\\/#breadcrumb\"},\"inLanguage\":\"es\",\"potentialAction\":[{\"@type\":\"ReadAction\",\"target\":[\"https:\\\/\\\/mont-roig.cat\\\/es\\\/ayuntamiento\\\/areas\\\/fiestas\\\/festa-de-les-pobles\\\/\"]}]},{\"@type\":\"ImageObject\",\"inLanguage\":\"es\",\"@id\":\"https:\\\/\\\/mont-roig.cat\\\/es\\\/ayuntamiento\\\/areas\\\/fiestas\\\/festa-de-les-pobles\\\/#primaryimage\",\"url\":\"https:\\\/\\\/mont-roig.cat\\\/wp-content\\\/uploads\\\/MMF_LESPOBLES2025_web-354x500.png\",\"contentUrl\":\"https:\\\/\\\/mont-roig.cat\\\/wp-content\\\/uploads\\\/MMF_LESPOBLES2025_web-354x500.png\"},{\"@type\":\"BreadcrumbList\",\"@id\":\"https:\\\/\\\/mont-roig.cat\\\/es\\\/ayuntamiento\\\/areas\\\/fiestas\\\/festa-de-les-pobles\\\/#breadcrumb\",\"itemListElement\":[{\"@type\":\"ListItem\",\"position\":1,\"name\":\"Inici\",\"item\":\"https:\\\/\\\/mont-roig.cat\\\/es\\\/pagina-de-inicio\\\/\"},{\"@type\":\"ListItem\",\"position\":2,\"name\":\"Ayuntamiento\",\"item\":\"https:\\\/\\\/mont-roig.cat\\\/es\\\/ayuntamiento\\\/\"},{\"@type\":\"ListItem\",\"position\":3,\"name\":\"\u00c1reas\",\"item\":\"https:\\\/\\\/mont-roig.cat\\\/es\\\/ayuntamiento\\\/areas\\\/\"},{\"@type\":\"ListItem\",\"position\":4,\"name\":\"Fiestas\",\"item\":\"https:\\\/\\\/mont-roig.cat\\\/es\\\/ayuntamiento\\\/areas\\\/fiestas\\\/\"},{\"@type\":\"ListItem\",\"position\":5,\"name\":\"Festa de les Pobles\"}]},{\"@type\":\"WebSite\",\"@id\":\"https:\\\/\\\/mont-roig.cat\\\/es\\\/#website\",\"url\":\"https:\\\/\\\/mont-roig.cat\\\/es\\\/\",\"name\":\"Ajuntament de Mont-roig del Camp\",\"description\":\"Tota la informaci\u00f3 sobre la instituci\u00f3, els seus \u00f2rgans de govern, actualitat, serveis i molt m\u00e9s.\",\"potentialAction\":[{\"@type\":\"SearchAction\",\"target\":{\"@type\":\"EntryPoint\",\"urlTemplate\":\"https:\\\/\\\/mont-roig.cat\\\/es\\\/?s={search_term_string}\"},\"query-input\":{\"@type\":\"PropertyValueSpecification\",\"valueRequired\":true,\"valueName\":\"search_term_string\"}}],\"inLanguage\":\"es\"}]}<\/script>\n<!-- \/ Yoast SEO plugin. -->","yoast_head_json":{"title":"Festa de les Pobles - Ajuntament de Mont-roig del Camp","robots":{"index":"index","follow":"follow","max-snippet":"max-snippet:-1","max-image-preview":"max-image-preview:large","max-video-preview":"max-video-preview:-1"},"canonical":"https:\/\/mont-roig.cat\/es\/ayuntamiento\/areas\/fiestas\/festa-de-les-pobles\/","og_locale":"es_ES","og_type":"article","og_title":"Festa de les Pobles - Ajuntament de Mont-roig del Camp","og_description":"[vc_row][vc_column][vc_column_text css=&#8221;&#8221;] Los fuegos artificiales y el baile sirven para dar inicio a las fiestas de Les Pobles. Son una cita imprescindible en el calendario local que recuerda la gran tradici\u00f3n entre las familias del municipio de pasar los veranos en las fincas de Les Pobles. Estas fiestas se dejaron de hacer durante unos a\u00f1os, [&hellip;]","og_url":"https:\/\/mont-roig.cat\/es\/ayuntamiento\/areas\/fiestas\/festa-de-les-pobles\/","og_site_name":"Ajuntament de Mont-roig del Camp","article_modified_time":"2025-08-13T06:56:54+00:00","og_image":[{"width":843,"height":1191,"url":"https:\/\/mont-roig.cat\/wp-content\/uploads\/MMF_LESPOBLES2025_web.png","type":"image\/png"}],"twitter_card":"summary_large_image","twitter_misc":{"Tiempo de lectura":"1 minuto"},"schema":{"@context":"https:\/\/schema.org","@graph":[{"@type":"WebPage","@id":"https:\/\/mont-roig.cat\/es\/ayuntamiento\/areas\/fiestas\/festa-de-les-pobles\/","url":"https:\/\/mont-roig.cat\/es\/ayuntamiento\/areas\/fiestas\/festa-de-les-pobles\/","name":"Festa de les Pobles - Ajuntament de Mont-roig del Camp","isPartOf":{"@id":"https:\/\/mont-roig.cat\/es\/#website"},"primaryImageOfPage":{"@id":"https:\/\/mont-roig.cat\/es\/ayuntamiento\/areas\/fiestas\/festa-de-les-pobles\/#primaryimage"},"image":{"@id":"https:\/\/mont-roig.cat\/es\/ayuntamiento\/areas\/fiestas\/festa-de-les-pobles\/#primaryimage"},"thumbnailUrl":"https:\/\/mont-roig.cat\/wp-content\/uploads\/MMF_LESPOBLES2025_web-354x500.png","datePublished":"2015-05-29T07:40:50+00:00","dateModified":"2025-08-13T06:56:54+00:00","breadcrumb":{"@id":"https:\/\/mont-roig.cat\/es\/ayuntamiento\/areas\/fiestas\/festa-de-les-pobles\/#breadcrumb"},"inLanguage":"es","potentialAction":[{"@type":"ReadAction","target":["https:\/\/mont-roig.cat\/es\/ayuntamiento\/areas\/fiestas\/festa-de-les-pobles\/"]}]},{"@type":"ImageObject","inLanguage":"es","@id":"https:\/\/mont-roig.cat\/es\/ayuntamiento\/areas\/fiestas\/festa-de-les-pobles\/#primaryimage","url":"https:\/\/mont-roig.cat\/wp-content\/uploads\/MMF_LESPOBLES2025_web-354x500.png","contentUrl":"https:\/\/mont-roig.cat\/wp-content\/uploads\/MMF_LESPOBLES2025_web-354x500.png"},{"@type":"BreadcrumbList","@id":"https:\/\/mont-roig.cat\/es\/ayuntamiento\/areas\/fiestas\/festa-de-les-pobles\/#breadcrumb","itemListElement":[{"@type":"ListItem","position":1,"name":"Inici","item":"https:\/\/mont-roig.cat\/es\/pagina-de-inicio\/"},{"@type":"ListItem","position":2,"name":"Ayuntamiento","item":"https:\/\/mont-roig.cat\/es\/ayuntamiento\/"},{"@type":"ListItem","position":3,"name":"\u00c1reas","item":"https:\/\/mont-roig.cat\/es\/ayuntamiento\/areas\/"},{"@type":"ListItem","position":4,"name":"Fiestas","item":"https:\/\/mont-roig.cat\/es\/ayuntamiento\/areas\/fiestas\/"},{"@type":"ListItem","position":5,"name":"Festa de les Pobles"}]},{"@type":"WebSite","@id":"https:\/\/mont-roig.cat\/es\/#website","url":"https:\/\/mont-roig.cat\/es\/","name":"Ajuntament de Mont-roig del Camp","description":"Tota la informaci\u00f3 sobre la instituci\u00f3, els seus \u00f2rgans de govern, actualitat, serveis i molt m\u00e9s.","potentialAction":[{"@type":"SearchAction","target":{"@type":"EntryPoint","urlTemplate":"https:\/\/mont-roig.cat\/es\/?s={search_term_string}"},"query-input":{"@type":"PropertyValueSpecification","valueRequired":true,"valueName":"search_term_string"}}],"inLanguage":"es"}]}},"_links":{"self":[{"href":"https:\/\/mont-roig.cat\/es\/wp-json\/wp\/v2\/pages\/4492","targetHints":{"allow":["GET"]}}],"collection":[{"href":"https:\/\/mont-roig.cat\/es\/wp-json\/wp\/v2\/pages"}],"about":[{"href":"https:\/\/mont-roig.cat\/es\/wp-json\/wp\/v2\/types\/page"}],"author":[{"embeddable":true,"href":"https:\/\/mont-roig.cat\/es\/wp-json\/wp\/v2\/users\/4"}],"replies":[{"embeddable":true,"href":"https:\/\/mont-roig.cat\/es\/wp-json\/wp\/v2\/comments?post=4492"}],"version-history":[{"count":7,"href":"https:\/\/mont-roig.cat\/es\/wp-json\/wp\/v2\/pages\/4492\/revisions"}],"predecessor-version":[{"id":85021,"href":"https:\/\/mont-roig.cat\/es\/wp-json\/wp\/v2\/pages\/4492\/revisions\/85021"}],"up":[{"embeddable":true,"href":"https:\/\/mont-roig.cat\/es\/wp-json\/wp\/v2\/pages\/4479"}],"wp:attachment":[{"href":"https:\/\/mont-roig.cat\/es\/wp-json\/wp\/v2\/media?parent=4492"}],"curies":[{"name":"wp","href":"https:\/\/api.w.org\/{rel}","templated":true}]}}

<div class="wpb-content-wrapper">[vc_row][vc_column][vc_column_text css=&#8221;&#8221;]
<div class="body">
<div>
<p style="text-align: justify;"><a href="https://mont-roig.cat/wp-content/uploads/MMF_LESPOBLES2025_web.png"><img loading="lazy" decoding="async" class="alignright wp-image-85011" src="https://mont-roig.cat/wp-content/uploads/MMF_LESPOBLES2025_web-354x500.png" alt="" width="248" height="350" srcset="https://mont-roig.cat/wp-content/uploads/MMF_LESPOBLES2025_web-354x500.png 354w, https://mont-roig.cat/wp-content/uploads/MMF_LESPOBLES2025_web-725x1024.png 725w, https://mont-roig.cat/wp-content/uploads/MMF_LESPOBLES2025_web-768x1085.png 768w, https://mont-roig.cat/wp-content/uploads/MMF_LESPOBLES2025_web.png 843w" sizes="auto, (max-width: 248px) 100vw, 248px" /></a>Los fuegos artificiales y el baile sirven para dar inicio a las fiestas de Les Pobles. Son una cita imprescindible en el calendario local que recuerda la gran tradición entre las familias del municipio de pasar los veranos en las fincas de Les Pobles. Estas fiestas se dejaron de hacer durante unos años, pero se recuperaron en los años 80. El objetivo era rememorar los antepasados que celebraban la festividad de San Roque, el 16 de agosto, e iban a pasar el día en Les Pobles y a la playa.</p>
<p style="text-align: justify;">Desde su recuperación se hace una misa al aire libre, el baile de los <em>gegants</em> Miquel y Roca y la <em>Cobla d&#8217;en Taudell</em> como acompañamiento musical. No falta tampoco una chocolatada popular y otros actos festivos.</p>
</div>
<div>
<p>&nbsp;</p>
<p>&nbsp;</p>
<p>&nbsp;</p>
</div>
</div>
[/vc_column_text][/vc_column][/vc_row]
</div>

<p>[vc_row][vc_column][vc_column_text css=&#8221;&#8221;] Los fuegos artificiales y el baile sirven para dar inicio a las fiestas de Les Pobles. Son una cita imprescindible en el calendario local que recuerda la gran tradición entre las familias del municipio de pasar los veranos en las fincas de Les Pobles. Estas fiestas se dejaron de hacer durante unos años, [&hellip;]</p>

<!-- This site is optimized with the Yoast SEO plugin v27.4 - https://yoast.com/product/yoast-seo-wordpress/ -->
<title>Festa de les Pobles - Ajuntament de Mont-roig del Camp</title>
<meta name="robots" content="index, follow, max-snippet:-1, max-image-preview:large, max-video-preview:-1" />
<link rel="canonical" href="https://mont-roig.cat/es/ayuntamiento/areas/fiestas/festa-de-les-pobles/" />
<meta property="og:locale" content="es_ES" />
<meta property="og:type" content="article" />
<meta property="og:title" content="Festa de les Pobles - Ajuntament de Mont-roig del Camp" />
<meta property="og:description" content="[vc_row][vc_column][vc_column_text css=&#8221;&#8221;] Los fuegos artificiales y el baile sirven para dar inicio a las fiestas de Les Pobles. Son una cita imprescindible en el calendario local que recuerda la gran tradición entre las familias del municipio de pasar los veranos en las fincas de Les Pobles. Estas fiestas se dejaron de hacer durante unos años, [&hellip;]" />
<meta property="og:url" content="https://mont-roig.cat/es/ayuntamiento/areas/fiestas/festa-de-les-pobles/" />
<meta property="og:site_name" content="Ajuntament de Mont-roig del Camp" />
<meta property="article:modified_time" content="2025-08-13T06:56:54+00:00" />
<meta property="og:image" content="https://mont-roig.cat/wp-content/uploads/MMF_LESPOBLES2025_web.png" />
	<meta property="og:image:width" content="843" />
	<meta property="og:image:height" content="1191" />
	<meta property="og:image:type" content="image/png" />
<meta name="twitter:card" content="summary_large_image" />
<meta name="twitter:label1" content="Tiempo de lectura" />
	<meta name="twitter:data1" content="1 minuto" />
<script type="application/ld+json" class="yoast-schema-graph">{"@context":"https:\/\/schema.org","@graph":[{"@type":"WebPage","@id":"https:\/\/mont-roig.cat\/es\/ayuntamiento\/areas\/fiestas\/festa-de-les-pobles\/","url":"https:\/\/mont-roig.cat\/es\/ayuntamiento\/areas\/fiestas\/festa-de-les-pobles\/","name":"Festa de les Pobles - Ajuntament de Mont-roig del Camp","isPartOf":{"@id":"https:\/\/mont-roig.cat\/es\/#website"},"primaryImageOfPage":{"@id":"https:\/\/mont-roig.cat\/es\/ayuntamiento\/areas\/fiestas\/festa-de-les-pobles\/#primaryimage"},"image":{"@id":"https:\/\/mont-roig.cat\/es\/ayuntamiento\/areas\/fiestas\/festa-de-les-pobles\/#primaryimage"},"thumbnailUrl":"https:\/\/mont-roig.cat\/wp-content\/uploads\/MMF_LESPOBLES2025_web-354x500.png","datePublished":"2015-05-29T07:40:50+00:00","dateModified":"2025-08-13T06:56:54+00:00","breadcrumb":{"@id":"https:\/\/mont-roig.cat\/es\/ayuntamiento\/areas\/fiestas\/festa-de-les-pobles\/#breadcrumb"},"inLanguage":"es","potentialAction":[{"@type":"ReadAction","target":["https:\/\/mont-roig.cat\/es\/ayuntamiento\/areas\/fiestas\/festa-de-les-pobles\/"]}]},{"@type":"ImageObject","inLanguage":"es","@id":"https:\/\/mont-roig.cat\/es\/ayuntamiento\/areas\/fiestas\/festa-de-les-pobles\/#primaryimage","url":"https:\/\/mont-roig.cat\/wp-content\/uploads\/MMF_LESPOBLES2025_web-354x500.png","contentUrl":"https:\/\/mont-roig.cat\/wp-content\/uploads\/MMF_LESPOBLES2025_web-354x500.png"},{"@type":"BreadcrumbList","@id":"https:\/\/mont-roig.cat\/es\/ayuntamiento\/areas\/fiestas\/festa-de-les-pobles\/#breadcrumb","itemListElement":[{"@type":"ListItem","position":1,"name":"Inici","item":"https:\/\/mont-roig.cat\/es\/pagina-de-inicio\/"},{"@type":"ListItem","position":2,"name":"Ayuntamiento","item":"https:\/\/mont-roig.cat\/es\/ayuntamiento\/"},{"@type":"ListItem","position":3,"name":"Áreas","item":"https:\/\/mont-roig.cat\/es\/ayuntamiento\/areas\/"},{"@type":"ListItem","position":4,"name":"Fiestas","item":"https:\/\/mont-roig.cat\/es\/ayuntamiento\/areas\/fiestas\/"},{"@type":"ListItem","position":5,"name":"Festa de les Pobles"}]},{"@type":"WebSite","@id":"https:\/\/mont-roig.cat\/es\/#website","url":"https:\/\/mont-roig.cat\/es\/","name":"Ajuntament de Mont-roig del Camp","description":"Tota la informació sobre la institució, els seus òrgans de govern, actualitat, serveis i molt més.","potentialAction":[{"@type":"SearchAction","target":{"@type":"EntryPoint","urlTemplate":"https:\/\/mont-roig.cat\/es\/?s={search_term_string}"},"query-input":{"@type":"PropertyValueSpecification","valueRequired":true,"valueName":"search_term_string"}}],"inLanguage":"es"}]}</script>
<!-- / Yoast SEO plugin. -->

[vc_row][vc_column][vc_column_text css=&#8221;&#8221;] Los fuegos artificiales y el baile sirven para dar inicio a las fiestas de Les Pobles. Son una cita imprescindible en el calendario local que recuerda la gran tradición entre las familias del municipio de pasar los veranos en las fincas de Les Pobles. Estas fiestas se dejaron de hacer durante unos años, [&hellip;]

Áreas

Tota la informació sobre la institució, els seus òrgans de govern, actualitat, serveis i molt més.
