{"id":4494,"date":"2015-05-29T07:51:17","date_gmt":"2015-05-29T07:51:17","guid":{"rendered":""},"modified":"2017-08-16T10:28:26","modified_gmt":"2017-08-16T08:28:26","slug":"fiesta-pirata","status":"publish","type":"page","link":"https:\/\/mont-roig.cat\/es\/ayuntamiento\/areas\/fiestas\/fiesta-pirata\/","title":{"rendered":"Fiesta Pirata"},"content":{"rendered":"<div class=\"body\">\n<p style=\"text-align: justify;\">La <strong>Fiesta Pirata<\/strong> naci\u00f3 en 2011 gracias a los &#8220;Talleres para la Fiesta&#8221;, un programa del <em>Centre de Cultura Popular i Tradicional del Departament de Cultura i Mitjans de Comunicaci\u00f3 de la Generalitat de Catalunya<\/em>. El programa ten\u00eda el objetivo de recuperar o crear una fiesta que pudiera arraigar en Miami Platja. Recurriendo a los antecedentes hist\u00f3ricos documentados sobre las incursiones piratas en Miramar, un antiguo poblado cercano ahora en ruinas, donde se almacenaba grano, se decidi\u00f3 crear la leyenda de la Luna Roja. Despu\u00e9s de varios encuentros abiertos a todos los vecinos se cre\u00f3 la <em>geganta<\/em> de la Luna Roja y una asociaci\u00f3n que representa y organiza cada a\u00f1o su fiesta. \u00a0<a title=\"Facebook Festa Pirata\" href=\"https:\/\/www.facebook.com\/pages\/Festa-Pirata-de-Miami-Platja\/106619999406008\" target=\"_blank\" rel=\"tooltip noopener\"><img decoding=\"async\" style=\"width: 28px; height: 28px;\" title=\"Facebook Fiesta Pirata\" src=\"http:\/\/mont-roig.cat\/wp-content\/uploads\/ico-facebook.png\" alt=\"Facebook Fiesta Pirata\" \/><\/a><\/p>\n<p style=\"text-align: justify;\">Desde entonces, cada a\u00f1o,\u00a0los piratas conquistan el n\u00facleo costero. Los acompa\u00f1a su <em>geganta<\/em> y sus tambores. Durante la celebraci\u00f3n se realizan pasacalles, batallas de trastos, talleres, danzas y bailes en honor a la Luna Roja.<\/p>\n<p style=\"text-align: justify;\"><span style=\"font-size: 15.1999998092651px; line-height: 21.2799987792969px; color: #666666; font-family: Arial, Helvetica, sans-serif; text-align: justify;\">\u00a0<a href=\"http:\/\/mont-roig.cat\/wp-content\/uploads\/Llegenda-Lluna-Roja.pdf\" target=\"_blank\" rel=\"noopener\">Leyenda Luna Roja<\/a><\/span><\/p>\n<p>&nbsp;<\/p>\n<\/div>\n<div class=\"field_page_fitxers\"><\/div>\n","protected":false},"excerpt":{"rendered":"<p>La Fiesta Pirata naci\u00f3 en 2011 gracias a los &#8220;Talleres para la Fiesta&#8221;, un programa del Centre de Cultura Popular i Tradicional del Departament de Cultura i Mitjans de Comunicaci\u00f3 de la Generalitat de Catalunya. El programa ten\u00eda el objetivo de recuperar o crear una fiesta que pudiera arraigar en Miami Platja. Recurriendo a los [&hellip;]<\/p>\n","protected":false},"author":4,"featured_media":0,"parent":4479,"menu_order":0,"comment_status":"closed","ping_status":"closed","template":"","meta":{"inline_featured_image":false,"_monsterinsights_skip_tracking":false,"_monsterinsights_sitenote_active":false,"_monsterinsights_sitenote_note":"","_monsterinsights_sitenote_category":0,"footnotes":""},"class_list":["post-4494","page","type-page","status-publish","hentry"],"yoast_head":"<!-- This site is optimized with the Yoast SEO plugin v27.4 - https:\/\/yoast.com\/product\/yoast-seo-wordpress\/ -->\n<title>Fiesta Pirata - Ajuntament de Mont-roig del Camp<\/title>\n<meta name=\"robots\" content=\"index, follow, max-snippet:-1, max-image-preview:large, max-video-preview:-1\" \/>\n<link rel=\"canonical\" href=\"https:\/\/mont-roig.cat\/es\/ayuntamiento\/areas\/fiestas\/fiesta-pirata\/\" \/>\n<meta property=\"og:locale\" content=\"es_ES\" \/>\n<meta property=\"og:type\" content=\"article\" \/>\n<meta property=\"og:title\" content=\"Fiesta Pirata - Ajuntament de Mont-roig del Camp\" \/>\n<meta property=\"og:description\" content=\"La Fiesta Pirata naci\u00f3 en 2011 gracias a los &#8220;Talleres para la Fiesta&#8221;, un programa del Centre de Cultura Popular i Tradicional del Departament de Cultura i Mitjans de Comunicaci\u00f3 de la Generalitat de Catalunya. El programa ten\u00eda el objetivo de recuperar o crear una fiesta que pudiera arraigar en Miami Platja. Recurriendo a los [&hellip;]\" \/>\n<meta property=\"og:url\" content=\"https:\/\/mont-roig.cat\/es\/ayuntamiento\/areas\/fiestas\/fiesta-pirata\/\" \/>\n<meta property=\"og:site_name\" content=\"Ajuntament de Mont-roig del Camp\" \/>\n<meta property=\"article:modified_time\" content=\"2017-08-16T08:28:26+00:00\" \/>\n<meta property=\"og:image\" content=\"http:\/\/mont-roig.cat\/wp-content\/uploads\/ico-facebook.png\" \/>\n<meta name=\"twitter:card\" content=\"summary_large_image\" \/>\n<meta name=\"twitter:label1\" content=\"Tiempo de lectura\" \/>\n\t<meta name=\"twitter:data1\" content=\"1 minuto\" \/>\n<script type=\"application\/ld+json\" class=\"yoast-schema-graph\">{\"@context\":\"https:\\\/\\\/schema.org\",\"@graph\":[{\"@type\":\"WebPage\",\"@id\":\"https:\\\/\\\/mont-roig.cat\\\/es\\\/ayuntamiento\\\/areas\\\/fiestas\\\/fiesta-pirata\\\/\",\"url\":\"https:\\\/\\\/mont-roig.cat\\\/es\\\/ayuntamiento\\\/areas\\\/fiestas\\\/fiesta-pirata\\\/\",\"name\":\"Fiesta Pirata - Ajuntament de Mont-roig del Camp\",\"isPartOf\":{\"@id\":\"https:\\\/\\\/mont-roig.cat\\\/es\\\/#website\"},\"primaryImageOfPage\":{\"@id\":\"https:\\\/\\\/mont-roig.cat\\\/es\\\/ayuntamiento\\\/areas\\\/fiestas\\\/fiesta-pirata\\\/#primaryimage\"},\"image\":{\"@id\":\"https:\\\/\\\/mont-roig.cat\\\/es\\\/ayuntamiento\\\/areas\\\/fiestas\\\/fiesta-pirata\\\/#primaryimage\"},\"thumbnailUrl\":\"http:\\\/\\\/mont-roig.cat\\\/wp-content\\\/uploads\\\/ico-facebook.png\",\"datePublished\":\"2015-05-29T07:51:17+00:00\",\"dateModified\":\"2017-08-16T08:28:26+00:00\",\"breadcrumb\":{\"@id\":\"https:\\\/\\\/mont-roig.cat\\\/es\\\/ayuntamiento\\\/areas\\\/fiestas\\\/fiesta-pirata\\\/#breadcrumb\"},\"inLanguage\":\"es\",\"potentialAction\":[{\"@type\":\"ReadAction\",\"target\":[\"https:\\\/\\\/mont-roig.cat\\\/es\\\/ayuntamiento\\\/areas\\\/fiestas\\\/fiesta-pirata\\\/\"]}]},{\"@type\":\"ImageObject\",\"inLanguage\":\"es\",\"@id\":\"https:\\\/\\\/mont-roig.cat\\\/es\\\/ayuntamiento\\\/areas\\\/fiestas\\\/fiesta-pirata\\\/#primaryimage\",\"url\":\"http:\\\/\\\/mont-roig.cat\\\/wp-content\\\/uploads\\\/ico-facebook.png\",\"contentUrl\":\"http:\\\/\\\/mont-roig.cat\\\/wp-content\\\/uploads\\\/ico-facebook.png\"},{\"@type\":\"BreadcrumbList\",\"@id\":\"https:\\\/\\\/mont-roig.cat\\\/es\\\/ayuntamiento\\\/areas\\\/fiestas\\\/fiesta-pirata\\\/#breadcrumb\",\"itemListElement\":[{\"@type\":\"ListItem\",\"position\":1,\"name\":\"Inici\",\"item\":\"https:\\\/\\\/mont-roig.cat\\\/es\\\/pagina-de-inicio\\\/\"},{\"@type\":\"ListItem\",\"position\":2,\"name\":\"Ayuntamiento\",\"item\":\"https:\\\/\\\/mont-roig.cat\\\/es\\\/ayuntamiento\\\/\"},{\"@type\":\"ListItem\",\"position\":3,\"name\":\"\u00c1reas\",\"item\":\"https:\\\/\\\/mont-roig.cat\\\/es\\\/ayuntamiento\\\/areas\\\/\"},{\"@type\":\"ListItem\",\"position\":4,\"name\":\"Fiestas\",\"item\":\"https:\\\/\\\/mont-roig.cat\\\/es\\\/ayuntamiento\\\/areas\\\/fiestas\\\/\"},{\"@type\":\"ListItem\",\"position\":5,\"name\":\"Fiesta Pirata\"}]},{\"@type\":\"WebSite\",\"@id\":\"https:\\\/\\\/mont-roig.cat\\\/es\\\/#website\",\"url\":\"https:\\\/\\\/mont-roig.cat\\\/es\\\/\",\"name\":\"Ajuntament de Mont-roig del Camp\",\"description\":\"Tota la informaci\u00f3 sobre la instituci\u00f3, els seus \u00f2rgans de govern, actualitat, serveis i molt m\u00e9s.\",\"potentialAction\":[{\"@type\":\"SearchAction\",\"target\":{\"@type\":\"EntryPoint\",\"urlTemplate\":\"https:\\\/\\\/mont-roig.cat\\\/es\\\/?s={search_term_string}\"},\"query-input\":{\"@type\":\"PropertyValueSpecification\",\"valueRequired\":true,\"valueName\":\"search_term_string\"}}],\"inLanguage\":\"es\"}]}<\/script>\n<!-- \/ Yoast SEO plugin. -->","yoast_head_json":{"title":"Fiesta Pirata - Ajuntament de Mont-roig del Camp","robots":{"index":"index","follow":"follow","max-snippet":"max-snippet:-1","max-image-preview":"max-image-preview:large","max-video-preview":"max-video-preview:-1"},"canonical":"https:\/\/mont-roig.cat\/es\/ayuntamiento\/areas\/fiestas\/fiesta-pirata\/","og_locale":"es_ES","og_type":"article","og_title":"Fiesta Pirata - Ajuntament de Mont-roig del Camp","og_description":"La Fiesta Pirata naci\u00f3 en 2011 gracias a los &#8220;Talleres para la Fiesta&#8221;, un programa del Centre de Cultura Popular i Tradicional del Departament de Cultura i Mitjans de Comunicaci\u00f3 de la Generalitat de Catalunya. El programa ten\u00eda el objetivo de recuperar o crear una fiesta que pudiera arraigar en Miami Platja. Recurriendo a los [&hellip;]","og_url":"https:\/\/mont-roig.cat\/es\/ayuntamiento\/areas\/fiestas\/fiesta-pirata\/","og_site_name":"Ajuntament de Mont-roig del Camp","article_modified_time":"2017-08-16T08:28:26+00:00","og_image":[{"url":"http:\/\/mont-roig.cat\/wp-content\/uploads\/ico-facebook.png","type":"","width":"","height":""}],"twitter_card":"summary_large_image","twitter_misc":{"Tiempo de lectura":"1 minuto"},"schema":{"@context":"https:\/\/schema.org","@graph":[{"@type":"WebPage","@id":"https:\/\/mont-roig.cat\/es\/ayuntamiento\/areas\/fiestas\/fiesta-pirata\/","url":"https:\/\/mont-roig.cat\/es\/ayuntamiento\/areas\/fiestas\/fiesta-pirata\/","name":"Fiesta Pirata - Ajuntament de Mont-roig del Camp","isPartOf":{"@id":"https:\/\/mont-roig.cat\/es\/#website"},"primaryImageOfPage":{"@id":"https:\/\/mont-roig.cat\/es\/ayuntamiento\/areas\/fiestas\/fiesta-pirata\/#primaryimage"},"image":{"@id":"https:\/\/mont-roig.cat\/es\/ayuntamiento\/areas\/fiestas\/fiesta-pirata\/#primaryimage"},"thumbnailUrl":"http:\/\/mont-roig.cat\/wp-content\/uploads\/ico-facebook.png","datePublished":"2015-05-29T07:51:17+00:00","dateModified":"2017-08-16T08:28:26+00:00","breadcrumb":{"@id":"https:\/\/mont-roig.cat\/es\/ayuntamiento\/areas\/fiestas\/fiesta-pirata\/#breadcrumb"},"inLanguage":"es","potentialAction":[{"@type":"ReadAction","target":["https:\/\/mont-roig.cat\/es\/ayuntamiento\/areas\/fiestas\/fiesta-pirata\/"]}]},{"@type":"ImageObject","inLanguage":"es","@id":"https:\/\/mont-roig.cat\/es\/ayuntamiento\/areas\/fiestas\/fiesta-pirata\/#primaryimage","url":"http:\/\/mont-roig.cat\/wp-content\/uploads\/ico-facebook.png","contentUrl":"http:\/\/mont-roig.cat\/wp-content\/uploads\/ico-facebook.png"},{"@type":"BreadcrumbList","@id":"https:\/\/mont-roig.cat\/es\/ayuntamiento\/areas\/fiestas\/fiesta-pirata\/#breadcrumb","itemListElement":[{"@type":"ListItem","position":1,"name":"Inici","item":"https:\/\/mont-roig.cat\/es\/pagina-de-inicio\/"},{"@type":"ListItem","position":2,"name":"Ayuntamiento","item":"https:\/\/mont-roig.cat\/es\/ayuntamiento\/"},{"@type":"ListItem","position":3,"name":"\u00c1reas","item":"https:\/\/mont-roig.cat\/es\/ayuntamiento\/areas\/"},{"@type":"ListItem","position":4,"name":"Fiestas","item":"https:\/\/mont-roig.cat\/es\/ayuntamiento\/areas\/fiestas\/"},{"@type":"ListItem","position":5,"name":"Fiesta Pirata"}]},{"@type":"WebSite","@id":"https:\/\/mont-roig.cat\/es\/#website","url":"https:\/\/mont-roig.cat\/es\/","name":"Ajuntament de Mont-roig del Camp","description":"Tota la informaci\u00f3 sobre la instituci\u00f3, els seus \u00f2rgans de govern, actualitat, serveis i molt m\u00e9s.","potentialAction":[{"@type":"SearchAction","target":{"@type":"EntryPoint","urlTemplate":"https:\/\/mont-roig.cat\/es\/?s={search_term_string}"},"query-input":{"@type":"PropertyValueSpecification","valueRequired":true,"valueName":"search_term_string"}}],"inLanguage":"es"}]}},"_links":{"self":[{"href":"https:\/\/mont-roig.cat\/es\/wp-json\/wp\/v2\/pages\/4494","targetHints":{"allow":["GET"]}}],"collection":[{"href":"https:\/\/mont-roig.cat\/es\/wp-json\/wp\/v2\/pages"}],"about":[{"href":"https:\/\/mont-roig.cat\/es\/wp-json\/wp\/v2\/types\/page"}],"author":[{"embeddable":true,"href":"https:\/\/mont-roig.cat\/es\/wp-json\/wp\/v2\/users\/4"}],"replies":[{"embeddable":true,"href":"https:\/\/mont-roig.cat\/es\/wp-json\/wp\/v2\/comments?post=4494"}],"version-history":[{"count":1,"href":"https:\/\/mont-roig.cat\/es\/wp-json\/wp\/v2\/pages\/4494\/revisions"}],"predecessor-version":[{"id":21162,"href":"https:\/\/mont-roig.cat\/es\/wp-json\/wp\/v2\/pages\/4494\/revisions\/21162"}],"up":[{"embeddable":true,"href":"https:\/\/mont-roig.cat\/es\/wp-json\/wp\/v2\/pages\/4479"}],"wp:attachment":[{"href":"https:\/\/mont-roig.cat\/es\/wp-json\/wp\/v2\/media?parent=4494"}],"curies":[{"name":"wp","href":"https:\/\/api.w.org\/{rel}","templated":true}]}}

<div class="body">
<p style="text-align: justify;">La <strong>Fiesta Pirata</strong> nació en 2011 gracias a los &#8220;Talleres para la Fiesta&#8221;, un programa del <em>Centre de Cultura Popular i Tradicional del Departament de Cultura i Mitjans de Comunicació de la Generalitat de Catalunya</em>. El programa tenía el objetivo de recuperar o crear una fiesta que pudiera arraigar en Miami Platja. Recurriendo a los antecedentes históricos documentados sobre las incursiones piratas en Miramar, un antiguo poblado cercano ahora en ruinas, donde se almacenaba grano, se decidió crear la leyenda de la Luna Roja. Después de varios encuentros abiertos a todos los vecinos se creó la <em>geganta</em> de la Luna Roja y una asociación que representa y organiza cada año su fiesta.  <a title="Facebook Festa Pirata" href="https://www.facebook.com/pages/Festa-Pirata-de-Miami-Platja/106619999406008" target="_blank" rel="tooltip noopener"><img decoding="async" style="width: 28px; height: 28px;" title="Facebook Fiesta Pirata" src="http://mont-roig.cat/wp-content/uploads/ico-facebook.png" alt="Facebook Fiesta Pirata" /></a></p>
<p style="text-align: justify;">Desde entonces, cada año, los piratas conquistan el núcleo costero. Los acompaña su <em>geganta</em> y sus tambores. Durante la celebración se realizan pasacalles, batallas de trastos, talleres, danzas y bailes en honor a la Luna Roja.</p>
<p style="text-align: justify;"><span style="font-size: 15.1999998092651px; line-height: 21.2799987792969px; color: #666666; font-family: Arial, Helvetica, sans-serif; text-align: justify;"> <a href="http://mont-roig.cat/wp-content/uploads/Llegenda-Lluna-Roja.pdf" target="_blank" rel="noopener">Leyenda Luna Roja</a></span></p>
<p>&nbsp;</p>
</div>
<div class="field_page_fitxers"></div>

<p>La Fiesta Pirata nació en 2011 gracias a los &#8220;Talleres para la Fiesta&#8221;, un programa del Centre de Cultura Popular i Tradicional del Departament de Cultura i Mitjans de Comunicació de la Generalitat de Catalunya. El programa tenía el objetivo de recuperar o crear una fiesta que pudiera arraigar en Miami Platja. Recurriendo a los [&hellip;]</p>

<!-- This site is optimized with the Yoast SEO plugin v27.4 - https://yoast.com/product/yoast-seo-wordpress/ -->
<title>Fiesta Pirata - Ajuntament de Mont-roig del Camp</title>
<meta name="robots" content="index, follow, max-snippet:-1, max-image-preview:large, max-video-preview:-1" />
<link rel="canonical" href="https://mont-roig.cat/es/ayuntamiento/areas/fiestas/fiesta-pirata/" />
<meta property="og:locale" content="es_ES" />
<meta property="og:type" content="article" />
<meta property="og:title" content="Fiesta Pirata - Ajuntament de Mont-roig del Camp" />
<meta property="og:description" content="La Fiesta Pirata nació en 2011 gracias a los &#8220;Talleres para la Fiesta&#8221;, un programa del Centre de Cultura Popular i Tradicional del Departament de Cultura i Mitjans de Comunicació de la Generalitat de Catalunya. El programa tenía el objetivo de recuperar o crear una fiesta que pudiera arraigar en Miami Platja. Recurriendo a los [&hellip;]" />
<meta property="og:url" content="https://mont-roig.cat/es/ayuntamiento/areas/fiestas/fiesta-pirata/" />
<meta property="og:site_name" content="Ajuntament de Mont-roig del Camp" />
<meta property="article:modified_time" content="2017-08-16T08:28:26+00:00" />
<meta property="og:image" content="http://mont-roig.cat/wp-content/uploads/ico-facebook.png" />
<meta name="twitter:card" content="summary_large_image" />
<meta name="twitter:label1" content="Tiempo de lectura" />
	<meta name="twitter:data1" content="1 minuto" />
<script type="application/ld+json" class="yoast-schema-graph">{"@context":"https:\/\/schema.org","@graph":[{"@type":"WebPage","@id":"https:\/\/mont-roig.cat\/es\/ayuntamiento\/areas\/fiestas\/fiesta-pirata\/","url":"https:\/\/mont-roig.cat\/es\/ayuntamiento\/areas\/fiestas\/fiesta-pirata\/","name":"Fiesta Pirata - Ajuntament de Mont-roig del Camp","isPartOf":{"@id":"https:\/\/mont-roig.cat\/es\/#website"},"primaryImageOfPage":{"@id":"https:\/\/mont-roig.cat\/es\/ayuntamiento\/areas\/fiestas\/fiesta-pirata\/#primaryimage"},"image":{"@id":"https:\/\/mont-roig.cat\/es\/ayuntamiento\/areas\/fiestas\/fiesta-pirata\/#primaryimage"},"thumbnailUrl":"http:\/\/mont-roig.cat\/wp-content\/uploads\/ico-facebook.png","datePublished":"2015-05-29T07:51:17+00:00","dateModified":"2017-08-16T08:28:26+00:00","breadcrumb":{"@id":"https:\/\/mont-roig.cat\/es\/ayuntamiento\/areas\/fiestas\/fiesta-pirata\/#breadcrumb"},"inLanguage":"es","potentialAction":[{"@type":"ReadAction","target":["https:\/\/mont-roig.cat\/es\/ayuntamiento\/areas\/fiestas\/fiesta-pirata\/"]}]},{"@type":"ImageObject","inLanguage":"es","@id":"https:\/\/mont-roig.cat\/es\/ayuntamiento\/areas\/fiestas\/fiesta-pirata\/#primaryimage","url":"http:\/\/mont-roig.cat\/wp-content\/uploads\/ico-facebook.png","contentUrl":"http:\/\/mont-roig.cat\/wp-content\/uploads\/ico-facebook.png"},{"@type":"BreadcrumbList","@id":"https:\/\/mont-roig.cat\/es\/ayuntamiento\/areas\/fiestas\/fiesta-pirata\/#breadcrumb","itemListElement":[{"@type":"ListItem","position":1,"name":"Inici","item":"https:\/\/mont-roig.cat\/es\/pagina-de-inicio\/"},{"@type":"ListItem","position":2,"name":"Ayuntamiento","item":"https:\/\/mont-roig.cat\/es\/ayuntamiento\/"},{"@type":"ListItem","position":3,"name":"Áreas","item":"https:\/\/mont-roig.cat\/es\/ayuntamiento\/areas\/"},{"@type":"ListItem","position":4,"name":"Fiestas","item":"https:\/\/mont-roig.cat\/es\/ayuntamiento\/areas\/fiestas\/"},{"@type":"ListItem","position":5,"name":"Fiesta Pirata"}]},{"@type":"WebSite","@id":"https:\/\/mont-roig.cat\/es\/#website","url":"https:\/\/mont-roig.cat\/es\/","name":"Ajuntament de Mont-roig del Camp","description":"Tota la informació sobre la institució, els seus òrgans de govern, actualitat, serveis i molt més.","potentialAction":[{"@type":"SearchAction","target":{"@type":"EntryPoint","urlTemplate":"https:\/\/mont-roig.cat\/es\/?s={search_term_string}"},"query-input":{"@type":"PropertyValueSpecification","valueRequired":true,"valueName":"search_term_string"}}],"inLanguage":"es"}]}</script>
<!-- / Yoast SEO plugin. -->

La Fiesta Pirata nació en 2011 gracias a los &#8220;Talleres para la Fiesta&#8221;, un programa del Centre de Cultura Popular i Tradicional del Departament de Cultura i Mitjans de Comunicació de la Generalitat de Catalunya. El programa tenía el objetivo de recuperar o crear una fiesta que pudiera arraigar en Miami Platja. Recurriendo a los [&hellip;]

Áreas

Tota la informació sobre la institució, els seus òrgans de govern, actualitat, serveis i molt més.
