{"id":4498,"date":"2015-05-29T08:19:00","date_gmt":"2015-05-29T08:19:00","guid":{"rendered":""},"modified":"2017-02-15T09:55:28","modified_gmt":"2017-02-15T08:55:28","slug":"fiestas-de-barrios","status":"publish","type":"page","link":"https:\/\/mont-roig.cat\/es\/ayuntamiento\/areas\/fiestas\/fiestas-de-barrios\/","title":{"rendered":"Fiestas de Barrios"},"content":{"rendered":"<div class=\"body\">\n<p style=\"text-align: justify;\">Durante el verano es habitual que los vecinos y vecinas organicen diversas actividades al aire libre para reencontrarse. Las primeras fiestas de barrio se celebraron en 1984, a\u00f1o en que nacieron los gegants Miquel y Roca y los grallers de Mont-roig. Desde entonces son varios los barrios que cada a\u00f1o celebran sus fiestas. En sus p\u00e1ginas de Facebook podr\u00e9is encontrar su programaci\u00f3n.<\/p>\n<p style=\"text-align: justify;\"><strong>&#8211; Barrio <\/strong><em><strong>Sis Carrers<\/strong><\/em>, que en 2014 conmemoraron los 30 a\u00f1os de sus <em>gegants<\/em>, organiza actos en el mes de julio. \u00a0<a href=\"https:\/\/www.facebook.com\/people\/Barri-Dels-Sis-Carrers\/100011363806563\" target=\"_blank\"><img loading=\"lazy\" decoding=\"async\" class=\"alignnone wp-image-5145\" src=\"http:\/\/mont-roig.cat\/wp-content\/uploads\/ico-facebook.png\" alt=\"ico-facebook\" width=\"25\" height=\"25\" \/><\/a><\/p>\n<p style=\"text-align: justify;\"><strong>&#8211; Barrio de <em>Dalt<\/em><\/strong>. Junto con sus <em>gegants<\/em>, La Pitota, nacida en 1985, y el Pitot del 1986, celebran las fiestas el segundo fin de semana julio. \u00a0<a href=\"https:\/\/www.facebook.com\/pitotaipitot\/?fref=nf\" target=\"_blank\"><img loading=\"lazy\" decoding=\"async\" class=\"alignnone wp-image-5145\" src=\"http:\/\/mont-roig.cat\/wp-content\/uploads\/ico-facebook.png\" alt=\"ico-facebook\" width=\"25\" height=\"25\" \/><\/a><\/p>\n<p style=\"text-align: justify;\"><strong>&#8211; Barrio de <em>Baix<\/em>.<\/strong> Organiza diversas actividades el primer fin de semana de julio. \u00a0<a href=\"https:\/\/www.facebook.com\/barridebaix.montroig\" target=\"_blank\"><img loading=\"lazy\" decoding=\"async\" class=\"alignnone wp-image-5145\" src=\"http:\/\/mont-roig.cat\/wp-content\/uploads\/ico-facebook.png\" alt=\"ico-facebook\" width=\"25\" height=\"25\" \/><\/a><\/p>\n<p style=\"text-align: justify;\"><strong>&#8211; Barrio del <em>Rovell de l&#8217;ou<\/em>.<\/strong> El tercer fin de semana de agosto. \u00a0<a href=\"https:\/\/www.facebook.com\/barrirovelldelou\" target=\"_blank\"><img loading=\"lazy\" decoding=\"async\" class=\"alignnone wp-image-5145\" src=\"http:\/\/mont-roig.cat\/wp-content\/uploads\/ico-facebook.png\" alt=\"ico-facebook\" width=\"25\" height=\"25\" \/><\/a><\/p>\n<p style=\"text-align: justify;\">Algunas calles tambi\u00e9n durante el verano organizan cenas populares como el\u00a0<em>Carrer Nou<\/em> y el <em>Carrer Antoni Castro\u00a0<\/em>o las urbanizaciones, que aprovechan las temperaturas c\u00e1lidas de julio y agosto para compartir veladas con los vecinos.<\/p>\n<\/div>\n","protected":false},"excerpt":{"rendered":"<p>Durante el verano es habitual que los vecinos y vecinas organicen diversas actividades al aire libre para reencontrarse. Las primeras fiestas de barrio se celebraron en 1984, a\u00f1o en que nacieron los gegants Miquel y Roca y los grallers de Mont-roig. Desde entonces son varios los barrios que cada a\u00f1o celebran sus fiestas. En sus [&hellip;]<\/p>\n","protected":false},"author":4,"featured_media":0,"parent":4479,"menu_order":0,"comment_status":"closed","ping_status":"closed","template":"","meta":{"inline_featured_image":false,"_monsterinsights_skip_tracking":false,"_monsterinsights_sitenote_active":false,"_monsterinsights_sitenote_note":"","_monsterinsights_sitenote_category":0,"footnotes":""},"class_list":["post-4498","page","type-page","status-publish","hentry"],"yoast_head":"<!-- This site is optimized with the Yoast SEO plugin v27.4 - https:\/\/yoast.com\/product\/yoast-seo-wordpress\/ -->\n<title>Fiestas de Barrios - Ajuntament de Mont-roig del Camp<\/title>\n<meta name=\"robots\" content=\"index, follow, max-snippet:-1, max-image-preview:large, max-video-preview:-1\" \/>\n<link rel=\"canonical\" href=\"https:\/\/mont-roig.cat\/es\/ayuntamiento\/areas\/fiestas\/fiestas-de-barrios\/\" \/>\n<meta property=\"og:locale\" content=\"es_ES\" \/>\n<meta property=\"og:type\" content=\"article\" \/>\n<meta property=\"og:title\" content=\"Fiestas de Barrios - Ajuntament de Mont-roig del Camp\" \/>\n<meta property=\"og:description\" content=\"Durante el verano es habitual que los vecinos y vecinas organicen diversas actividades al aire libre para reencontrarse. Las primeras fiestas de barrio se celebraron en 1984, a\u00f1o en que nacieron los gegants Miquel y Roca y los grallers de Mont-roig. Desde entonces son varios los barrios que cada a\u00f1o celebran sus fiestas. En sus [&hellip;]\" \/>\n<meta property=\"og:url\" content=\"https:\/\/mont-roig.cat\/es\/ayuntamiento\/areas\/fiestas\/fiestas-de-barrios\/\" \/>\n<meta property=\"og:site_name\" content=\"Ajuntament de Mont-roig del Camp\" \/>\n<meta property=\"article:modified_time\" content=\"2017-02-15T08:55:28+00:00\" \/>\n<meta property=\"og:image\" content=\"http:\/\/mont-roig.cat\/wp-content\/uploads\/ico-facebook.png\" \/>\n<meta name=\"twitter:card\" content=\"summary_large_image\" \/>\n<meta name=\"twitter:label1\" content=\"Tiempo de lectura\" \/>\n\t<meta name=\"twitter:data1\" content=\"1 minuto\" \/>\n<script type=\"application\/ld+json\" class=\"yoast-schema-graph\">{\"@context\":\"https:\\\/\\\/schema.org\",\"@graph\":[{\"@type\":\"WebPage\",\"@id\":\"https:\\\/\\\/mont-roig.cat\\\/es\\\/ayuntamiento\\\/areas\\\/fiestas\\\/fiestas-de-barrios\\\/\",\"url\":\"https:\\\/\\\/mont-roig.cat\\\/es\\\/ayuntamiento\\\/areas\\\/fiestas\\\/fiestas-de-barrios\\\/\",\"name\":\"Fiestas de Barrios - Ajuntament de Mont-roig del Camp\",\"isPartOf\":{\"@id\":\"https:\\\/\\\/mont-roig.cat\\\/es\\\/#website\"},\"primaryImageOfPage\":{\"@id\":\"https:\\\/\\\/mont-roig.cat\\\/es\\\/ayuntamiento\\\/areas\\\/fiestas\\\/fiestas-de-barrios\\\/#primaryimage\"},\"image\":{\"@id\":\"https:\\\/\\\/mont-roig.cat\\\/es\\\/ayuntamiento\\\/areas\\\/fiestas\\\/fiestas-de-barrios\\\/#primaryimage\"},\"thumbnailUrl\":\"http:\\\/\\\/mont-roig.cat\\\/wp-content\\\/uploads\\\/ico-facebook.png\",\"datePublished\":\"2015-05-29T08:19:00+00:00\",\"dateModified\":\"2017-02-15T08:55:28+00:00\",\"breadcrumb\":{\"@id\":\"https:\\\/\\\/mont-roig.cat\\\/es\\\/ayuntamiento\\\/areas\\\/fiestas\\\/fiestas-de-barrios\\\/#breadcrumb\"},\"inLanguage\":\"es\",\"potentialAction\":[{\"@type\":\"ReadAction\",\"target\":[\"https:\\\/\\\/mont-roig.cat\\\/es\\\/ayuntamiento\\\/areas\\\/fiestas\\\/fiestas-de-barrios\\\/\"]}]},{\"@type\":\"ImageObject\",\"inLanguage\":\"es\",\"@id\":\"https:\\\/\\\/mont-roig.cat\\\/es\\\/ayuntamiento\\\/areas\\\/fiestas\\\/fiestas-de-barrios\\\/#primaryimage\",\"url\":\"http:\\\/\\\/mont-roig.cat\\\/wp-content\\\/uploads\\\/ico-facebook.png\",\"contentUrl\":\"http:\\\/\\\/mont-roig.cat\\\/wp-content\\\/uploads\\\/ico-facebook.png\"},{\"@type\":\"BreadcrumbList\",\"@id\":\"https:\\\/\\\/mont-roig.cat\\\/es\\\/ayuntamiento\\\/areas\\\/fiestas\\\/fiestas-de-barrios\\\/#breadcrumb\",\"itemListElement\":[{\"@type\":\"ListItem\",\"position\":1,\"name\":\"Inici\",\"item\":\"https:\\\/\\\/mont-roig.cat\\\/es\\\/pagina-de-inicio\\\/\"},{\"@type\":\"ListItem\",\"position\":2,\"name\":\"Ayuntamiento\",\"item\":\"https:\\\/\\\/mont-roig.cat\\\/es\\\/ayuntamiento\\\/\"},{\"@type\":\"ListItem\",\"position\":3,\"name\":\"\u00c1reas\",\"item\":\"https:\\\/\\\/mont-roig.cat\\\/es\\\/ayuntamiento\\\/areas\\\/\"},{\"@type\":\"ListItem\",\"position\":4,\"name\":\"Fiestas\",\"item\":\"https:\\\/\\\/mont-roig.cat\\\/es\\\/ayuntamiento\\\/areas\\\/fiestas\\\/\"},{\"@type\":\"ListItem\",\"position\":5,\"name\":\"Fiestas de Barrios\"}]},{\"@type\":\"WebSite\",\"@id\":\"https:\\\/\\\/mont-roig.cat\\\/es\\\/#website\",\"url\":\"https:\\\/\\\/mont-roig.cat\\\/es\\\/\",\"name\":\"Ajuntament de Mont-roig del Camp\",\"description\":\"Tota la informaci\u00f3 sobre la instituci\u00f3, els seus \u00f2rgans de govern, actualitat, serveis i molt m\u00e9s.\",\"potentialAction\":[{\"@type\":\"SearchAction\",\"target\":{\"@type\":\"EntryPoint\",\"urlTemplate\":\"https:\\\/\\\/mont-roig.cat\\\/es\\\/?s={search_term_string}\"},\"query-input\":{\"@type\":\"PropertyValueSpecification\",\"valueRequired\":true,\"valueName\":\"search_term_string\"}}],\"inLanguage\":\"es\"}]}<\/script>\n<!-- \/ Yoast SEO plugin. -->","yoast_head_json":{"title":"Fiestas de Barrios - Ajuntament de Mont-roig del Camp","robots":{"index":"index","follow":"follow","max-snippet":"max-snippet:-1","max-image-preview":"max-image-preview:large","max-video-preview":"max-video-preview:-1"},"canonical":"https:\/\/mont-roig.cat\/es\/ayuntamiento\/areas\/fiestas\/fiestas-de-barrios\/","og_locale":"es_ES","og_type":"article","og_title":"Fiestas de Barrios - Ajuntament de Mont-roig del Camp","og_description":"Durante el verano es habitual que los vecinos y vecinas organicen diversas actividades al aire libre para reencontrarse. Las primeras fiestas de barrio se celebraron en 1984, a\u00f1o en que nacieron los gegants Miquel y Roca y los grallers de Mont-roig. Desde entonces son varios los barrios que cada a\u00f1o celebran sus fiestas. En sus [&hellip;]","og_url":"https:\/\/mont-roig.cat\/es\/ayuntamiento\/areas\/fiestas\/fiestas-de-barrios\/","og_site_name":"Ajuntament de Mont-roig del Camp","article_modified_time":"2017-02-15T08:55:28+00:00","og_image":[{"url":"http:\/\/mont-roig.cat\/wp-content\/uploads\/ico-facebook.png","type":"","width":"","height":""}],"twitter_card":"summary_large_image","twitter_misc":{"Tiempo de lectura":"1 minuto"},"schema":{"@context":"https:\/\/schema.org","@graph":[{"@type":"WebPage","@id":"https:\/\/mont-roig.cat\/es\/ayuntamiento\/areas\/fiestas\/fiestas-de-barrios\/","url":"https:\/\/mont-roig.cat\/es\/ayuntamiento\/areas\/fiestas\/fiestas-de-barrios\/","name":"Fiestas de Barrios - Ajuntament de Mont-roig del Camp","isPartOf":{"@id":"https:\/\/mont-roig.cat\/es\/#website"},"primaryImageOfPage":{"@id":"https:\/\/mont-roig.cat\/es\/ayuntamiento\/areas\/fiestas\/fiestas-de-barrios\/#primaryimage"},"image":{"@id":"https:\/\/mont-roig.cat\/es\/ayuntamiento\/areas\/fiestas\/fiestas-de-barrios\/#primaryimage"},"thumbnailUrl":"http:\/\/mont-roig.cat\/wp-content\/uploads\/ico-facebook.png","datePublished":"2015-05-29T08:19:00+00:00","dateModified":"2017-02-15T08:55:28+00:00","breadcrumb":{"@id":"https:\/\/mont-roig.cat\/es\/ayuntamiento\/areas\/fiestas\/fiestas-de-barrios\/#breadcrumb"},"inLanguage":"es","potentialAction":[{"@type":"ReadAction","target":["https:\/\/mont-roig.cat\/es\/ayuntamiento\/areas\/fiestas\/fiestas-de-barrios\/"]}]},{"@type":"ImageObject","inLanguage":"es","@id":"https:\/\/mont-roig.cat\/es\/ayuntamiento\/areas\/fiestas\/fiestas-de-barrios\/#primaryimage","url":"http:\/\/mont-roig.cat\/wp-content\/uploads\/ico-facebook.png","contentUrl":"http:\/\/mont-roig.cat\/wp-content\/uploads\/ico-facebook.png"},{"@type":"BreadcrumbList","@id":"https:\/\/mont-roig.cat\/es\/ayuntamiento\/areas\/fiestas\/fiestas-de-barrios\/#breadcrumb","itemListElement":[{"@type":"ListItem","position":1,"name":"Inici","item":"https:\/\/mont-roig.cat\/es\/pagina-de-inicio\/"},{"@type":"ListItem","position":2,"name":"Ayuntamiento","item":"https:\/\/mont-roig.cat\/es\/ayuntamiento\/"},{"@type":"ListItem","position":3,"name":"\u00c1reas","item":"https:\/\/mont-roig.cat\/es\/ayuntamiento\/areas\/"},{"@type":"ListItem","position":4,"name":"Fiestas","item":"https:\/\/mont-roig.cat\/es\/ayuntamiento\/areas\/fiestas\/"},{"@type":"ListItem","position":5,"name":"Fiestas de Barrios"}]},{"@type":"WebSite","@id":"https:\/\/mont-roig.cat\/es\/#website","url":"https:\/\/mont-roig.cat\/es\/","name":"Ajuntament de Mont-roig del Camp","description":"Tota la informaci\u00f3 sobre la instituci\u00f3, els seus \u00f2rgans de govern, actualitat, serveis i molt m\u00e9s.","potentialAction":[{"@type":"SearchAction","target":{"@type":"EntryPoint","urlTemplate":"https:\/\/mont-roig.cat\/es\/?s={search_term_string}"},"query-input":{"@type":"PropertyValueSpecification","valueRequired":true,"valueName":"search_term_string"}}],"inLanguage":"es"}]}},"_links":{"self":[{"href":"https:\/\/mont-roig.cat\/es\/wp-json\/wp\/v2\/pages\/4498","targetHints":{"allow":["GET"]}}],"collection":[{"href":"https:\/\/mont-roig.cat\/es\/wp-json\/wp\/v2\/pages"}],"about":[{"href":"https:\/\/mont-roig.cat\/es\/wp-json\/wp\/v2\/types\/page"}],"author":[{"embeddable":true,"href":"https:\/\/mont-roig.cat\/es\/wp-json\/wp\/v2\/users\/4"}],"replies":[{"embeddable":true,"href":"https:\/\/mont-roig.cat\/es\/wp-json\/wp\/v2\/comments?post=4498"}],"version-history":[{"count":0,"href":"https:\/\/mont-roig.cat\/es\/wp-json\/wp\/v2\/pages\/4498\/revisions"}],"up":[{"embeddable":true,"href":"https:\/\/mont-roig.cat\/es\/wp-json\/wp\/v2\/pages\/4479"}],"wp:attachment":[{"href":"https:\/\/mont-roig.cat\/es\/wp-json\/wp\/v2\/media?parent=4498"}],"curies":[{"name":"wp","href":"https:\/\/api.w.org\/{rel}","templated":true}]}}

<div class="body">
<p style="text-align: justify;">Durante el verano es habitual que los vecinos y vecinas organicen diversas actividades al aire libre para reencontrarse. Las primeras fiestas de barrio se celebraron en 1984, año en que nacieron los gegants Miquel y Roca y los grallers de Mont-roig. Desde entonces son varios los barrios que cada año celebran sus fiestas. En sus páginas de Facebook podréis encontrar su programación.</p>
<p style="text-align: justify;"><strong>&#8211; Barrio </strong><em><strong>Sis Carrers</strong></em>, que en 2014 conmemoraron los 30 años de sus <em>gegants</em>, organiza actos en el mes de julio.  <a href="https://www.facebook.com/people/Barri-Dels-Sis-Carrers/100011363806563" target="_blank"><img loading="lazy" decoding="async" class="alignnone wp-image-5145" src="http://mont-roig.cat/wp-content/uploads/ico-facebook.png" alt="ico-facebook" width="25" height="25" /></a></p>
<p style="text-align: justify;"><strong>&#8211; Barrio de <em>Dalt</em></strong>. Junto con sus <em>gegants</em>, La Pitota, nacida en 1985, y el Pitot del 1986, celebran las fiestas el segundo fin de semana julio.  <a href="https://www.facebook.com/pitotaipitot/?fref=nf" target="_blank"><img loading="lazy" decoding="async" class="alignnone wp-image-5145" src="http://mont-roig.cat/wp-content/uploads/ico-facebook.png" alt="ico-facebook" width="25" height="25" /></a></p>
<p style="text-align: justify;"><strong>&#8211; Barrio de <em>Baix</em>.</strong> Organiza diversas actividades el primer fin de semana de julio.  <a href="https://www.facebook.com/barridebaix.montroig" target="_blank"><img loading="lazy" decoding="async" class="alignnone wp-image-5145" src="http://mont-roig.cat/wp-content/uploads/ico-facebook.png" alt="ico-facebook" width="25" height="25" /></a></p>
<p style="text-align: justify;"><strong>&#8211; Barrio del <em>Rovell de l&#8217;ou</em>.</strong> El tercer fin de semana de agosto.  <a href="https://www.facebook.com/barrirovelldelou" target="_blank"><img loading="lazy" decoding="async" class="alignnone wp-image-5145" src="http://mont-roig.cat/wp-content/uploads/ico-facebook.png" alt="ico-facebook" width="25" height="25" /></a></p>
<p style="text-align: justify;">Algunas calles también durante el verano organizan cenas populares como el <em>Carrer Nou</em> y el <em>Carrer Antoni Castro </em>o las urbanizaciones, que aprovechan las temperaturas cálidas de julio y agosto para compartir veladas con los vecinos.</p>
</div>

<p>Durante el verano es habitual que los vecinos y vecinas organicen diversas actividades al aire libre para reencontrarse. Las primeras fiestas de barrio se celebraron en 1984, año en que nacieron los gegants Miquel y Roca y los grallers de Mont-roig. Desde entonces son varios los barrios que cada año celebran sus fiestas. En sus [&hellip;]</p>

<!-- This site is optimized with the Yoast SEO plugin v27.4 - https://yoast.com/product/yoast-seo-wordpress/ -->
<title>Fiestas de Barrios - Ajuntament de Mont-roig del Camp</title>
<meta name="robots" content="index, follow, max-snippet:-1, max-image-preview:large, max-video-preview:-1" />
<link rel="canonical" href="https://mont-roig.cat/es/ayuntamiento/areas/fiestas/fiestas-de-barrios/" />
<meta property="og:locale" content="es_ES" />
<meta property="og:type" content="article" />
<meta property="og:title" content="Fiestas de Barrios - Ajuntament de Mont-roig del Camp" />
<meta property="og:description" content="Durante el verano es habitual que los vecinos y vecinas organicen diversas actividades al aire libre para reencontrarse. Las primeras fiestas de barrio se celebraron en 1984, año en que nacieron los gegants Miquel y Roca y los grallers de Mont-roig. Desde entonces son varios los barrios que cada año celebran sus fiestas. En sus [&hellip;]" />
<meta property="og:url" content="https://mont-roig.cat/es/ayuntamiento/areas/fiestas/fiestas-de-barrios/" />
<meta property="og:site_name" content="Ajuntament de Mont-roig del Camp" />
<meta property="article:modified_time" content="2017-02-15T08:55:28+00:00" />
<meta property="og:image" content="http://mont-roig.cat/wp-content/uploads/ico-facebook.png" />
<meta name="twitter:card" content="summary_large_image" />
<meta name="twitter:label1" content="Tiempo de lectura" />
	<meta name="twitter:data1" content="1 minuto" />
<script type="application/ld+json" class="yoast-schema-graph">{"@context":"https:\/\/schema.org","@graph":[{"@type":"WebPage","@id":"https:\/\/mont-roig.cat\/es\/ayuntamiento\/areas\/fiestas\/fiestas-de-barrios\/","url":"https:\/\/mont-roig.cat\/es\/ayuntamiento\/areas\/fiestas\/fiestas-de-barrios\/","name":"Fiestas de Barrios - Ajuntament de Mont-roig del Camp","isPartOf":{"@id":"https:\/\/mont-roig.cat\/es\/#website"},"primaryImageOfPage":{"@id":"https:\/\/mont-roig.cat\/es\/ayuntamiento\/areas\/fiestas\/fiestas-de-barrios\/#primaryimage"},"image":{"@id":"https:\/\/mont-roig.cat\/es\/ayuntamiento\/areas\/fiestas\/fiestas-de-barrios\/#primaryimage"},"thumbnailUrl":"http:\/\/mont-roig.cat\/wp-content\/uploads\/ico-facebook.png","datePublished":"2015-05-29T08:19:00+00:00","dateModified":"2017-02-15T08:55:28+00:00","breadcrumb":{"@id":"https:\/\/mont-roig.cat\/es\/ayuntamiento\/areas\/fiestas\/fiestas-de-barrios\/#breadcrumb"},"inLanguage":"es","potentialAction":[{"@type":"ReadAction","target":["https:\/\/mont-roig.cat\/es\/ayuntamiento\/areas\/fiestas\/fiestas-de-barrios\/"]}]},{"@type":"ImageObject","inLanguage":"es","@id":"https:\/\/mont-roig.cat\/es\/ayuntamiento\/areas\/fiestas\/fiestas-de-barrios\/#primaryimage","url":"http:\/\/mont-roig.cat\/wp-content\/uploads\/ico-facebook.png","contentUrl":"http:\/\/mont-roig.cat\/wp-content\/uploads\/ico-facebook.png"},{"@type":"BreadcrumbList","@id":"https:\/\/mont-roig.cat\/es\/ayuntamiento\/areas\/fiestas\/fiestas-de-barrios\/#breadcrumb","itemListElement":[{"@type":"ListItem","position":1,"name":"Inici","item":"https:\/\/mont-roig.cat\/es\/pagina-de-inicio\/"},{"@type":"ListItem","position":2,"name":"Ayuntamiento","item":"https:\/\/mont-roig.cat\/es\/ayuntamiento\/"},{"@type":"ListItem","position":3,"name":"Áreas","item":"https:\/\/mont-roig.cat\/es\/ayuntamiento\/areas\/"},{"@type":"ListItem","position":4,"name":"Fiestas","item":"https:\/\/mont-roig.cat\/es\/ayuntamiento\/areas\/fiestas\/"},{"@type":"ListItem","position":5,"name":"Fiestas de Barrios"}]},{"@type":"WebSite","@id":"https:\/\/mont-roig.cat\/es\/#website","url":"https:\/\/mont-roig.cat\/es\/","name":"Ajuntament de Mont-roig del Camp","description":"Tota la informació sobre la institució, els seus òrgans de govern, actualitat, serveis i molt més.","potentialAction":[{"@type":"SearchAction","target":{"@type":"EntryPoint","urlTemplate":"https:\/\/mont-roig.cat\/es\/?s={search_term_string}"},"query-input":{"@type":"PropertyValueSpecification","valueRequired":true,"valueName":"search_term_string"}}],"inLanguage":"es"}]}</script>
<!-- / Yoast SEO plugin. -->

Durante el verano es habitual que los vecinos y vecinas organicen diversas actividades al aire libre para reencontrarse. Las primeras fiestas de barrio se celebraron en 1984, año en que nacieron los gegants Miquel y Roca y los grallers de Mont-roig. Desde entonces son varios los barrios que cada año celebran sus fiestas. En sus [&hellip;]

Áreas

Tota la informació sobre la institució, els seus òrgans de govern, actualitat, serveis i molt més.
