{"id":4507,"date":"2015-05-29T10:42:28","date_gmt":"2015-05-29T10:42:28","guid":{"rendered":""},"modified":"2015-12-10T17:55:56","modified_gmt":"2015-12-10T16:55:56","slug":"trama-urbana-consolidada","status":"publish","type":"page","link":"https:\/\/mont-roig.cat\/es\/ayuntamiento\/areas\/urbanismo-y-territorio\/ordenacion-urbanistica-del-municipio\/documentos-vigentes\/trama-urbana-consolidada\/","title":{"rendered":"Trama urbana consolidada"},"content":{"rendered":"<div class=\"body\">\n<div>\n<h4>2010\/09 PG &#8211; Delimitaci\u00f3 de la Trama Urbana Consolidada de Mont-roig del Camp<\/h4>\n<p>Aprobado definitivamente<br \/>\nEn vigencia: 27\/02\/2014<br \/>\nCreaci\u00f3n: 24\/09\/2013<\/p>\n<ul>\n<li><a href=\"http:\/\/mont-roig.cat\/wp-content\/uploads\/kQYpisDooY.pdf\" target=\"_blank\">Resoluci\u00f3 del director general d&#8217;Ordenaci\u00f3 del Territori i Urbanisme<\/a> [.pdf; 577 kB]<\/li>\n<li><a href=\"http:\/\/mont-roig.cat\/wp-content\/uploads\/OIOxPOIAHL.pdf\" target=\"_blank\">Publicaci\u00f3 al DOGC n\u00fam. 6571, 27-02-2014<\/a> [.pdf; 132 kB]<\/li>\n<\/ul>\n<p><strong>Documentaci\u00f3n<\/strong><\/p>\n<ul>\n<li><a href=\"http:\/\/mont-roig.cat\/wp-content\/uploads\/TUC_Montroig del Camp.pdf\" target=\"_blank\">Trama urbana consolidada<\/a> [.pdf; 5 MB]<\/li>\n<\/ul>\n<\/div>\n<\/div>\n","protected":false},"excerpt":{"rendered":"<p>2010\/09 PG &#8211; Delimitaci\u00f3 de la Trama Urbana Consolidada de Mont-roig del Camp Aprobado definitivamente En vigencia: 27\/02\/2014 Creaci\u00f3n: 24\/09\/2013 Resoluci\u00f3 del director general d&#8217;Ordenaci\u00f3 del Territori i Urbanisme [.pdf; 577 kB] Publicaci\u00f3 al DOGC n\u00fam. 6571, 27-02-2014 [.pdf; 132 kB] Documentaci\u00f3n Trama urbana consolidada [.pdf; 5 MB]<\/p>\n","protected":false},"author":4,"featured_media":0,"parent":7602,"menu_order":0,"comment_status":"closed","ping_status":"closed","template":"","meta":{"inline_featured_image":false,"_monsterinsights_skip_tracking":false,"_monsterinsights_sitenote_active":false,"_monsterinsights_sitenote_note":"","_monsterinsights_sitenote_category":0,"footnotes":""},"class_list":["post-4507","page","type-page","status-publish","hentry"],"yoast_head":"<!-- This site is optimized with the Yoast SEO plugin v27.4 - https:\/\/yoast.com\/product\/yoast-seo-wordpress\/ -->\n<title>Trama urbana consolidada - Ajuntament de Mont-roig del Camp<\/title>\n<meta name=\"robots\" content=\"index, follow, max-snippet:-1, max-image-preview:large, max-video-preview:-1\" \/>\n<link rel=\"canonical\" href=\"https:\/\/mont-roig.cat\/es\/ayuntamiento\/areas\/urbanismo-y-territorio\/ordenacion-urbanistica-del-municipio\/documentos-vigentes\/trama-urbana-consolidada\/\" \/>\n<meta property=\"og:locale\" content=\"es_ES\" \/>\n<meta property=\"og:type\" content=\"article\" \/>\n<meta property=\"og:title\" content=\"Trama urbana consolidada - Ajuntament de Mont-roig del Camp\" \/>\n<meta property=\"og:description\" content=\"2010\/09 PG &#8211; Delimitaci\u00f3 de la Trama Urbana Consolidada de Mont-roig del Camp Aprobado definitivamente En vigencia: 27\/02\/2014 Creaci\u00f3n: 24\/09\/2013 Resoluci\u00f3 del director general d&#8217;Ordenaci\u00f3 del Territori i Urbanisme [.pdf; 577 kB] Publicaci\u00f3 al DOGC n\u00fam. 6571, 27-02-2014 [.pdf; 132 kB] Documentaci\u00f3n Trama urbana consolidada [.pdf; 5 MB]\" \/>\n<meta property=\"og:url\" content=\"https:\/\/mont-roig.cat\/es\/ayuntamiento\/areas\/urbanismo-y-territorio\/ordenacion-urbanistica-del-municipio\/documentos-vigentes\/trama-urbana-consolidada\/\" \/>\n<meta property=\"og:site_name\" content=\"Ajuntament de Mont-roig del Camp\" \/>\n<meta property=\"article:modified_time\" content=\"2015-12-10T16:55:56+00:00\" \/>\n<meta property=\"og:image\" content=\"https:\/\/mont-roig.cat\/wp-content\/uploads\/aj-mont-roig-2.jpg\" \/>\n\t<meta property=\"og:image:width\" content=\"1200\" \/>\n\t<meta property=\"og:image:height\" content=\"600\" \/>\n\t<meta property=\"og:image:type\" content=\"image\/jpeg\" \/>\n<meta name=\"twitter:card\" content=\"summary_large_image\" \/>\n<script type=\"application\/ld+json\" class=\"yoast-schema-graph\">{\"@context\":\"https:\\\/\\\/schema.org\",\"@graph\":[{\"@type\":\"WebPage\",\"@id\":\"https:\\\/\\\/mont-roig.cat\\\/es\\\/ayuntamiento\\\/areas\\\/urbanismo-y-territorio\\\/ordenacion-urbanistica-del-municipio\\\/documentos-vigentes\\\/trama-urbana-consolidada\\\/\",\"url\":\"https:\\\/\\\/mont-roig.cat\\\/es\\\/ayuntamiento\\\/areas\\\/urbanismo-y-territorio\\\/ordenacion-urbanistica-del-municipio\\\/documentos-vigentes\\\/trama-urbana-consolidada\\\/\",\"name\":\"Trama urbana consolidada - Ajuntament de Mont-roig del Camp\",\"isPartOf\":{\"@id\":\"https:\\\/\\\/mont-roig.cat\\\/es\\\/#website\"},\"datePublished\":\"2015-05-29T10:42:28+00:00\",\"dateModified\":\"2015-12-10T16:55:56+00:00\",\"breadcrumb\":{\"@id\":\"https:\\\/\\\/mont-roig.cat\\\/es\\\/ayuntamiento\\\/areas\\\/urbanismo-y-territorio\\\/ordenacion-urbanistica-del-municipio\\\/documentos-vigentes\\\/trama-urbana-consolidada\\\/#breadcrumb\"},\"inLanguage\":\"es\",\"potentialAction\":[{\"@type\":\"ReadAction\",\"target\":[\"https:\\\/\\\/mont-roig.cat\\\/es\\\/ayuntamiento\\\/areas\\\/urbanismo-y-territorio\\\/ordenacion-urbanistica-del-municipio\\\/documentos-vigentes\\\/trama-urbana-consolidada\\\/\"]}]},{\"@type\":\"BreadcrumbList\",\"@id\":\"https:\\\/\\\/mont-roig.cat\\\/es\\\/ayuntamiento\\\/areas\\\/urbanismo-y-territorio\\\/ordenacion-urbanistica-del-municipio\\\/documentos-vigentes\\\/trama-urbana-consolidada\\\/#breadcrumb\",\"itemListElement\":[{\"@type\":\"ListItem\",\"position\":1,\"name\":\"Inici\",\"item\":\"https:\\\/\\\/mont-roig.cat\\\/es\\\/pagina-de-inicio\\\/\"},{\"@type\":\"ListItem\",\"position\":2,\"name\":\"Ayuntamiento\",\"item\":\"https:\\\/\\\/mont-roig.cat\\\/es\\\/ayuntamiento\\\/\"},{\"@type\":\"ListItem\",\"position\":3,\"name\":\"\u00c1reas\",\"item\":\"https:\\\/\\\/mont-roig.cat\\\/es\\\/ayuntamiento\\\/areas\\\/\"},{\"@type\":\"ListItem\",\"position\":4,\"name\":\"Urbanismo y territorio\",\"item\":\"https:\\\/\\\/mont-roig.cat\\\/es\\\/ayuntamiento\\\/areas\\\/urbanismo-y-territorio\\\/\"},{\"@type\":\"ListItem\",\"position\":5,\"name\":\"Ordenaci\u00f3n urban\u00edstica del municipio\",\"item\":\"https:\\\/\\\/mont-roig.cat\\\/es\\\/ayuntamiento\\\/areas\\\/urbanismo-y-territorio\\\/ordenacion-urbanistica-del-municipio\\\/\"},{\"@type\":\"ListItem\",\"position\":6,\"name\":\"Documentos vigentes\",\"item\":\"https:\\\/\\\/mont-roig.cat\\\/es\\\/ayuntamiento\\\/areas\\\/urbanismo-y-territorio\\\/ordenacion-urbanistica-del-municipio\\\/documentos-vigentes\\\/\"},{\"@type\":\"ListItem\",\"position\":7,\"name\":\"Trama urbana consolidada\"}]},{\"@type\":\"WebSite\",\"@id\":\"https:\\\/\\\/mont-roig.cat\\\/es\\\/#website\",\"url\":\"https:\\\/\\\/mont-roig.cat\\\/es\\\/\",\"name\":\"Ajuntament de Mont-roig del Camp\",\"description\":\"Tota la informaci\u00f3 sobre la instituci\u00f3, els seus \u00f2rgans de govern, actualitat, serveis i molt m\u00e9s.\",\"potentialAction\":[{\"@type\":\"SearchAction\",\"target\":{\"@type\":\"EntryPoint\",\"urlTemplate\":\"https:\\\/\\\/mont-roig.cat\\\/es\\\/?s={search_term_string}\"},\"query-input\":{\"@type\":\"PropertyValueSpecification\",\"valueRequired\":true,\"valueName\":\"search_term_string\"}}],\"inLanguage\":\"es\"}]}<\/script>\n<!-- \/ Yoast SEO plugin. -->","yoast_head_json":{"title":"Trama urbana consolidada - Ajuntament de Mont-roig del Camp","robots":{"index":"index","follow":"follow","max-snippet":"max-snippet:-1","max-image-preview":"max-image-preview:large","max-video-preview":"max-video-preview:-1"},"canonical":"https:\/\/mont-roig.cat\/es\/ayuntamiento\/areas\/urbanismo-y-territorio\/ordenacion-urbanistica-del-municipio\/documentos-vigentes\/trama-urbana-consolidada\/","og_locale":"es_ES","og_type":"article","og_title":"Trama urbana consolidada - Ajuntament de Mont-roig del Camp","og_description":"2010\/09 PG &#8211; Delimitaci\u00f3 de la Trama Urbana Consolidada de Mont-roig del Camp Aprobado definitivamente En vigencia: 27\/02\/2014 Creaci\u00f3n: 24\/09\/2013 Resoluci\u00f3 del director general d&#8217;Ordenaci\u00f3 del Territori i Urbanisme [.pdf; 577 kB] Publicaci\u00f3 al DOGC n\u00fam. 6571, 27-02-2014 [.pdf; 132 kB] Documentaci\u00f3n Trama urbana consolidada [.pdf; 5 MB]","og_url":"https:\/\/mont-roig.cat\/es\/ayuntamiento\/areas\/urbanismo-y-territorio\/ordenacion-urbanistica-del-municipio\/documentos-vigentes\/trama-urbana-consolidada\/","og_site_name":"Ajuntament de Mont-roig del Camp","article_modified_time":"2015-12-10T16:55:56+00:00","og_image":[{"width":1200,"height":600,"url":"https:\/\/mont-roig.cat\/wp-content\/uploads\/aj-mont-roig-2.jpg","type":"image\/jpeg"}],"twitter_card":"summary_large_image","schema":{"@context":"https:\/\/schema.org","@graph":[{"@type":"WebPage","@id":"https:\/\/mont-roig.cat\/es\/ayuntamiento\/areas\/urbanismo-y-territorio\/ordenacion-urbanistica-del-municipio\/documentos-vigentes\/trama-urbana-consolidada\/","url":"https:\/\/mont-roig.cat\/es\/ayuntamiento\/areas\/urbanismo-y-territorio\/ordenacion-urbanistica-del-municipio\/documentos-vigentes\/trama-urbana-consolidada\/","name":"Trama urbana consolidada - Ajuntament de Mont-roig del Camp","isPartOf":{"@id":"https:\/\/mont-roig.cat\/es\/#website"},"datePublished":"2015-05-29T10:42:28+00:00","dateModified":"2015-12-10T16:55:56+00:00","breadcrumb":{"@id":"https:\/\/mont-roig.cat\/es\/ayuntamiento\/areas\/urbanismo-y-territorio\/ordenacion-urbanistica-del-municipio\/documentos-vigentes\/trama-urbana-consolidada\/#breadcrumb"},"inLanguage":"es","potentialAction":[{"@type":"ReadAction","target":["https:\/\/mont-roig.cat\/es\/ayuntamiento\/areas\/urbanismo-y-territorio\/ordenacion-urbanistica-del-municipio\/documentos-vigentes\/trama-urbana-consolidada\/"]}]},{"@type":"BreadcrumbList","@id":"https:\/\/mont-roig.cat\/es\/ayuntamiento\/areas\/urbanismo-y-territorio\/ordenacion-urbanistica-del-municipio\/documentos-vigentes\/trama-urbana-consolidada\/#breadcrumb","itemListElement":[{"@type":"ListItem","position":1,"name":"Inici","item":"https:\/\/mont-roig.cat\/es\/pagina-de-inicio\/"},{"@type":"ListItem","position":2,"name":"Ayuntamiento","item":"https:\/\/mont-roig.cat\/es\/ayuntamiento\/"},{"@type":"ListItem","position":3,"name":"\u00c1reas","item":"https:\/\/mont-roig.cat\/es\/ayuntamiento\/areas\/"},{"@type":"ListItem","position":4,"name":"Urbanismo y territorio","item":"https:\/\/mont-roig.cat\/es\/ayuntamiento\/areas\/urbanismo-y-territorio\/"},{"@type":"ListItem","position":5,"name":"Ordenaci\u00f3n urban\u00edstica del municipio","item":"https:\/\/mont-roig.cat\/es\/ayuntamiento\/areas\/urbanismo-y-territorio\/ordenacion-urbanistica-del-municipio\/"},{"@type":"ListItem","position":6,"name":"Documentos vigentes","item":"https:\/\/mont-roig.cat\/es\/ayuntamiento\/areas\/urbanismo-y-territorio\/ordenacion-urbanistica-del-municipio\/documentos-vigentes\/"},{"@type":"ListItem","position":7,"name":"Trama urbana consolidada"}]},{"@type":"WebSite","@id":"https:\/\/mont-roig.cat\/es\/#website","url":"https:\/\/mont-roig.cat\/es\/","name":"Ajuntament de Mont-roig del Camp","description":"Tota la informaci\u00f3 sobre la instituci\u00f3, els seus \u00f2rgans de govern, actualitat, serveis i molt m\u00e9s.","potentialAction":[{"@type":"SearchAction","target":{"@type":"EntryPoint","urlTemplate":"https:\/\/mont-roig.cat\/es\/?s={search_term_string}"},"query-input":{"@type":"PropertyValueSpecification","valueRequired":true,"valueName":"search_term_string"}}],"inLanguage":"es"}]}},"_links":{"self":[{"href":"https:\/\/mont-roig.cat\/es\/wp-json\/wp\/v2\/pages\/4507","targetHints":{"allow":["GET"]}}],"collection":[{"href":"https:\/\/mont-roig.cat\/es\/wp-json\/wp\/v2\/pages"}],"about":[{"href":"https:\/\/mont-roig.cat\/es\/wp-json\/wp\/v2\/types\/page"}],"author":[{"embeddable":true,"href":"https:\/\/mont-roig.cat\/es\/wp-json\/wp\/v2\/users\/4"}],"replies":[{"embeddable":true,"href":"https:\/\/mont-roig.cat\/es\/wp-json\/wp\/v2\/comments?post=4507"}],"version-history":[{"count":0,"href":"https:\/\/mont-roig.cat\/es\/wp-json\/wp\/v2\/pages\/4507\/revisions"}],"up":[{"embeddable":true,"href":"https:\/\/mont-roig.cat\/es\/wp-json\/wp\/v2\/pages\/7602"}],"wp:attachment":[{"href":"https:\/\/mont-roig.cat\/es\/wp-json\/wp\/v2\/media?parent=4507"}],"curies":[{"name":"wp","href":"https:\/\/api.w.org\/{rel}","templated":true}]}}

<div class="body">
<div>
<h4>2010/09 PG &#8211; Delimitació de la Trama Urbana Consolidada de Mont-roig del Camp</h4>
<p>Aprobado definitivamente<br />
En vigencia: 27/02/2014<br />
Creación: 24/09/2013</p>
<ul>
<li><a href="http://mont-roig.cat/wp-content/uploads/kQYpisDooY.pdf" target="_blank">Resolució del director general d&#8217;Ordenació del Territori i Urbanisme</a> [.pdf; 577 kB]</li>
<li><a href="http://mont-roig.cat/wp-content/uploads/OIOxPOIAHL.pdf" target="_blank">Publicació al DOGC núm. 6571, 27-02-2014</a> [.pdf; 132 kB]</li>
</ul>
<p><strong>Documentación</strong></p>
<ul>
<li><a href="http://mont-roig.cat/wp-content/uploads/TUC_Montroig del Camp.pdf" target="_blank">Trama urbana consolidada</a> [.pdf; 5 MB]</li>
</ul>
</div>
</div>

<p>2010/09 PG &#8211; Delimitació de la Trama Urbana Consolidada de Mont-roig del Camp Aprobado definitivamente En vigencia: 27/02/2014 Creación: 24/09/2013 Resolució del director general d&#8217;Ordenació del Territori i Urbanisme [.pdf; 577 kB] Publicació al DOGC núm. 6571, 27-02-2014 [.pdf; 132 kB] Documentación Trama urbana consolidada [.pdf; 5 MB]</p>

<!-- This site is optimized with the Yoast SEO plugin v27.4 - https://yoast.com/product/yoast-seo-wordpress/ -->
<title>Trama urbana consolidada - Ajuntament de Mont-roig del Camp</title>
<meta name="robots" content="index, follow, max-snippet:-1, max-image-preview:large, max-video-preview:-1" />
<link rel="canonical" href="https://mont-roig.cat/es/ayuntamiento/areas/urbanismo-y-territorio/ordenacion-urbanistica-del-municipio/documentos-vigentes/trama-urbana-consolidada/" />
<meta property="og:locale" content="es_ES" />
<meta property="og:type" content="article" />
<meta property="og:title" content="Trama urbana consolidada - Ajuntament de Mont-roig del Camp" />
<meta property="og:description" content="2010/09 PG &#8211; Delimitació de la Trama Urbana Consolidada de Mont-roig del Camp Aprobado definitivamente En vigencia: 27/02/2014 Creación: 24/09/2013 Resolució del director general d&#8217;Ordenació del Territori i Urbanisme [.pdf; 577 kB] Publicació al DOGC núm. 6571, 27-02-2014 [.pdf; 132 kB] Documentación Trama urbana consolidada [.pdf; 5 MB]" />
<meta property="og:url" content="https://mont-roig.cat/es/ayuntamiento/areas/urbanismo-y-territorio/ordenacion-urbanistica-del-municipio/documentos-vigentes/trama-urbana-consolidada/" />
<meta property="og:site_name" content="Ajuntament de Mont-roig del Camp" />
<meta property="article:modified_time" content="2015-12-10T16:55:56+00:00" />
<meta property="og:image" content="https://mont-roig.cat/wp-content/uploads/aj-mont-roig-2.jpg" />
	<meta property="og:image:width" content="1200" />
	<meta property="og:image:height" content="600" />
	<meta property="og:image:type" content="image/jpeg" />
<meta name="twitter:card" content="summary_large_image" />
<script type="application/ld+json" class="yoast-schema-graph">{"@context":"https:\/\/schema.org","@graph":[{"@type":"WebPage","@id":"https:\/\/mont-roig.cat\/es\/ayuntamiento\/areas\/urbanismo-y-territorio\/ordenacion-urbanistica-del-municipio\/documentos-vigentes\/trama-urbana-consolidada\/","url":"https:\/\/mont-roig.cat\/es\/ayuntamiento\/areas\/urbanismo-y-territorio\/ordenacion-urbanistica-del-municipio\/documentos-vigentes\/trama-urbana-consolidada\/","name":"Trama urbana consolidada - Ajuntament de Mont-roig del Camp","isPartOf":{"@id":"https:\/\/mont-roig.cat\/es\/#website"},"datePublished":"2015-05-29T10:42:28+00:00","dateModified":"2015-12-10T16:55:56+00:00","breadcrumb":{"@id":"https:\/\/mont-roig.cat\/es\/ayuntamiento\/areas\/urbanismo-y-territorio\/ordenacion-urbanistica-del-municipio\/documentos-vigentes\/trama-urbana-consolidada\/#breadcrumb"},"inLanguage":"es","potentialAction":[{"@type":"ReadAction","target":["https:\/\/mont-roig.cat\/es\/ayuntamiento\/areas\/urbanismo-y-territorio\/ordenacion-urbanistica-del-municipio\/documentos-vigentes\/trama-urbana-consolidada\/"]}]},{"@type":"BreadcrumbList","@id":"https:\/\/mont-roig.cat\/es\/ayuntamiento\/areas\/urbanismo-y-territorio\/ordenacion-urbanistica-del-municipio\/documentos-vigentes\/trama-urbana-consolidada\/#breadcrumb","itemListElement":[{"@type":"ListItem","position":1,"name":"Inici","item":"https:\/\/mont-roig.cat\/es\/pagina-de-inicio\/"},{"@type":"ListItem","position":2,"name":"Ayuntamiento","item":"https:\/\/mont-roig.cat\/es\/ayuntamiento\/"},{"@type":"ListItem","position":3,"name":"Áreas","item":"https:\/\/mont-roig.cat\/es\/ayuntamiento\/areas\/"},{"@type":"ListItem","position":4,"name":"Urbanismo y territorio","item":"https:\/\/mont-roig.cat\/es\/ayuntamiento\/areas\/urbanismo-y-territorio\/"},{"@type":"ListItem","position":5,"name":"Ordenación urbanística del municipio","item":"https:\/\/mont-roig.cat\/es\/ayuntamiento\/areas\/urbanismo-y-territorio\/ordenacion-urbanistica-del-municipio\/"},{"@type":"ListItem","position":6,"name":"Documentos vigentes","item":"https:\/\/mont-roig.cat\/es\/ayuntamiento\/areas\/urbanismo-y-territorio\/ordenacion-urbanistica-del-municipio\/documentos-vigentes\/"},{"@type":"ListItem","position":7,"name":"Trama urbana consolidada"}]},{"@type":"WebSite","@id":"https:\/\/mont-roig.cat\/es\/#website","url":"https:\/\/mont-roig.cat\/es\/","name":"Ajuntament de Mont-roig del Camp","description":"Tota la informació sobre la institució, els seus òrgans de govern, actualitat, serveis i molt més.","potentialAction":[{"@type":"SearchAction","target":{"@type":"EntryPoint","urlTemplate":"https:\/\/mont-roig.cat\/es\/?s={search_term_string}"},"query-input":{"@type":"PropertyValueSpecification","valueRequired":true,"valueName":"search_term_string"}}],"inLanguage":"es"}]}</script>
<!-- / Yoast SEO plugin. -->

2010/09 PG &#8211; Delimitació de la Trama Urbana Consolidada de Mont-roig del Camp Aprobado definitivamente En vigencia: 27/02/2014 Creación: 24/09/2013 Resolució del director general d&#8217;Ordenació del Territori i Urbanisme [.pdf; 577 kB] Publicació al DOGC núm. 6571, 27-02-2014 [.pdf; 132 kB] Documentación Trama urbana consolidada [.pdf; 5 MB]

Áreas

Ordenación urbanística del municipio

Tota la informació sobre la institució, els seus òrgans de govern, actualitat, serveis i molt més.
