{"id":4528,"date":"2015-06-16T12:23:04","date_gmt":"2015-06-16T12:23:04","guid":{"rendered":""},"modified":"2026-02-26T16:45:25","modified_gmt":"2026-02-26T15:45:25","slug":"alcalde","status":"publish","type":"page","link":"https:\/\/mont-roig.cat\/es\/ayuntamiento\/organs-de-representacio\/alcalde\/","title":{"rendered":"Alcalde"},"content":{"rendered":"<div class=\"wpb-content-wrapper\">[vc_row][vc_column width=&#8221;5\/12&#8243;]<div class=\" uavc-icons-center uavc-icons xs-alcalde\"><\/div>[vc_widget_sidebar sidebar_id=&#8221;porto-custom-sidebar-alcalde&#8221;][\/vc_column][vc_column width=&#8221;7\/12&#8243;][vc_custom_heading text=&#8221;Fran <strong>Morancho L\u00f3pez<\/strong>&#8221; use_theme_fonts=&#8221;yes&#8221; el_class=&#8221;with-subheader&#8221;][vc_custom_heading text=&#8221;Alcalde&#8221; font_container=&#8221;tag:h4|text_align:left|color:%2395243c&#8221; use_theme_fonts=&#8221;yes&#8221; el_class=&#8221;member-role&#8221;][vc_column_text css=&#8221;&#8221;]\n<div class=\"body\">\n<p style=\"text-align: justify;\">Fran Morancho naci\u00f3 en Barcelona el 28 de julio de 1969. En 1983, despu\u00e9s de pasar muchas temporadas de verano y fines de semana en Miami Playa se traslad\u00f3 a vivir definitivamente. Es en Miami donde se forja su personalidad pol\u00edtica, pues ya desde muy joven impulsa, junto con otros amigos, la Asociaci\u00f3n de J\u00f3venes Miramar de Miami, una entidad juvenil reivindicativa. A\u00f1os despu\u00e9s har\u00eda el paso a la pol\u00edtica local desde la plataforma ciudadana Miami Por Independientes (MPI).<\/p>\n<p style=\"text-align: justify;\">En 1999 consigui\u00f3 su primera acta de concejal en el Ayuntamiento de Mont-roig del Camp con estas siglas. Durante los siguientes a\u00f1os continu\u00f3 como regidor, tanto de gobierno como de la oposici\u00f3n, y en 2007, y ya con sus actuales siglas, las del PSC, fue investido alcalde por primera vez. En las siguientes elecciones, las de 2011, a pesar de ganarlas, qued\u00f3 en la oposici\u00f3n durante 4 a\u00f1os.<\/p>\n<p>En las municipales de 2015 el PSC revalid\u00f3 una victoria que le permiti\u00f3, en esta ocasi\u00f3n s\u00ed, recuperar la alcald\u00eda durante el mandato 2015-2019. En las elecciones del 28 de mayo de 2019, Fran Morancho logr\u00f3 una victoria clara liderando la lista del PSC y fue reinvestido alcalde. En 2023, vuelve a encabezar la lista del PSC-CP que se convierte en la formaci\u00f3n local m\u00e1s votada. El 17 de junio de 2023, Morancho revalida el cargo por tercer mandato consecutivo gracias al apoyo de 9 de los 17 concejales\/as que conforman el Ayuntamiento, los concejales y concejalas del PSC-CP, y los dos concejales de Plataforma Impulso Miami Mont-roig.<\/p>\n<p>Este 2023, Morancho ha sido elegido tambi\u00e9n diputado provincial para representar al partido del PSC en los pr\u00f3ximos cuatro a\u00f1os en la Diputaci\u00f3n de Tarragona, desde donde trabajar\u00e1 para el municipio de Mont-roig del Camp y para toda la provincia.<\/p>\n<\/div>\n<p>&nbsp;<\/p>\n<p>Pod\u00e9is consultar el documento de declaraci\u00f3n de Actividades y Bienes del Alcalde en este enlace:<\/p>\n<p><a href=\"https:\/\/mont-roig.cat\/wp-content\/uploads\/Declaracio-dActivitats-i-Bens-Fran-Morancho.pdf\" target=\"_blank\" rel=\"noopener\">Declaraci\u00f3n de Actividades y Bienes-Fran Morancho<\/a><\/p>\n<p>Dedicaci\u00f3n exclusiva del Alcalde, con una retribuci\u00f3n bruta anual de 58.000\u20ac por la legislatura 2023-2027.[\/vc_column_text][\/vc_column][\/vc_row]\n<\/div>","protected":false},"excerpt":{"rendered":"<p>[vc_row][vc_column width=&#8221;5\/12&#8243;][vc_widget_sidebar sidebar_id=&#8221;porto-custom-sidebar-alcalde&#8221;][\/vc_column][vc_column width=&#8221;7\/12&#8243;][vc_custom_heading text=&#8221;Fran Morancho L\u00f3pez&#8221; use_theme_fonts=&#8221;yes&#8221; el_class=&#8221;with-subheader&#8221;][vc_custom_heading text=&#8221;Alcalde&#8221; font_container=&#8221;tag:h4|text_align:left|color:%2395243c&#8221; use_theme_fonts=&#8221;yes&#8221; el_class=&#8221;member-role&#8221;][vc_column_text css=&#8221;&#8221;] Fran Morancho naci\u00f3 en Barcelona el 28 de julio de 1969. En 1983, despu\u00e9s de pasar muchas temporadas de verano y fines de semana en Miami Playa se traslad\u00f3 a vivir definitivamente. Es en Miami donde se forja su personalidad pol\u00edtica, [&hellip;]<\/p>\n","protected":false},"author":4,"featured_media":0,"parent":9287,"menu_order":0,"comment_status":"closed","ping_status":"closed","template":"","meta":{"inline_featured_image":false,"_monsterinsights_skip_tracking":false,"_monsterinsights_sitenote_active":false,"_monsterinsights_sitenote_note":"","_monsterinsights_sitenote_category":0,"footnotes":""},"class_list":["post-4528","page","type-page","status-publish","hentry"],"yoast_head":"<!-- This site is optimized with the Yoast SEO plugin v27.4 - https:\/\/yoast.com\/product\/yoast-seo-wordpress\/ -->\n<title>Alcalde - Ajuntament de Mont-roig del Camp<\/title>\n<meta name=\"robots\" content=\"index, follow, max-snippet:-1, max-image-preview:large, max-video-preview:-1\" \/>\n<link rel=\"canonical\" href=\"https:\/\/mont-roig.cat\/es\/ayuntamiento\/organs-de-representacio\/alcalde\/\" \/>\n<meta property=\"og:locale\" content=\"es_ES\" \/>\n<meta property=\"og:type\" content=\"article\" \/>\n<meta property=\"og:title\" content=\"Alcalde - Ajuntament de Mont-roig del Camp\" \/>\n<meta property=\"og:description\" content=\"[vc_row][vc_column width=&#8221;5\/12&#8243;][vc_widget_sidebar sidebar_id=&#8221;porto-custom-sidebar-alcalde&#8221;][\/vc_column][vc_column width=&#8221;7\/12&#8243;][vc_custom_heading text=&#8221;Fran Morancho L\u00f3pez&#8221; use_theme_fonts=&#8221;yes&#8221; el_class=&#8221;with-subheader&#8221;][vc_custom_heading text=&#8221;Alcalde&#8221; font_container=&#8221;tag:h4|text_align:left|color:%2395243c&#8221; use_theme_fonts=&#8221;yes&#8221; el_class=&#8221;member-role&#8221;][vc_column_text css=&#8221;&#8221;] Fran Morancho naci\u00f3 en Barcelona el 28 de julio de 1969. En 1983, despu\u00e9s de pasar muchas temporadas de verano y fines de semana en Miami Playa se traslad\u00f3 a vivir definitivamente. Es en Miami donde se forja su personalidad pol\u00edtica, [&hellip;]\" \/>\n<meta property=\"og:url\" content=\"https:\/\/mont-roig.cat\/es\/ayuntamiento\/organs-de-representacio\/alcalde\/\" \/>\n<meta property=\"og:site_name\" content=\"Ajuntament de Mont-roig del Camp\" \/>\n<meta property=\"article:modified_time\" content=\"2026-02-26T15:45:25+00:00\" \/>\n<meta property=\"og:image\" content=\"https:\/\/mont-roig.cat\/wp-content\/uploads\/aj-mont-roig-2.jpg\" \/>\n\t<meta property=\"og:image:width\" content=\"1200\" \/>\n\t<meta property=\"og:image:height\" content=\"600\" \/>\n\t<meta property=\"og:image:type\" content=\"image\/jpeg\" \/>\n<meta name=\"twitter:card\" content=\"summary_large_image\" \/>\n<meta name=\"twitter:label1\" content=\"Tiempo de lectura\" \/>\n\t<meta name=\"twitter:data1\" content=\"2 minutos\" \/>\n<script type=\"application\/ld+json\" class=\"yoast-schema-graph\">{\"@context\":\"https:\\\/\\\/schema.org\",\"@graph\":[{\"@type\":\"WebPage\",\"@id\":\"https:\\\/\\\/mont-roig.cat\\\/es\\\/ayuntamiento\\\/organs-de-representacio\\\/alcalde\\\/\",\"url\":\"https:\\\/\\\/mont-roig.cat\\\/es\\\/ayuntamiento\\\/organs-de-representacio\\\/alcalde\\\/\",\"name\":\"Alcalde - Ajuntament de Mont-roig del Camp\",\"isPartOf\":{\"@id\":\"https:\\\/\\\/mont-roig.cat\\\/es\\\/#website\"},\"datePublished\":\"2015-06-16T12:23:04+00:00\",\"dateModified\":\"2026-02-26T15:45:25+00:00\",\"breadcrumb\":{\"@id\":\"https:\\\/\\\/mont-roig.cat\\\/es\\\/ayuntamiento\\\/organs-de-representacio\\\/alcalde\\\/#breadcrumb\"},\"inLanguage\":\"es\",\"potentialAction\":[{\"@type\":\"ReadAction\",\"target\":[\"https:\\\/\\\/mont-roig.cat\\\/es\\\/ayuntamiento\\\/organs-de-representacio\\\/alcalde\\\/\"]}]},{\"@type\":\"BreadcrumbList\",\"@id\":\"https:\\\/\\\/mont-roig.cat\\\/es\\\/ayuntamiento\\\/organs-de-representacio\\\/alcalde\\\/#breadcrumb\",\"itemListElement\":[{\"@type\":\"ListItem\",\"position\":1,\"name\":\"Inici\",\"item\":\"https:\\\/\\\/mont-roig.cat\\\/es\\\/pagina-de-inicio\\\/\"},{\"@type\":\"ListItem\",\"position\":2,\"name\":\"Ayuntamiento\",\"item\":\"https:\\\/\\\/mont-roig.cat\\\/es\\\/ayuntamiento\\\/\"},{\"@type\":\"ListItem\",\"position\":3,\"name\":\"\u00d3rganos de representaci\u00f3n\",\"item\":\"https:\\\/\\\/mont-roig.cat\\\/es\\\/ayuntamiento\\\/organs-de-representacio\\\/\"},{\"@type\":\"ListItem\",\"position\":4,\"name\":\"Alcalde\"}]},{\"@type\":\"WebSite\",\"@id\":\"https:\\\/\\\/mont-roig.cat\\\/es\\\/#website\",\"url\":\"https:\\\/\\\/mont-roig.cat\\\/es\\\/\",\"name\":\"Ajuntament de Mont-roig del Camp\",\"description\":\"Tota la informaci\u00f3 sobre la instituci\u00f3, els seus \u00f2rgans de govern, actualitat, serveis i molt m\u00e9s.\",\"potentialAction\":[{\"@type\":\"SearchAction\",\"target\":{\"@type\":\"EntryPoint\",\"urlTemplate\":\"https:\\\/\\\/mont-roig.cat\\\/es\\\/?s={search_term_string}\"},\"query-input\":{\"@type\":\"PropertyValueSpecification\",\"valueRequired\":true,\"valueName\":\"search_term_string\"}}],\"inLanguage\":\"es\"}]}<\/script>\n<!-- \/ Yoast SEO plugin. -->","yoast_head_json":{"title":"Alcalde - Ajuntament de Mont-roig del Camp","robots":{"index":"index","follow":"follow","max-snippet":"max-snippet:-1","max-image-preview":"max-image-preview:large","max-video-preview":"max-video-preview:-1"},"canonical":"https:\/\/mont-roig.cat\/es\/ayuntamiento\/organs-de-representacio\/alcalde\/","og_locale":"es_ES","og_type":"article","og_title":"Alcalde - Ajuntament de Mont-roig del Camp","og_description":"[vc_row][vc_column width=&#8221;5\/12&#8243;][vc_widget_sidebar sidebar_id=&#8221;porto-custom-sidebar-alcalde&#8221;][\/vc_column][vc_column width=&#8221;7\/12&#8243;][vc_custom_heading text=&#8221;Fran Morancho L\u00f3pez&#8221; use_theme_fonts=&#8221;yes&#8221; el_class=&#8221;with-subheader&#8221;][vc_custom_heading text=&#8221;Alcalde&#8221; font_container=&#8221;tag:h4|text_align:left|color:%2395243c&#8221; use_theme_fonts=&#8221;yes&#8221; el_class=&#8221;member-role&#8221;][vc_column_text css=&#8221;&#8221;] Fran Morancho naci\u00f3 en Barcelona el 28 de julio de 1969. En 1983, despu\u00e9s de pasar muchas temporadas de verano y fines de semana en Miami Playa se traslad\u00f3 a vivir definitivamente. Es en Miami donde se forja su personalidad pol\u00edtica, [&hellip;]","og_url":"https:\/\/mont-roig.cat\/es\/ayuntamiento\/organs-de-representacio\/alcalde\/","og_site_name":"Ajuntament de Mont-roig del Camp","article_modified_time":"2026-02-26T15:45:25+00:00","og_image":[{"width":1200,"height":600,"url":"https:\/\/mont-roig.cat\/wp-content\/uploads\/aj-mont-roig-2.jpg","type":"image\/jpeg"}],"twitter_card":"summary_large_image","twitter_misc":{"Tiempo de lectura":"2 minutos"},"schema":{"@context":"https:\/\/schema.org","@graph":[{"@type":"WebPage","@id":"https:\/\/mont-roig.cat\/es\/ayuntamiento\/organs-de-representacio\/alcalde\/","url":"https:\/\/mont-roig.cat\/es\/ayuntamiento\/organs-de-representacio\/alcalde\/","name":"Alcalde - Ajuntament de Mont-roig del Camp","isPartOf":{"@id":"https:\/\/mont-roig.cat\/es\/#website"},"datePublished":"2015-06-16T12:23:04+00:00","dateModified":"2026-02-26T15:45:25+00:00","breadcrumb":{"@id":"https:\/\/mont-roig.cat\/es\/ayuntamiento\/organs-de-representacio\/alcalde\/#breadcrumb"},"inLanguage":"es","potentialAction":[{"@type":"ReadAction","target":["https:\/\/mont-roig.cat\/es\/ayuntamiento\/organs-de-representacio\/alcalde\/"]}]},{"@type":"BreadcrumbList","@id":"https:\/\/mont-roig.cat\/es\/ayuntamiento\/organs-de-representacio\/alcalde\/#breadcrumb","itemListElement":[{"@type":"ListItem","position":1,"name":"Inici","item":"https:\/\/mont-roig.cat\/es\/pagina-de-inicio\/"},{"@type":"ListItem","position":2,"name":"Ayuntamiento","item":"https:\/\/mont-roig.cat\/es\/ayuntamiento\/"},{"@type":"ListItem","position":3,"name":"\u00d3rganos de representaci\u00f3n","item":"https:\/\/mont-roig.cat\/es\/ayuntamiento\/organs-de-representacio\/"},{"@type":"ListItem","position":4,"name":"Alcalde"}]},{"@type":"WebSite","@id":"https:\/\/mont-roig.cat\/es\/#website","url":"https:\/\/mont-roig.cat\/es\/","name":"Ajuntament de Mont-roig del Camp","description":"Tota la informaci\u00f3 sobre la instituci\u00f3, els seus \u00f2rgans de govern, actualitat, serveis i molt m\u00e9s.","potentialAction":[{"@type":"SearchAction","target":{"@type":"EntryPoint","urlTemplate":"https:\/\/mont-roig.cat\/es\/?s={search_term_string}"},"query-input":{"@type":"PropertyValueSpecification","valueRequired":true,"valueName":"search_term_string"}}],"inLanguage":"es"}]}},"_links":{"self":[{"href":"https:\/\/mont-roig.cat\/es\/wp-json\/wp\/v2\/pages\/4528","targetHints":{"allow":["GET"]}}],"collection":[{"href":"https:\/\/mont-roig.cat\/es\/wp-json\/wp\/v2\/pages"}],"about":[{"href":"https:\/\/mont-roig.cat\/es\/wp-json\/wp\/v2\/types\/page"}],"author":[{"embeddable":true,"href":"https:\/\/mont-roig.cat\/es\/wp-json\/wp\/v2\/users\/4"}],"replies":[{"embeddable":true,"href":"https:\/\/mont-roig.cat\/es\/wp-json\/wp\/v2\/comments?post=4528"}],"version-history":[{"count":23,"href":"https:\/\/mont-roig.cat\/es\/wp-json\/wp\/v2\/pages\/4528\/revisions"}],"predecessor-version":[{"id":89379,"href":"https:\/\/mont-roig.cat\/es\/wp-json\/wp\/v2\/pages\/4528\/revisions\/89379"}],"up":[{"embeddable":true,"href":"https:\/\/mont-roig.cat\/es\/wp-json\/wp\/v2\/pages\/9287"}],"wp:attachment":[{"href":"https:\/\/mont-roig.cat\/es\/wp-json\/wp\/v2\/media?parent=4528"}],"curies":[{"name":"wp","href":"https:\/\/api.w.org\/{rel}","templated":true}]}}

<div class="wpb-content-wrapper">[vc_row][vc_column width=&#8221;5/12&#8243;]<div class=" uavc-icons-center uavc-icons xs-alcalde"></div>[vc_widget_sidebar sidebar_id=&#8221;porto-custom-sidebar-alcalde&#8221;][/vc_column][vc_column width=&#8221;7/12&#8243;][vc_custom_heading text=&#8221;Fran <strong>Morancho López</strong>&#8221; use_theme_fonts=&#8221;yes&#8221; el_class=&#8221;with-subheader&#8221;][vc_custom_heading text=&#8221;Alcalde&#8221; font_container=&#8221;tag:h4|text_align:left|color:%2395243c&#8221; use_theme_fonts=&#8221;yes&#8221; el_class=&#8221;member-role&#8221;][vc_column_text css=&#8221;&#8221;]
<div class="body">
<p style="text-align: justify;">Fran Morancho nació en Barcelona el 28 de julio de 1969. En 1983, después de pasar muchas temporadas de verano y fines de semana en Miami Playa se trasladó a vivir definitivamente. Es en Miami donde se forja su personalidad política, pues ya desde muy joven impulsa, junto con otros amigos, la Asociación de Jóvenes Miramar de Miami, una entidad juvenil reivindicativa. Años después haría el paso a la política local desde la plataforma ciudadana Miami Por Independientes (MPI).</p>
<p style="text-align: justify;">En 1999 consiguió su primera acta de concejal en el Ayuntamiento de Mont-roig del Camp con estas siglas. Durante los siguientes años continuó como regidor, tanto de gobierno como de la oposición, y en 2007, y ya con sus actuales siglas, las del PSC, fue investido alcalde por primera vez. En las siguientes elecciones, las de 2011, a pesar de ganarlas, quedó en la oposición durante 4 años.</p>
<p>En las municipales de 2015 el PSC revalidó una victoria que le permitió, en esta ocasión sí, recuperar la alcaldía durante el mandato 2015-2019. En las elecciones del 28 de mayo de 2019, Fran Morancho logró una victoria clara liderando la lista del PSC y fue reinvestido alcalde. En 2023, vuelve a encabezar la lista del PSC-CP que se convierte en la formación local más votada. El 17 de junio de 2023, Morancho revalida el cargo por tercer mandato consecutivo gracias al apoyo de 9 de los 17 concejales/as que conforman el Ayuntamiento, los concejales y concejalas del PSC-CP, y los dos concejales de Plataforma Impulso Miami Mont-roig.</p>
<p>Este 2023, Morancho ha sido elegido también diputado provincial para representar al partido del PSC en los próximos cuatro años en la Diputación de Tarragona, desde donde trabajará para el municipio de Mont-roig del Camp y para toda la provincia.</p>
</div>
<p>&nbsp;</p>
<p>Podéis consultar el documento de declaración de Actividades y Bienes del Alcalde en este enlace:</p>
<p><a href="https://mont-roig.cat/wp-content/uploads/Declaracio-dActivitats-i-Bens-Fran-Morancho.pdf" target="_blank" rel="noopener">Declaración de Actividades y Bienes-Fran Morancho</a></p>
<p>Dedicación exclusiva del Alcalde, con una retribución bruta anual de 58.000€ por la legislatura 2023-2027.[/vc_column_text][/vc_column][/vc_row]
</div>

<p>[vc_row][vc_column width=&#8221;5/12&#8243;][vc_widget_sidebar sidebar_id=&#8221;porto-custom-sidebar-alcalde&#8221;][/vc_column][vc_column width=&#8221;7/12&#8243;][vc_custom_heading text=&#8221;Fran Morancho López&#8221; use_theme_fonts=&#8221;yes&#8221; el_class=&#8221;with-subheader&#8221;][vc_custom_heading text=&#8221;Alcalde&#8221; font_container=&#8221;tag:h4|text_align:left|color:%2395243c&#8221; use_theme_fonts=&#8221;yes&#8221; el_class=&#8221;member-role&#8221;][vc_column_text css=&#8221;&#8221;] Fran Morancho nació en Barcelona el 28 de julio de 1969. En 1983, después de pasar muchas temporadas de verano y fines de semana en Miami Playa se trasladó a vivir definitivamente. Es en Miami donde se forja su personalidad política, [&hellip;]</p>

<!-- This site is optimized with the Yoast SEO plugin v27.4 - https://yoast.com/product/yoast-seo-wordpress/ -->
<title>Alcalde - Ajuntament de Mont-roig del Camp</title>
<meta name="robots" content="index, follow, max-snippet:-1, max-image-preview:large, max-video-preview:-1" />
<link rel="canonical" href="https://mont-roig.cat/es/ayuntamiento/organs-de-representacio/alcalde/" />
<meta property="og:locale" content="es_ES" />
<meta property="og:type" content="article" />
<meta property="og:title" content="Alcalde - Ajuntament de Mont-roig del Camp" />
<meta property="og:description" content="[vc_row][vc_column width=&#8221;5/12&#8243;][vc_widget_sidebar sidebar_id=&#8221;porto-custom-sidebar-alcalde&#8221;][/vc_column][vc_column width=&#8221;7/12&#8243;][vc_custom_heading text=&#8221;Fran Morancho López&#8221; use_theme_fonts=&#8221;yes&#8221; el_class=&#8221;with-subheader&#8221;][vc_custom_heading text=&#8221;Alcalde&#8221; font_container=&#8221;tag:h4|text_align:left|color:%2395243c&#8221; use_theme_fonts=&#8221;yes&#8221; el_class=&#8221;member-role&#8221;][vc_column_text css=&#8221;&#8221;] Fran Morancho nació en Barcelona el 28 de julio de 1969. En 1983, después de pasar muchas temporadas de verano y fines de semana en Miami Playa se trasladó a vivir definitivamente. Es en Miami donde se forja su personalidad política, [&hellip;]" />
<meta property="og:url" content="https://mont-roig.cat/es/ayuntamiento/organs-de-representacio/alcalde/" />
<meta property="og:site_name" content="Ajuntament de Mont-roig del Camp" />
<meta property="article:modified_time" content="2026-02-26T15:45:25+00:00" />
<meta property="og:image" content="https://mont-roig.cat/wp-content/uploads/aj-mont-roig-2.jpg" />
	<meta property="og:image:width" content="1200" />
	<meta property="og:image:height" content="600" />
	<meta property="og:image:type" content="image/jpeg" />
<meta name="twitter:card" content="summary_large_image" />
<meta name="twitter:label1" content="Tiempo de lectura" />
	<meta name="twitter:data1" content="2 minutos" />
<script type="application/ld+json" class="yoast-schema-graph">{"@context":"https:\/\/schema.org","@graph":[{"@type":"WebPage","@id":"https:\/\/mont-roig.cat\/es\/ayuntamiento\/organs-de-representacio\/alcalde\/","url":"https:\/\/mont-roig.cat\/es\/ayuntamiento\/organs-de-representacio\/alcalde\/","name":"Alcalde - Ajuntament de Mont-roig del Camp","isPartOf":{"@id":"https:\/\/mont-roig.cat\/es\/#website"},"datePublished":"2015-06-16T12:23:04+00:00","dateModified":"2026-02-26T15:45:25+00:00","breadcrumb":{"@id":"https:\/\/mont-roig.cat\/es\/ayuntamiento\/organs-de-representacio\/alcalde\/#breadcrumb"},"inLanguage":"es","potentialAction":[{"@type":"ReadAction","target":["https:\/\/mont-roig.cat\/es\/ayuntamiento\/organs-de-representacio\/alcalde\/"]}]},{"@type":"BreadcrumbList","@id":"https:\/\/mont-roig.cat\/es\/ayuntamiento\/organs-de-representacio\/alcalde\/#breadcrumb","itemListElement":[{"@type":"ListItem","position":1,"name":"Inici","item":"https:\/\/mont-roig.cat\/es\/pagina-de-inicio\/"},{"@type":"ListItem","position":2,"name":"Ayuntamiento","item":"https:\/\/mont-roig.cat\/es\/ayuntamiento\/"},{"@type":"ListItem","position":3,"name":"Órganos de representación","item":"https:\/\/mont-roig.cat\/es\/ayuntamiento\/organs-de-representacio\/"},{"@type":"ListItem","position":4,"name":"Alcalde"}]},{"@type":"WebSite","@id":"https:\/\/mont-roig.cat\/es\/#website","url":"https:\/\/mont-roig.cat\/es\/","name":"Ajuntament de Mont-roig del Camp","description":"Tota la informació sobre la institució, els seus òrgans de govern, actualitat, serveis i molt més.","potentialAction":[{"@type":"SearchAction","target":{"@type":"EntryPoint","urlTemplate":"https:\/\/mont-roig.cat\/es\/?s={search_term_string}"},"query-input":{"@type":"PropertyValueSpecification","valueRequired":true,"valueName":"search_term_string"}}],"inLanguage":"es"}]}</script>
<!-- / Yoast SEO plugin. -->

[vc_row][vc_column width=&#8221;5/12&#8243;][vc_widget_sidebar sidebar_id=&#8221;porto-custom-sidebar-alcalde&#8221;][/vc_column][vc_column width=&#8221;7/12&#8243;][vc_custom_heading text=&#8221;Fran Morancho López&#8221; use_theme_fonts=&#8221;yes&#8221; el_class=&#8221;with-subheader&#8221;][vc_custom_heading text=&#8221;Alcalde&#8221; font_container=&#8221;tag:h4|text_align:left|color:%2395243c&#8221; use_theme_fonts=&#8221;yes&#8221; el_class=&#8221;member-role&#8221;][vc_column_text css=&#8221;&#8221;] Fran Morancho nació en Barcelona el 28 de julio de 1969. En 1983, después de pasar muchas temporadas de verano y fines de semana en Miami Playa se trasladó a vivir definitivamente. Es en Miami donde se forja su personalidad política, [&hellip;]

Órganos de representación

Tota la informació sobre la institució, els seus òrgans de govern, actualitat, serveis i molt més.
