{"id":61716,"date":"2022-04-07T14:37:04","date_gmt":"2022-04-07T12:37:04","guid":{"rendered":"https:\/\/mont-roig.cat\/?page_id=61716"},"modified":"2022-04-26T09:57:25","modified_gmt":"2022-04-26T07:57:25","slug":"centenario-del-cuadro-la-masia-de-joan-miro","status":"publish","type":"page","link":"https:\/\/mont-roig.cat\/es\/centenario-del-cuadro-la-masia-de-joan-miro\/","title":{"rendered":"Centenario del cuadro La Masia de Joan Mir\u00f3"},"content":{"rendered":"<p><a href=\"https:\/\/mont-roig.cat\/wp-content\/uploads\/Cartell-centenari-quadre-La-Masia-de-Miro\u0301_page-0001-scaled.jpg\"><img loading=\"lazy\" decoding=\"async\" class=\"wp-image-61696 alignright\" src=\"https:\/\/mont-roig.cat\/wp-content\/uploads\/Cartell-centenari-quadre-La-Masia-de-Miro\u0301_page-0001-353x500.jpg\" alt=\"\" width=\"250\" height=\"354\" srcset=\"https:\/\/mont-roig.cat\/wp-content\/uploads\/Cartell-centenari-quadre-La-Masia-de-Miro\u0301_page-0001-353x500.jpg 353w, https:\/\/mont-roig.cat\/wp-content\/uploads\/Cartell-centenari-quadre-La-Masia-de-Miro\u0301_page-0001-724x1024.jpg 724w, https:\/\/mont-roig.cat\/wp-content\/uploads\/Cartell-centenari-quadre-La-Masia-de-Miro\u0301_page-0001-768x1086.jpg 768w, https:\/\/mont-roig.cat\/wp-content\/uploads\/Cartell-centenari-quadre-La-Masia-de-Miro\u0301_page-0001-1086x1536.jpg 1086w, https:\/\/mont-roig.cat\/wp-content\/uploads\/Cartell-centenari-quadre-La-Masia-de-Miro\u0301_page-0001-scaled.jpg 1448w\" sizes=\"auto, (max-width: 250px) 100vw, 250px\" \/><\/a><strong>Conmemoraci\u00f3n del centenario del cuadro &#8216;La Masia&#8217; de Joan Mir\u00f3<\/strong><\/p>\n<p>Empezado en Mont-roig en 1921 y terminado en Par\u00eds en 1922, el cuadro La Mas\u00eda de Joan Mir\u00f3 tiene una importancia hist\u00f3rica monumental. Representa dos momentos claves en la vida del artista. En primer lugar, el cierre de su etapa figurativa y el nacimiento de su lenguaje \u00fanico y universal. En segundo lugar, representa el momento en que el v\u00ednculo entre Mir\u00f3 y Mas Mir\u00f3 quedar\u00e1 grabado en la historia para siempre. Precisamente para destacar esta importancia, el Ayuntamiento de Mont-roig del Camp y la Fundaci\u00f3 Mas Mir\u00f3 han impulsado el programa de actos <em>Cent anys inspirant<\/em>, que se alargar\u00e1 hasta final de a\u00f1o.<\/p>\n<ul>\n<li><a href=\"https:\/\/mont-roig.cat\/wp-content\/uploads\/Llibret-centenari-ok-web.pdf\" target=\"_blank\" rel=\"noopener\">Libreto programa de actos completo del centenario del cuadro La Masia<\/a><\/li>\n<\/ul>\n<p>&nbsp;<\/p>\n<p>Este programa de actividades del centenario del cuadro tiene como objetivo remarcar la importancia del contexto social, paisaj\u00edstico y sensorial de Mas Mir\u00f3, generando una oportunidad \u00fanica para conectar y entender mejor al artista y su paisaje emocional. A trav\u00e9s de una treintena de actividades pedag\u00f3gicas, participativas, multidisciplinares y virtuales se explorar\u00e1 el universo mironiano y todo lo que le rodea.<\/p>\n<p>&nbsp;<\/p>\n","protected":false},"excerpt":{"rendered":"<p>Conmemoraci\u00f3n del centenario del cuadro &#8216;La Masia&#8217; de Joan Mir\u00f3 Empezado en Mont-roig en 1921 y terminado en Par\u00eds en 1922, el cuadro La Mas\u00eda de Joan Mir\u00f3 tiene una importancia hist\u00f3rica monumental. Representa dos momentos claves en la vida del artista. En primer lugar, el cierre de su etapa figurativa y el nacimiento de [&hellip;]<\/p>\n","protected":false},"author":4,"featured_media":0,"parent":0,"menu_order":0,"comment_status":"closed","ping_status":"closed","template":"","meta":{"inline_featured_image":false,"_monsterinsights_skip_tracking":false,"_monsterinsights_sitenote_active":false,"_monsterinsights_sitenote_note":"","_monsterinsights_sitenote_category":0,"footnotes":""},"class_list":["post-61716","page","type-page","status-publish","hentry"],"yoast_head":"<!-- This site is optimized with the Yoast SEO plugin v27.4 - https:\/\/yoast.com\/product\/yoast-seo-wordpress\/ -->\n<title>Centenario del cuadro La Masia de Joan Mir\u00f3 - Ajuntament de Mont-roig del Camp<\/title>\n<meta name=\"robots\" content=\"index, follow, max-snippet:-1, max-image-preview:large, max-video-preview:-1\" \/>\n<link rel=\"canonical\" href=\"https:\/\/mont-roig.cat\/es\/centenario-del-cuadro-la-masia-de-joan-miro\/\" \/>\n<meta property=\"og:locale\" content=\"es_ES\" \/>\n<meta property=\"og:type\" content=\"article\" \/>\n<meta property=\"og:title\" content=\"Centenario del cuadro La Masia de Joan Mir\u00f3 - Ajuntament de Mont-roig del Camp\" \/>\n<meta property=\"og:description\" content=\"Conmemoraci\u00f3n del centenario del cuadro &#8216;La Masia&#8217; de Joan Mir\u00f3 Empezado en Mont-roig en 1921 y terminado en Par\u00eds en 1922, el cuadro La Mas\u00eda de Joan Mir\u00f3 tiene una importancia hist\u00f3rica monumental. Representa dos momentos claves en la vida del artista. En primer lugar, el cierre de su etapa figurativa y el nacimiento de [&hellip;]\" \/>\n<meta property=\"og:url\" content=\"https:\/\/mont-roig.cat\/es\/centenario-del-cuadro-la-masia-de-joan-miro\/\" \/>\n<meta property=\"og:site_name\" content=\"Ajuntament de Mont-roig del Camp\" \/>\n<meta property=\"article:modified_time\" content=\"2022-04-26T07:57:25+00:00\" \/>\n<meta property=\"og:image\" content=\"https:\/\/mont-roig.cat\/wp-content\/uploads\/aj-mont-roig-2.jpg\" \/>\n\t<meta property=\"og:image:width\" content=\"1200\" \/>\n\t<meta property=\"og:image:height\" content=\"600\" \/>\n\t<meta property=\"og:image:type\" content=\"image\/jpeg\" \/>\n<meta name=\"twitter:card\" content=\"summary_large_image\" \/>\n<meta name=\"twitter:label1\" content=\"Tiempo de lectura\" \/>\n\t<meta name=\"twitter:data1\" content=\"2 minutos\" \/>\n<script type=\"application\/ld+json\" class=\"yoast-schema-graph\">{\"@context\":\"https:\\\/\\\/schema.org\",\"@graph\":[{\"@type\":\"WebPage\",\"@id\":\"https:\\\/\\\/mont-roig.cat\\\/es\\\/centenario-del-cuadro-la-masia-de-joan-miro\\\/\",\"url\":\"https:\\\/\\\/mont-roig.cat\\\/es\\\/centenario-del-cuadro-la-masia-de-joan-miro\\\/\",\"name\":\"Centenario del cuadro La Masia de Joan Mir\u00f3 - Ajuntament de Mont-roig del Camp\",\"isPartOf\":{\"@id\":\"https:\\\/\\\/mont-roig.cat\\\/es\\\/#website\"},\"datePublished\":\"2022-04-07T12:37:04+00:00\",\"dateModified\":\"2022-04-26T07:57:25+00:00\",\"breadcrumb\":{\"@id\":\"https:\\\/\\\/mont-roig.cat\\\/es\\\/centenario-del-cuadro-la-masia-de-joan-miro\\\/#breadcrumb\"},\"inLanguage\":\"es\",\"potentialAction\":[{\"@type\":\"ReadAction\",\"target\":[\"https:\\\/\\\/mont-roig.cat\\\/es\\\/centenario-del-cuadro-la-masia-de-joan-miro\\\/\"]}]},{\"@type\":\"BreadcrumbList\",\"@id\":\"https:\\\/\\\/mont-roig.cat\\\/es\\\/centenario-del-cuadro-la-masia-de-joan-miro\\\/#breadcrumb\",\"itemListElement\":[{\"@type\":\"ListItem\",\"position\":1,\"name\":\"Inici\",\"item\":\"https:\\\/\\\/mont-roig.cat\\\/es\\\/pagina-de-inicio\\\/\"},{\"@type\":\"ListItem\",\"position\":2,\"name\":\"Centenario del cuadro La Masia de Joan Mir\u00f3\"}]},{\"@type\":\"WebSite\",\"@id\":\"https:\\\/\\\/mont-roig.cat\\\/es\\\/#website\",\"url\":\"https:\\\/\\\/mont-roig.cat\\\/es\\\/\",\"name\":\"Ajuntament de Mont-roig del Camp\",\"description\":\"Tota la informaci\u00f3 sobre la instituci\u00f3, els seus \u00f2rgans de govern, actualitat, serveis i molt m\u00e9s.\",\"potentialAction\":[{\"@type\":\"SearchAction\",\"target\":{\"@type\":\"EntryPoint\",\"urlTemplate\":\"https:\\\/\\\/mont-roig.cat\\\/es\\\/?s={search_term_string}\"},\"query-input\":{\"@type\":\"PropertyValueSpecification\",\"valueRequired\":true,\"valueName\":\"search_term_string\"}}],\"inLanguage\":\"es\"}]}<\/script>\n<!-- \/ Yoast SEO plugin. -->","yoast_head_json":{"title":"Centenario del cuadro La Masia de Joan Mir\u00f3 - Ajuntament de Mont-roig del Camp","robots":{"index":"index","follow":"follow","max-snippet":"max-snippet:-1","max-image-preview":"max-image-preview:large","max-video-preview":"max-video-preview:-1"},"canonical":"https:\/\/mont-roig.cat\/es\/centenario-del-cuadro-la-masia-de-joan-miro\/","og_locale":"es_ES","og_type":"article","og_title":"Centenario del cuadro La Masia de Joan Mir\u00f3 - Ajuntament de Mont-roig del Camp","og_description":"Conmemoraci\u00f3n del centenario del cuadro &#8216;La Masia&#8217; de Joan Mir\u00f3 Empezado en Mont-roig en 1921 y terminado en Par\u00eds en 1922, el cuadro La Mas\u00eda de Joan Mir\u00f3 tiene una importancia hist\u00f3rica monumental. Representa dos momentos claves en la vida del artista. En primer lugar, el cierre de su etapa figurativa y el nacimiento de [&hellip;]","og_url":"https:\/\/mont-roig.cat\/es\/centenario-del-cuadro-la-masia-de-joan-miro\/","og_site_name":"Ajuntament de Mont-roig del Camp","article_modified_time":"2022-04-26T07:57:25+00:00","og_image":[{"width":1200,"height":600,"url":"https:\/\/mont-roig.cat\/wp-content\/uploads\/aj-mont-roig-2.jpg","type":"image\/jpeg"}],"twitter_card":"summary_large_image","twitter_misc":{"Tiempo de lectura":"2 minutos"},"schema":{"@context":"https:\/\/schema.org","@graph":[{"@type":"WebPage","@id":"https:\/\/mont-roig.cat\/es\/centenario-del-cuadro-la-masia-de-joan-miro\/","url":"https:\/\/mont-roig.cat\/es\/centenario-del-cuadro-la-masia-de-joan-miro\/","name":"Centenario del cuadro La Masia de Joan Mir\u00f3 - Ajuntament de Mont-roig del Camp","isPartOf":{"@id":"https:\/\/mont-roig.cat\/es\/#website"},"datePublished":"2022-04-07T12:37:04+00:00","dateModified":"2022-04-26T07:57:25+00:00","breadcrumb":{"@id":"https:\/\/mont-roig.cat\/es\/centenario-del-cuadro-la-masia-de-joan-miro\/#breadcrumb"},"inLanguage":"es","potentialAction":[{"@type":"ReadAction","target":["https:\/\/mont-roig.cat\/es\/centenario-del-cuadro-la-masia-de-joan-miro\/"]}]},{"@type":"BreadcrumbList","@id":"https:\/\/mont-roig.cat\/es\/centenario-del-cuadro-la-masia-de-joan-miro\/#breadcrumb","itemListElement":[{"@type":"ListItem","position":1,"name":"Inici","item":"https:\/\/mont-roig.cat\/es\/pagina-de-inicio\/"},{"@type":"ListItem","position":2,"name":"Centenario del cuadro La Masia de Joan Mir\u00f3"}]},{"@type":"WebSite","@id":"https:\/\/mont-roig.cat\/es\/#website","url":"https:\/\/mont-roig.cat\/es\/","name":"Ajuntament de Mont-roig del Camp","description":"Tota la informaci\u00f3 sobre la instituci\u00f3, els seus \u00f2rgans de govern, actualitat, serveis i molt m\u00e9s.","potentialAction":[{"@type":"SearchAction","target":{"@type":"EntryPoint","urlTemplate":"https:\/\/mont-roig.cat\/es\/?s={search_term_string}"},"query-input":{"@type":"PropertyValueSpecification","valueRequired":true,"valueName":"search_term_string"}}],"inLanguage":"es"}]}},"_links":{"self":[{"href":"https:\/\/mont-roig.cat\/es\/wp-json\/wp\/v2\/pages\/61716","targetHints":{"allow":["GET"]}}],"collection":[{"href":"https:\/\/mont-roig.cat\/es\/wp-json\/wp\/v2\/pages"}],"about":[{"href":"https:\/\/mont-roig.cat\/es\/wp-json\/wp\/v2\/types\/page"}],"author":[{"embeddable":true,"href":"https:\/\/mont-roig.cat\/es\/wp-json\/wp\/v2\/users\/4"}],"replies":[{"embeddable":true,"href":"https:\/\/mont-roig.cat\/es\/wp-json\/wp\/v2\/comments?post=61716"}],"version-history":[{"count":5,"href":"https:\/\/mont-roig.cat\/es\/wp-json\/wp\/v2\/pages\/61716\/revisions"}],"predecessor-version":[{"id":62210,"href":"https:\/\/mont-roig.cat\/es\/wp-json\/wp\/v2\/pages\/61716\/revisions\/62210"}],"wp:attachment":[{"href":"https:\/\/mont-roig.cat\/es\/wp-json\/wp\/v2\/media?parent=61716"}],"curies":[{"name":"wp","href":"https:\/\/api.w.org\/{rel}","templated":true}]}}

Centenario del cuadro La Masia de Joan Miró

<p><a href="https://mont-roig.cat/wp-content/uploads/Cartell-centenari-quadre-La-Masia-de-Miró_page-0001-scaled.jpg"><img loading="lazy" decoding="async" class="wp-image-61696 alignright" src="https://mont-roig.cat/wp-content/uploads/Cartell-centenari-quadre-La-Masia-de-Miró_page-0001-353x500.jpg" alt="" width="250" height="354" srcset="https://mont-roig.cat/wp-content/uploads/Cartell-centenari-quadre-La-Masia-de-Miró_page-0001-353x500.jpg 353w, https://mont-roig.cat/wp-content/uploads/Cartell-centenari-quadre-La-Masia-de-Miró_page-0001-724x1024.jpg 724w, https://mont-roig.cat/wp-content/uploads/Cartell-centenari-quadre-La-Masia-de-Miró_page-0001-768x1086.jpg 768w, https://mont-roig.cat/wp-content/uploads/Cartell-centenari-quadre-La-Masia-de-Miró_page-0001-1086x1536.jpg 1086w, https://mont-roig.cat/wp-content/uploads/Cartell-centenari-quadre-La-Masia-de-Miró_page-0001-scaled.jpg 1448w" sizes="auto, (max-width: 250px) 100vw, 250px" /></a><strong>Conmemoración del centenario del cuadro &#8216;La Masia&#8217; de Joan Miró</strong></p>
<p>Empezado en Mont-roig en 1921 y terminado en París en 1922, el cuadro La Masía de Joan Miró tiene una importancia histórica monumental. Representa dos momentos claves en la vida del artista. En primer lugar, el cierre de su etapa figurativa y el nacimiento de su lenguaje único y universal. En segundo lugar, representa el momento en que el vínculo entre Miró y Mas Miró quedará grabado en la historia para siempre. Precisamente para destacar esta importancia, el Ayuntamiento de Mont-roig del Camp y la Fundació Mas Miró han impulsado el programa de actos <em>Cent anys inspirant</em>, que se alargará hasta final de año.</p>
<ul>
<li><a href="https://mont-roig.cat/wp-content/uploads/Llibret-centenari-ok-web.pdf" target="_blank" rel="noopener">Libreto programa de actos completo del centenario del cuadro La Masia</a></li>
</ul>
<p>&nbsp;</p>
<p>Este programa de actividades del centenario del cuadro tiene como objetivo remarcar la importancia del contexto social, paisajístico y sensorial de Mas Miró, generando una oportunidad única para conectar y entender mejor al artista y su paisaje emocional. A través de una treintena de actividades pedagógicas, participativas, multidisciplinares y virtuales se explorará el universo mironiano y todo lo que le rodea.</p>
<p>&nbsp;</p>

<p>Conmemoración del centenario del cuadro &#8216;La Masia&#8217; de Joan Miró Empezado en Mont-roig en 1921 y terminado en París en 1922, el cuadro La Masía de Joan Miró tiene una importancia histórica monumental. Representa dos momentos claves en la vida del artista. En primer lugar, el cierre de su etapa figurativa y el nacimiento de [&hellip;]</p>

<!-- This site is optimized with the Yoast SEO plugin v27.4 - https://yoast.com/product/yoast-seo-wordpress/ -->
<title>Centenario del cuadro La Masia de Joan Miró - Ajuntament de Mont-roig del Camp</title>
<meta name="robots" content="index, follow, max-snippet:-1, max-image-preview:large, max-video-preview:-1" />
<link rel="canonical" href="https://mont-roig.cat/es/centenario-del-cuadro-la-masia-de-joan-miro/" />
<meta property="og:locale" content="es_ES" />
<meta property="og:type" content="article" />
<meta property="og:title" content="Centenario del cuadro La Masia de Joan Miró - Ajuntament de Mont-roig del Camp" />
<meta property="og:description" content="Conmemoración del centenario del cuadro &#8216;La Masia&#8217; de Joan Miró Empezado en Mont-roig en 1921 y terminado en París en 1922, el cuadro La Masía de Joan Miró tiene una importancia histórica monumental. Representa dos momentos claves en la vida del artista. En primer lugar, el cierre de su etapa figurativa y el nacimiento de [&hellip;]" />
<meta property="og:url" content="https://mont-roig.cat/es/centenario-del-cuadro-la-masia-de-joan-miro/" />
<meta property="og:site_name" content="Ajuntament de Mont-roig del Camp" />
<meta property="article:modified_time" content="2022-04-26T07:57:25+00:00" />
<meta property="og:image" content="https://mont-roig.cat/wp-content/uploads/aj-mont-roig-2.jpg" />
	<meta property="og:image:width" content="1200" />
	<meta property="og:image:height" content="600" />
	<meta property="og:image:type" content="image/jpeg" />
<meta name="twitter:card" content="summary_large_image" />
<meta name="twitter:label1" content="Tiempo de lectura" />
	<meta name="twitter:data1" content="2 minutos" />
<script type="application/ld+json" class="yoast-schema-graph">{"@context":"https:\/\/schema.org","@graph":[{"@type":"WebPage","@id":"https:\/\/mont-roig.cat\/es\/centenario-del-cuadro-la-masia-de-joan-miro\/","url":"https:\/\/mont-roig.cat\/es\/centenario-del-cuadro-la-masia-de-joan-miro\/","name":"Centenario del cuadro La Masia de Joan Miró - Ajuntament de Mont-roig del Camp","isPartOf":{"@id":"https:\/\/mont-roig.cat\/es\/#website"},"datePublished":"2022-04-07T12:37:04+00:00","dateModified":"2022-04-26T07:57:25+00:00","breadcrumb":{"@id":"https:\/\/mont-roig.cat\/es\/centenario-del-cuadro-la-masia-de-joan-miro\/#breadcrumb"},"inLanguage":"es","potentialAction":[{"@type":"ReadAction","target":["https:\/\/mont-roig.cat\/es\/centenario-del-cuadro-la-masia-de-joan-miro\/"]}]},{"@type":"BreadcrumbList","@id":"https:\/\/mont-roig.cat\/es\/centenario-del-cuadro-la-masia-de-joan-miro\/#breadcrumb","itemListElement":[{"@type":"ListItem","position":1,"name":"Inici","item":"https:\/\/mont-roig.cat\/es\/pagina-de-inicio\/"},{"@type":"ListItem","position":2,"name":"Centenario del cuadro La Masia de Joan Miró"}]},{"@type":"WebSite","@id":"https:\/\/mont-roig.cat\/es\/#website","url":"https:\/\/mont-roig.cat\/es\/","name":"Ajuntament de Mont-roig del Camp","description":"Tota la informació sobre la institució, els seus òrgans de govern, actualitat, serveis i molt més.","potentialAction":[{"@type":"SearchAction","target":{"@type":"EntryPoint","urlTemplate":"https:\/\/mont-roig.cat\/es\/?s={search_term_string}"},"query-input":{"@type":"PropertyValueSpecification","valueRequired":true,"valueName":"search_term_string"}}],"inLanguage":"es"}]}</script>
<!-- / Yoast SEO plugin. -->

Centenario del cuadro La Masia de Joan Miró - Ajuntament de Mont-roig del Camp

Conmemoración del centenario del cuadro &#8216;La Masia&#8217; de Joan Miró Empezado en Mont-roig en 1921 y terminado en París en 1922, el cuadro La Masía de Joan Miró tiene una importancia histórica monumental. Representa dos momentos claves en la vida del artista. En primer lugar, el cierre de su etapa figurativa y el nacimiento de [&hellip;]

Tota la informació sobre la institució, els seus òrgans de govern, actualitat, serveis i molt més.
