{"id":69263,"date":"2023-03-15T08:51:39","date_gmt":"2023-03-15T07:51:39","guid":{"rendered":"https:\/\/mont-roig.cat\/?page_id=69263"},"modified":"2025-05-23T14:35:50","modified_gmt":"2025-05-23T12:35:50","slug":"constitucion-y-organizacion-ayuntamiento","status":"publish","type":"page","link":"https:\/\/mont-roig.cat\/es\/govern-obert\/transparencia\/constitucion-y-organizacion-ayuntamiento\/","title":{"rendered":"Constituci\u00f3n y organizaci\u00f3n Ayuntamiento"},"content":{"rendered":"<div class=\"wpb-content-wrapper\">[vc_row][vc_column][vc_column_text css=&#8221;&#8221;]<strong>MANDATOS CORPORATIVOS:<\/strong><\/p>\n<p>Puede encontrar la informaci\u00f3n relativa a la organizaci\u00f3n municipal de los mandatos en este <a href=\"https:\/\/www.seu-e.cat\/es\/web\/mont-roigdelcamp\/govern-obert-i-transparencia\/informacio-institucional-i-organitzativa\/organitzacio-politica-i-retribucions\/cartipas-organitzacio-politica\" target=\"_blank\" rel=\"noopener\">enlace<\/a>.[\/vc_column_text][\/vc_column][\/vc_row][vc_row][vc_column][\/vc_column][\/vc_row]\n<\/div>","protected":false},"excerpt":{"rendered":"<p>[vc_row][vc_column][vc_column_text css=&#8221;&#8221;]MANDATOS CORPORATIVOS: Puede encontrar la informaci\u00f3n relativa a la organizaci\u00f3n municipal de los mandatos en este enlace.[\/vc_column_text][\/vc_column][\/vc_row][vc_row][vc_column][\/vc_column][\/vc_row]<\/p>\n","protected":false},"author":13,"featured_media":0,"parent":4265,"menu_order":0,"comment_status":"closed","ping_status":"closed","template":"","meta":{"inline_featured_image":false,"_monsterinsights_skip_tracking":false,"_monsterinsights_sitenote_active":false,"_monsterinsights_sitenote_note":"","_monsterinsights_sitenote_category":0,"footnotes":""},"class_list":["post-69263","page","type-page","status-publish","hentry"],"yoast_head":"<!-- This site is optimized with the Yoast SEO plugin v27.4 - https:\/\/yoast.com\/product\/yoast-seo-wordpress\/ -->\n<title>Constituci\u00f3n y organizaci\u00f3n Ayuntamiento - Ajuntament de Mont-roig del Camp<\/title>\n<meta name=\"robots\" content=\"index, follow, max-snippet:-1, max-image-preview:large, max-video-preview:-1\" \/>\n<link rel=\"canonical\" href=\"https:\/\/mont-roig.cat\/es\/govern-obert\/transparencia\/constitucion-y-organizacion-ayuntamiento\/\" \/>\n<meta property=\"og:locale\" content=\"es_ES\" \/>\n<meta property=\"og:type\" content=\"article\" \/>\n<meta property=\"og:title\" content=\"Constituci\u00f3n y organizaci\u00f3n Ayuntamiento - Ajuntament de Mont-roig del Camp\" \/>\n<meta property=\"og:description\" content=\"[vc_row][vc_column][vc_column_text css=&#8221;&#8221;]MANDATOS CORPORATIVOS: Puede encontrar la informaci\u00f3n relativa a la organizaci\u00f3n municipal de los mandatos en este enlace.[\/vc_column_text][\/vc_column][\/vc_row][vc_row][vc_column][\/vc_column][\/vc_row]\" \/>\n<meta property=\"og:url\" content=\"https:\/\/mont-roig.cat\/es\/govern-obert\/transparencia\/constitucion-y-organizacion-ayuntamiento\/\" \/>\n<meta property=\"og:site_name\" content=\"Ajuntament de Mont-roig del Camp\" \/>\n<meta property=\"article:modified_time\" content=\"2025-05-23T12:35:50+00:00\" \/>\n<meta property=\"og:image\" content=\"https:\/\/mont-roig.cat\/wp-content\/uploads\/aj-mont-roig-2.jpg\" \/>\n\t<meta property=\"og:image:width\" content=\"1200\" \/>\n\t<meta property=\"og:image:height\" content=\"600\" \/>\n\t<meta property=\"og:image:type\" content=\"image\/jpeg\" \/>\n<meta name=\"twitter:card\" content=\"summary_large_image\" \/>\n<meta name=\"twitter:label1\" content=\"Tiempo de lectura\" \/>\n\t<meta name=\"twitter:data1\" content=\"1 minuto\" \/>\n<script type=\"application\/ld+json\" class=\"yoast-schema-graph\">{\"@context\":\"https:\\\/\\\/schema.org\",\"@graph\":[{\"@type\":\"WebPage\",\"@id\":\"https:\\\/\\\/mont-roig.cat\\\/es\\\/govern-obert\\\/transparencia\\\/constitucion-y-organizacion-ayuntamiento\\\/\",\"url\":\"https:\\\/\\\/mont-roig.cat\\\/es\\\/govern-obert\\\/transparencia\\\/constitucion-y-organizacion-ayuntamiento\\\/\",\"name\":\"Constituci\u00f3n y organizaci\u00f3n Ayuntamiento - Ajuntament de Mont-roig del Camp\",\"isPartOf\":{\"@id\":\"https:\\\/\\\/mont-roig.cat\\\/es\\\/#website\"},\"datePublished\":\"2023-03-15T07:51:39+00:00\",\"dateModified\":\"2025-05-23T12:35:50+00:00\",\"breadcrumb\":{\"@id\":\"https:\\\/\\\/mont-roig.cat\\\/es\\\/govern-obert\\\/transparencia\\\/constitucion-y-organizacion-ayuntamiento\\\/#breadcrumb\"},\"inLanguage\":\"es\",\"potentialAction\":[{\"@type\":\"ReadAction\",\"target\":[\"https:\\\/\\\/mont-roig.cat\\\/es\\\/govern-obert\\\/transparencia\\\/constitucion-y-organizacion-ayuntamiento\\\/\"]}]},{\"@type\":\"BreadcrumbList\",\"@id\":\"https:\\\/\\\/mont-roig.cat\\\/es\\\/govern-obert\\\/transparencia\\\/constitucion-y-organizacion-ayuntamiento\\\/#breadcrumb\",\"itemListElement\":[{\"@type\":\"ListItem\",\"position\":1,\"name\":\"Inici\",\"item\":\"https:\\\/\\\/mont-roig.cat\\\/es\\\/pagina-de-inicio\\\/\"},{\"@type\":\"ListItem\",\"position\":2,\"name\":\"Gobierno abierto\",\"item\":\"https:\\\/\\\/mont-roig.cat\\\/es\\\/govern-obert\\\/\"},{\"@type\":\"ListItem\",\"position\":3,\"name\":\"Transparencia\",\"item\":\"https:\\\/\\\/mont-roig.cat\\\/es\\\/govern-obert\\\/transparencia\\\/\"},{\"@type\":\"ListItem\",\"position\":4,\"name\":\"Constituci\u00f3n y organizaci\u00f3n Ayuntamiento\"}]},{\"@type\":\"WebSite\",\"@id\":\"https:\\\/\\\/mont-roig.cat\\\/es\\\/#website\",\"url\":\"https:\\\/\\\/mont-roig.cat\\\/es\\\/\",\"name\":\"Ajuntament de Mont-roig del Camp\",\"description\":\"Tota la informaci\u00f3 sobre la instituci\u00f3, els seus \u00f2rgans de govern, actualitat, serveis i molt m\u00e9s.\",\"potentialAction\":[{\"@type\":\"SearchAction\",\"target\":{\"@type\":\"EntryPoint\",\"urlTemplate\":\"https:\\\/\\\/mont-roig.cat\\\/es\\\/?s={search_term_string}\"},\"query-input\":{\"@type\":\"PropertyValueSpecification\",\"valueRequired\":true,\"valueName\":\"search_term_string\"}}],\"inLanguage\":\"es\"}]}<\/script>\n<!-- \/ Yoast SEO plugin. -->","yoast_head_json":{"title":"Constituci\u00f3n y organizaci\u00f3n Ayuntamiento - Ajuntament de Mont-roig del Camp","robots":{"index":"index","follow":"follow","max-snippet":"max-snippet:-1","max-image-preview":"max-image-preview:large","max-video-preview":"max-video-preview:-1"},"canonical":"https:\/\/mont-roig.cat\/es\/govern-obert\/transparencia\/constitucion-y-organizacion-ayuntamiento\/","og_locale":"es_ES","og_type":"article","og_title":"Constituci\u00f3n y organizaci\u00f3n Ayuntamiento - Ajuntament de Mont-roig del Camp","og_description":"[vc_row][vc_column][vc_column_text css=&#8221;&#8221;]MANDATOS CORPORATIVOS: Puede encontrar la informaci\u00f3n relativa a la organizaci\u00f3n municipal de los mandatos en este enlace.[\/vc_column_text][\/vc_column][\/vc_row][vc_row][vc_column][\/vc_column][\/vc_row]","og_url":"https:\/\/mont-roig.cat\/es\/govern-obert\/transparencia\/constitucion-y-organizacion-ayuntamiento\/","og_site_name":"Ajuntament de Mont-roig del Camp","article_modified_time":"2025-05-23T12:35:50+00:00","og_image":[{"width":1200,"height":600,"url":"https:\/\/mont-roig.cat\/wp-content\/uploads\/aj-mont-roig-2.jpg","type":"image\/jpeg"}],"twitter_card":"summary_large_image","twitter_misc":{"Tiempo de lectura":"1 minuto"},"schema":{"@context":"https:\/\/schema.org","@graph":[{"@type":"WebPage","@id":"https:\/\/mont-roig.cat\/es\/govern-obert\/transparencia\/constitucion-y-organizacion-ayuntamiento\/","url":"https:\/\/mont-roig.cat\/es\/govern-obert\/transparencia\/constitucion-y-organizacion-ayuntamiento\/","name":"Constituci\u00f3n y organizaci\u00f3n Ayuntamiento - Ajuntament de Mont-roig del Camp","isPartOf":{"@id":"https:\/\/mont-roig.cat\/es\/#website"},"datePublished":"2023-03-15T07:51:39+00:00","dateModified":"2025-05-23T12:35:50+00:00","breadcrumb":{"@id":"https:\/\/mont-roig.cat\/es\/govern-obert\/transparencia\/constitucion-y-organizacion-ayuntamiento\/#breadcrumb"},"inLanguage":"es","potentialAction":[{"@type":"ReadAction","target":["https:\/\/mont-roig.cat\/es\/govern-obert\/transparencia\/constitucion-y-organizacion-ayuntamiento\/"]}]},{"@type":"BreadcrumbList","@id":"https:\/\/mont-roig.cat\/es\/govern-obert\/transparencia\/constitucion-y-organizacion-ayuntamiento\/#breadcrumb","itemListElement":[{"@type":"ListItem","position":1,"name":"Inici","item":"https:\/\/mont-roig.cat\/es\/pagina-de-inicio\/"},{"@type":"ListItem","position":2,"name":"Gobierno abierto","item":"https:\/\/mont-roig.cat\/es\/govern-obert\/"},{"@type":"ListItem","position":3,"name":"Transparencia","item":"https:\/\/mont-roig.cat\/es\/govern-obert\/transparencia\/"},{"@type":"ListItem","position":4,"name":"Constituci\u00f3n y organizaci\u00f3n Ayuntamiento"}]},{"@type":"WebSite","@id":"https:\/\/mont-roig.cat\/es\/#website","url":"https:\/\/mont-roig.cat\/es\/","name":"Ajuntament de Mont-roig del Camp","description":"Tota la informaci\u00f3 sobre la instituci\u00f3, els seus \u00f2rgans de govern, actualitat, serveis i molt m\u00e9s.","potentialAction":[{"@type":"SearchAction","target":{"@type":"EntryPoint","urlTemplate":"https:\/\/mont-roig.cat\/es\/?s={search_term_string}"},"query-input":{"@type":"PropertyValueSpecification","valueRequired":true,"valueName":"search_term_string"}}],"inLanguage":"es"}]}},"_links":{"self":[{"href":"https:\/\/mont-roig.cat\/es\/wp-json\/wp\/v2\/pages\/69263","targetHints":{"allow":["GET"]}}],"collection":[{"href":"https:\/\/mont-roig.cat\/es\/wp-json\/wp\/v2\/pages"}],"about":[{"href":"https:\/\/mont-roig.cat\/es\/wp-json\/wp\/v2\/types\/page"}],"author":[{"embeddable":true,"href":"https:\/\/mont-roig.cat\/es\/wp-json\/wp\/v2\/users\/13"}],"replies":[{"embeddable":true,"href":"https:\/\/mont-roig.cat\/es\/wp-json\/wp\/v2\/comments?post=69263"}],"version-history":[{"count":13,"href":"https:\/\/mont-roig.cat\/es\/wp-json\/wp\/v2\/pages\/69263\/revisions"}],"predecessor-version":[{"id":83376,"href":"https:\/\/mont-roig.cat\/es\/wp-json\/wp\/v2\/pages\/69263\/revisions\/83376"}],"up":[{"embeddable":true,"href":"https:\/\/mont-roig.cat\/es\/wp-json\/wp\/v2\/pages\/4265"}],"wp:attachment":[{"href":"https:\/\/mont-roig.cat\/es\/wp-json\/wp\/v2\/media?parent=69263"}],"curies":[{"name":"wp","href":"https:\/\/api.w.org\/{rel}","templated":true}]}}

Constitución y organización Ayuntamiento

<div class="wpb-content-wrapper">[vc_row][vc_column][vc_column_text css=&#8221;&#8221;]<strong>MANDATOS CORPORATIVOS:</strong></p>
<p>Puede encontrar la información relativa a la organización municipal de los mandatos en este <a href="https://www.seu-e.cat/es/web/mont-roigdelcamp/govern-obert-i-transparencia/informacio-institucional-i-organitzativa/organitzacio-politica-i-retribucions/cartipas-organitzacio-politica" target="_blank" rel="noopener">enlace</a>.[/vc_column_text][/vc_column][/vc_row][vc_row][vc_column][/vc_column][/vc_row]
</div>

<p>[vc_row][vc_column][vc_column_text css=&#8221;&#8221;]MANDATOS CORPORATIVOS: Puede encontrar la información relativa a la organización municipal de los mandatos en este enlace.[/vc_column_text][/vc_column][/vc_row][vc_row][vc_column][/vc_column][/vc_row]</p>

<!-- This site is optimized with the Yoast SEO plugin v27.4 - https://yoast.com/product/yoast-seo-wordpress/ -->
<title>Constitución y organización Ayuntamiento - Ajuntament de Mont-roig del Camp</title>
<meta name="robots" content="index, follow, max-snippet:-1, max-image-preview:large, max-video-preview:-1" />
<link rel="canonical" href="https://mont-roig.cat/es/govern-obert/transparencia/constitucion-y-organizacion-ayuntamiento/" />
<meta property="og:locale" content="es_ES" />
<meta property="og:type" content="article" />
<meta property="og:title" content="Constitución y organización Ayuntamiento - Ajuntament de Mont-roig del Camp" />
<meta property="og:description" content="[vc_row][vc_column][vc_column_text css=&#8221;&#8221;]MANDATOS CORPORATIVOS: Puede encontrar la información relativa a la organización municipal de los mandatos en este enlace.[/vc_column_text][/vc_column][/vc_row][vc_row][vc_column][/vc_column][/vc_row]" />
<meta property="og:url" content="https://mont-roig.cat/es/govern-obert/transparencia/constitucion-y-organizacion-ayuntamiento/" />
<meta property="og:site_name" content="Ajuntament de Mont-roig del Camp" />
<meta property="article:modified_time" content="2025-05-23T12:35:50+00:00" />
<meta property="og:image" content="https://mont-roig.cat/wp-content/uploads/aj-mont-roig-2.jpg" />
	<meta property="og:image:width" content="1200" />
	<meta property="og:image:height" content="600" />
	<meta property="og:image:type" content="image/jpeg" />
<meta name="twitter:card" content="summary_large_image" />
<meta name="twitter:label1" content="Tiempo de lectura" />
	<meta name="twitter:data1" content="1 minuto" />
<script type="application/ld+json" class="yoast-schema-graph">{"@context":"https:\/\/schema.org","@graph":[{"@type":"WebPage","@id":"https:\/\/mont-roig.cat\/es\/govern-obert\/transparencia\/constitucion-y-organizacion-ayuntamiento\/","url":"https:\/\/mont-roig.cat\/es\/govern-obert\/transparencia\/constitucion-y-organizacion-ayuntamiento\/","name":"Constitución y organización Ayuntamiento - Ajuntament de Mont-roig del Camp","isPartOf":{"@id":"https:\/\/mont-roig.cat\/es\/#website"},"datePublished":"2023-03-15T07:51:39+00:00","dateModified":"2025-05-23T12:35:50+00:00","breadcrumb":{"@id":"https:\/\/mont-roig.cat\/es\/govern-obert\/transparencia\/constitucion-y-organizacion-ayuntamiento\/#breadcrumb"},"inLanguage":"es","potentialAction":[{"@type":"ReadAction","target":["https:\/\/mont-roig.cat\/es\/govern-obert\/transparencia\/constitucion-y-organizacion-ayuntamiento\/"]}]},{"@type":"BreadcrumbList","@id":"https:\/\/mont-roig.cat\/es\/govern-obert\/transparencia\/constitucion-y-organizacion-ayuntamiento\/#breadcrumb","itemListElement":[{"@type":"ListItem","position":1,"name":"Inici","item":"https:\/\/mont-roig.cat\/es\/pagina-de-inicio\/"},{"@type":"ListItem","position":2,"name":"Gobierno abierto","item":"https:\/\/mont-roig.cat\/es\/govern-obert\/"},{"@type":"ListItem","position":3,"name":"Transparencia","item":"https:\/\/mont-roig.cat\/es\/govern-obert\/transparencia\/"},{"@type":"ListItem","position":4,"name":"Constitución y organización Ayuntamiento"}]},{"@type":"WebSite","@id":"https:\/\/mont-roig.cat\/es\/#website","url":"https:\/\/mont-roig.cat\/es\/","name":"Ajuntament de Mont-roig del Camp","description":"Tota la informació sobre la institució, els seus òrgans de govern, actualitat, serveis i molt més.","potentialAction":[{"@type":"SearchAction","target":{"@type":"EntryPoint","urlTemplate":"https:\/\/mont-roig.cat\/es\/?s={search_term_string}"},"query-input":{"@type":"PropertyValueSpecification","valueRequired":true,"valueName":"search_term_string"}}],"inLanguage":"es"}]}</script>
<!-- / Yoast SEO plugin. -->

Constitución y organización Ayuntamiento - Ajuntament de Mont-roig del Camp

[vc_row][vc_column][vc_column_text css=&#8221;&#8221;]MANDATOS CORPORATIVOS: Puede encontrar la información relativa a la organización municipal de los mandatos en este enlace.[/vc_column_text][/vc_column][/vc_row][vc_row][vc_column][/vc_column][/vc_row]

Tota la informació sobre la institució, els seus òrgans de govern, actualitat, serveis i molt més.
