{"id":72475,"date":"2023-09-22T11:48:34","date_gmt":"2023-09-22T09:48:34","guid":{"rendered":"https:\/\/mont-roig.cat\/?page_id=72475"},"modified":"2026-03-03T10:11:18","modified_gmt":"2026-03-03T09:11:18","slug":"miguel-del-viso-romanos","status":"publish","type":"page","link":"https:\/\/mont-roig.cat\/es\/miguel-del-viso-romanos\/","title":{"rendered":"Miguel del Viso Romanos"},"content":{"rendered":"<div class=\"wpb-content-wrapper\">[vc_row][vc_column][vc_column_text css=&#8221;&#8221;]<a href=\"https:\/\/mont-roig.cat\/wp-content\/uploads\/Miguel-del-Viso.jpg\"><img loading=\"lazy\" decoding=\"async\" class=\"alignright wp-image-70936\" src=\"https:\/\/mont-roig.cat\/wp-content\/uploads\/Miguel-del-Viso-500x500.jpg\" alt=\"\" width=\"250\" height=\"250\" \/><\/a>Miguel de Viso Romanos naci\u00f3 en Mont-roig del Camp en el a\u00f1o 90. Ha estado toda la vida trabajando en un negocio local de Miami Platja que fundaron sus abuelos hacia los a\u00f1os 60 o 70. Hizo estudios de ingenier\u00eda, sin embargo, hizo el cambio a ADE, especializ\u00e1ndose con dos m\u00e1steres de finanzas y posteriormente con otro m\u00e1ster de matem\u00e1ticas. En cuanto a la trayectoria profesional trabaj\u00f3 en Nostreserveis en el departamento de contabilidad. M\u00e1s adelante, dej\u00f3 ese cargo para dedicar su carrera a la docencia. Desde hace dos a\u00f1os, pues, ejerce como profesor de secundaria y bachillerato de Matem\u00e1ticas y econom\u00eda. Seg\u00fan sus propias palabras &#8220;me gusta ayudar a la gente, y \u00e9ste ha sido el camino en el que he continuado trabajando con adolescentes y ayud\u00e1ndoles en esta etapa tan dif\u00edcil&#8221;. Tiene como aficiones la pesca, tocar el piano, leer y escribir, y sobre todo viajar. En este nuevo mandato 2023-2027, se estrena como concejal del gobierno municipal con la concejal\u00eda de Mobilidad sostenible, Fiestas y Deportes.<\/p>\n<p>&nbsp;<\/p>\n<p>Puede consultar el documento de declaraci\u00f3n de Actividades y Bienes de Miguel del Viso Romanos en este enlace:<\/p>\n<p><a href=\"https:\/\/mont-roig.cat\/wp-content\/uploads\/Declaracio-dActivitats-i-Bens-Miguel-del-Viso.pdf\" target=\"_blank\" rel=\"noopener\">Declaraci\u00f3n de Actividades y Bienes-Miguel del Viso<\/a><\/p>\n<p>Retribuci\u00f3n anual: 33.000 \u20ac (dedicaci\u00f3n 75%) para la legislatura 2023-2027.[\/vc_column_text][\/vc_column][\/vc_row]\n<\/div>","protected":false},"excerpt":{"rendered":"<p>[vc_row][vc_column][vc_column_text css=&#8221;&#8221;]Miguel de Viso Romanos naci\u00f3 en Mont-roig del Camp en el a\u00f1o 90. Ha estado toda la vida trabajando en un negocio local de Miami Platja que fundaron sus abuelos hacia los a\u00f1os 60 o 70. Hizo estudios de ingenier\u00eda, sin embargo, hizo el cambio a ADE, especializ\u00e1ndose con dos m\u00e1steres de finanzas y [&hellip;]<\/p>\n","protected":false},"author":13,"featured_media":0,"parent":0,"menu_order":0,"comment_status":"closed","ping_status":"closed","template":"","meta":{"inline_featured_image":false,"_monsterinsights_skip_tracking":false,"_monsterinsights_sitenote_active":false,"_monsterinsights_sitenote_note":"","_monsterinsights_sitenote_category":0,"footnotes":""},"class_list":["post-72475","page","type-page","status-publish","hentry"],"yoast_head":"<!-- This site is optimized with the Yoast SEO plugin v27.4 - https:\/\/yoast.com\/product\/yoast-seo-wordpress\/ -->\n<title>Miguel del Viso Romanos - Ajuntament de Mont-roig del Camp<\/title>\n<meta name=\"robots\" content=\"index, follow, max-snippet:-1, max-image-preview:large, max-video-preview:-1\" \/>\n<link rel=\"canonical\" href=\"https:\/\/mont-roig.cat\/es\/miguel-del-viso-romanos\/\" \/>\n<meta property=\"og:locale\" content=\"es_ES\" \/>\n<meta property=\"og:type\" content=\"article\" \/>\n<meta property=\"og:title\" content=\"Miguel del Viso Romanos - Ajuntament de Mont-roig del Camp\" \/>\n<meta property=\"og:description\" content=\"[vc_row][vc_column][vc_column_text css=&#8221;&#8221;]Miguel de Viso Romanos naci\u00f3 en Mont-roig del Camp en el a\u00f1o 90. Ha estado toda la vida trabajando en un negocio local de Miami Platja que fundaron sus abuelos hacia los a\u00f1os 60 o 70. Hizo estudios de ingenier\u00eda, sin embargo, hizo el cambio a ADE, especializ\u00e1ndose con dos m\u00e1steres de finanzas y [&hellip;]\" \/>\n<meta property=\"og:url\" content=\"https:\/\/mont-roig.cat\/es\/miguel-del-viso-romanos\/\" \/>\n<meta property=\"og:site_name\" content=\"Ajuntament de Mont-roig del Camp\" \/>\n<meta property=\"article:modified_time\" content=\"2026-03-03T09:11:18+00:00\" \/>\n<meta property=\"og:image\" content=\"https:\/\/mont-roig.cat\/wp-content\/uploads\/aj-mont-roig-2.jpg\" \/>\n\t<meta property=\"og:image:width\" content=\"1200\" \/>\n\t<meta property=\"og:image:height\" content=\"600\" \/>\n\t<meta property=\"og:image:type\" content=\"image\/jpeg\" \/>\n<meta name=\"twitter:card\" content=\"summary_large_image\" \/>\n<meta name=\"twitter:label1\" content=\"Tiempo de lectura\" \/>\n\t<meta name=\"twitter:data1\" content=\"2 minutos\" \/>\n<script type=\"application\/ld+json\" class=\"yoast-schema-graph\">{\"@context\":\"https:\\\/\\\/schema.org\",\"@graph\":[{\"@type\":\"WebPage\",\"@id\":\"https:\\\/\\\/mont-roig.cat\\\/es\\\/miguel-del-viso-romanos\\\/\",\"url\":\"https:\\\/\\\/mont-roig.cat\\\/es\\\/miguel-del-viso-romanos\\\/\",\"name\":\"Miguel del Viso Romanos - Ajuntament de Mont-roig del Camp\",\"isPartOf\":{\"@id\":\"https:\\\/\\\/mont-roig.cat\\\/es\\\/#website\"},\"primaryImageOfPage\":{\"@id\":\"https:\\\/\\\/mont-roig.cat\\\/es\\\/miguel-del-viso-romanos\\\/#primaryimage\"},\"image\":{\"@id\":\"https:\\\/\\\/mont-roig.cat\\\/es\\\/miguel-del-viso-romanos\\\/#primaryimage\"},\"thumbnailUrl\":\"https:\\\/\\\/mont-roig.cat\\\/wp-content\\\/uploads\\\/Miguel-del-Viso-500x500.jpg\",\"datePublished\":\"2023-09-22T09:48:34+00:00\",\"dateModified\":\"2026-03-03T09:11:18+00:00\",\"breadcrumb\":{\"@id\":\"https:\\\/\\\/mont-roig.cat\\\/es\\\/miguel-del-viso-romanos\\\/#breadcrumb\"},\"inLanguage\":\"es\",\"potentialAction\":[{\"@type\":\"ReadAction\",\"target\":[\"https:\\\/\\\/mont-roig.cat\\\/es\\\/miguel-del-viso-romanos\\\/\"]}]},{\"@type\":\"ImageObject\",\"inLanguage\":\"es\",\"@id\":\"https:\\\/\\\/mont-roig.cat\\\/es\\\/miguel-del-viso-romanos\\\/#primaryimage\",\"url\":\"https:\\\/\\\/mont-roig.cat\\\/wp-content\\\/uploads\\\/Miguel-del-Viso-500x500.jpg\",\"contentUrl\":\"https:\\\/\\\/mont-roig.cat\\\/wp-content\\\/uploads\\\/Miguel-del-Viso-500x500.jpg\"},{\"@type\":\"BreadcrumbList\",\"@id\":\"https:\\\/\\\/mont-roig.cat\\\/es\\\/miguel-del-viso-romanos\\\/#breadcrumb\",\"itemListElement\":[{\"@type\":\"ListItem\",\"position\":1,\"name\":\"Inici\",\"item\":\"https:\\\/\\\/mont-roig.cat\\\/es\\\/pagina-de-inicio\\\/\"},{\"@type\":\"ListItem\",\"position\":2,\"name\":\"Miguel del Viso Romanos\"}]},{\"@type\":\"WebSite\",\"@id\":\"https:\\\/\\\/mont-roig.cat\\\/es\\\/#website\",\"url\":\"https:\\\/\\\/mont-roig.cat\\\/es\\\/\",\"name\":\"Ajuntament de Mont-roig del Camp\",\"description\":\"Tota la informaci\u00f3 sobre la instituci\u00f3, els seus \u00f2rgans de govern, actualitat, serveis i molt m\u00e9s.\",\"potentialAction\":[{\"@type\":\"SearchAction\",\"target\":{\"@type\":\"EntryPoint\",\"urlTemplate\":\"https:\\\/\\\/mont-roig.cat\\\/es\\\/?s={search_term_string}\"},\"query-input\":{\"@type\":\"PropertyValueSpecification\",\"valueRequired\":true,\"valueName\":\"search_term_string\"}}],\"inLanguage\":\"es\"}]}<\/script>\n<!-- \/ Yoast SEO plugin. -->","yoast_head_json":{"title":"Miguel del Viso Romanos - Ajuntament de Mont-roig del Camp","robots":{"index":"index","follow":"follow","max-snippet":"max-snippet:-1","max-image-preview":"max-image-preview:large","max-video-preview":"max-video-preview:-1"},"canonical":"https:\/\/mont-roig.cat\/es\/miguel-del-viso-romanos\/","og_locale":"es_ES","og_type":"article","og_title":"Miguel del Viso Romanos - Ajuntament de Mont-roig del Camp","og_description":"[vc_row][vc_column][vc_column_text css=&#8221;&#8221;]Miguel de Viso Romanos naci\u00f3 en Mont-roig del Camp en el a\u00f1o 90. Ha estado toda la vida trabajando en un negocio local de Miami Platja que fundaron sus abuelos hacia los a\u00f1os 60 o 70. Hizo estudios de ingenier\u00eda, sin embargo, hizo el cambio a ADE, especializ\u00e1ndose con dos m\u00e1steres de finanzas y [&hellip;]","og_url":"https:\/\/mont-roig.cat\/es\/miguel-del-viso-romanos\/","og_site_name":"Ajuntament de Mont-roig del Camp","article_modified_time":"2026-03-03T09:11:18+00:00","og_image":[{"width":1200,"height":600,"url":"https:\/\/mont-roig.cat\/wp-content\/uploads\/aj-mont-roig-2.jpg","type":"image\/jpeg"}],"twitter_card":"summary_large_image","twitter_misc":{"Tiempo de lectura":"2 minutos"},"schema":{"@context":"https:\/\/schema.org","@graph":[{"@type":"WebPage","@id":"https:\/\/mont-roig.cat\/es\/miguel-del-viso-romanos\/","url":"https:\/\/mont-roig.cat\/es\/miguel-del-viso-romanos\/","name":"Miguel del Viso Romanos - Ajuntament de Mont-roig del Camp","isPartOf":{"@id":"https:\/\/mont-roig.cat\/es\/#website"},"primaryImageOfPage":{"@id":"https:\/\/mont-roig.cat\/es\/miguel-del-viso-romanos\/#primaryimage"},"image":{"@id":"https:\/\/mont-roig.cat\/es\/miguel-del-viso-romanos\/#primaryimage"},"thumbnailUrl":"https:\/\/mont-roig.cat\/wp-content\/uploads\/Miguel-del-Viso-500x500.jpg","datePublished":"2023-09-22T09:48:34+00:00","dateModified":"2026-03-03T09:11:18+00:00","breadcrumb":{"@id":"https:\/\/mont-roig.cat\/es\/miguel-del-viso-romanos\/#breadcrumb"},"inLanguage":"es","potentialAction":[{"@type":"ReadAction","target":["https:\/\/mont-roig.cat\/es\/miguel-del-viso-romanos\/"]}]},{"@type":"ImageObject","inLanguage":"es","@id":"https:\/\/mont-roig.cat\/es\/miguel-del-viso-romanos\/#primaryimage","url":"https:\/\/mont-roig.cat\/wp-content\/uploads\/Miguel-del-Viso-500x500.jpg","contentUrl":"https:\/\/mont-roig.cat\/wp-content\/uploads\/Miguel-del-Viso-500x500.jpg"},{"@type":"BreadcrumbList","@id":"https:\/\/mont-roig.cat\/es\/miguel-del-viso-romanos\/#breadcrumb","itemListElement":[{"@type":"ListItem","position":1,"name":"Inici","item":"https:\/\/mont-roig.cat\/es\/pagina-de-inicio\/"},{"@type":"ListItem","position":2,"name":"Miguel del Viso Romanos"}]},{"@type":"WebSite","@id":"https:\/\/mont-roig.cat\/es\/#website","url":"https:\/\/mont-roig.cat\/es\/","name":"Ajuntament de Mont-roig del Camp","description":"Tota la informaci\u00f3 sobre la instituci\u00f3, els seus \u00f2rgans de govern, actualitat, serveis i molt m\u00e9s.","potentialAction":[{"@type":"SearchAction","target":{"@type":"EntryPoint","urlTemplate":"https:\/\/mont-roig.cat\/es\/?s={search_term_string}"},"query-input":{"@type":"PropertyValueSpecification","valueRequired":true,"valueName":"search_term_string"}}],"inLanguage":"es"}]}},"_links":{"self":[{"href":"https:\/\/mont-roig.cat\/es\/wp-json\/wp\/v2\/pages\/72475","targetHints":{"allow":["GET"]}}],"collection":[{"href":"https:\/\/mont-roig.cat\/es\/wp-json\/wp\/v2\/pages"}],"about":[{"href":"https:\/\/mont-roig.cat\/es\/wp-json\/wp\/v2\/types\/page"}],"author":[{"embeddable":true,"href":"https:\/\/mont-roig.cat\/es\/wp-json\/wp\/v2\/users\/13"}],"replies":[{"embeddable":true,"href":"https:\/\/mont-roig.cat\/es\/wp-json\/wp\/v2\/comments?post=72475"}],"version-history":[{"count":5,"href":"https:\/\/mont-roig.cat\/es\/wp-json\/wp\/v2\/pages\/72475\/revisions"}],"predecessor-version":[{"id":89730,"href":"https:\/\/mont-roig.cat\/es\/wp-json\/wp\/v2\/pages\/72475\/revisions\/89730"}],"wp:attachment":[{"href":"https:\/\/mont-roig.cat\/es\/wp-json\/wp\/v2\/media?parent=72475"}],"curies":[{"name":"wp","href":"https:\/\/api.w.org\/{rel}","templated":true}]}}

<div class="wpb-content-wrapper">[vc_row][vc_column][vc_column_text css=&#8221;&#8221;]<a href="https://mont-roig.cat/wp-content/uploads/Miguel-del-Viso.jpg"><img loading="lazy" decoding="async" class="alignright wp-image-70936" src="https://mont-roig.cat/wp-content/uploads/Miguel-del-Viso-500x500.jpg" alt="" width="250" height="250" /></a>Miguel de Viso Romanos nació en Mont-roig del Camp en el año 90. Ha estado toda la vida trabajando en un negocio local de Miami Platja que fundaron sus abuelos hacia los años 60 o 70. Hizo estudios de ingeniería, sin embargo, hizo el cambio a ADE, especializándose con dos másteres de finanzas y posteriormente con otro máster de matemáticas. En cuanto a la trayectoria profesional trabajó en Nostreserveis en el departamento de contabilidad. Más adelante, dejó ese cargo para dedicar su carrera a la docencia. Desde hace dos años, pues, ejerce como profesor de secundaria y bachillerato de Matemáticas y economía. Según sus propias palabras &#8220;me gusta ayudar a la gente, y éste ha sido el camino en el que he continuado trabajando con adolescentes y ayudándoles en esta etapa tan difícil&#8221;. Tiene como aficiones la pesca, tocar el piano, leer y escribir, y sobre todo viajar. En este nuevo mandato 2023-2027, se estrena como concejal del gobierno municipal con la concejalía de Mobilidad sostenible, Fiestas y Deportes.</p>
<p>&nbsp;</p>
<p>Puede consultar el documento de declaración de Actividades y Bienes de Miguel del Viso Romanos en este enlace:</p>
<p><a href="https://mont-roig.cat/wp-content/uploads/Declaracio-dActivitats-i-Bens-Miguel-del-Viso.pdf" target="_blank" rel="noopener">Declaración de Actividades y Bienes-Miguel del Viso</a></p>
<p>Retribución anual: 33.000 € (dedicación 75%) para la legislatura 2023-2027.[/vc_column_text][/vc_column][/vc_row]
</div>

<p>[vc_row][vc_column][vc_column_text css=&#8221;&#8221;]Miguel de Viso Romanos nació en Mont-roig del Camp en el año 90. Ha estado toda la vida trabajando en un negocio local de Miami Platja que fundaron sus abuelos hacia los años 60 o 70. Hizo estudios de ingeniería, sin embargo, hizo el cambio a ADE, especializándose con dos másteres de finanzas y [&hellip;]</p>

<!-- This site is optimized with the Yoast SEO plugin v27.4 - https://yoast.com/product/yoast-seo-wordpress/ -->
<title>Miguel del Viso Romanos - Ajuntament de Mont-roig del Camp</title>
<meta name="robots" content="index, follow, max-snippet:-1, max-image-preview:large, max-video-preview:-1" />
<link rel="canonical" href="https://mont-roig.cat/es/miguel-del-viso-romanos/" />
<meta property="og:locale" content="es_ES" />
<meta property="og:type" content="article" />
<meta property="og:title" content="Miguel del Viso Romanos - Ajuntament de Mont-roig del Camp" />
<meta property="og:description" content="[vc_row][vc_column][vc_column_text css=&#8221;&#8221;]Miguel de Viso Romanos nació en Mont-roig del Camp en el año 90. Ha estado toda la vida trabajando en un negocio local de Miami Platja que fundaron sus abuelos hacia los años 60 o 70. Hizo estudios de ingeniería, sin embargo, hizo el cambio a ADE, especializándose con dos másteres de finanzas y [&hellip;]" />
<meta property="og:url" content="https://mont-roig.cat/es/miguel-del-viso-romanos/" />
<meta property="og:site_name" content="Ajuntament de Mont-roig del Camp" />
<meta property="article:modified_time" content="2026-03-03T09:11:18+00:00" />
<meta property="og:image" content="https://mont-roig.cat/wp-content/uploads/aj-mont-roig-2.jpg" />
	<meta property="og:image:width" content="1200" />
	<meta property="og:image:height" content="600" />
	<meta property="og:image:type" content="image/jpeg" />
<meta name="twitter:card" content="summary_large_image" />
<meta name="twitter:label1" content="Tiempo de lectura" />
	<meta name="twitter:data1" content="2 minutos" />
<script type="application/ld+json" class="yoast-schema-graph">{"@context":"https:\/\/schema.org","@graph":[{"@type":"WebPage","@id":"https:\/\/mont-roig.cat\/es\/miguel-del-viso-romanos\/","url":"https:\/\/mont-roig.cat\/es\/miguel-del-viso-romanos\/","name":"Miguel del Viso Romanos - Ajuntament de Mont-roig del Camp","isPartOf":{"@id":"https:\/\/mont-roig.cat\/es\/#website"},"primaryImageOfPage":{"@id":"https:\/\/mont-roig.cat\/es\/miguel-del-viso-romanos\/#primaryimage"},"image":{"@id":"https:\/\/mont-roig.cat\/es\/miguel-del-viso-romanos\/#primaryimage"},"thumbnailUrl":"https:\/\/mont-roig.cat\/wp-content\/uploads\/Miguel-del-Viso-500x500.jpg","datePublished":"2023-09-22T09:48:34+00:00","dateModified":"2026-03-03T09:11:18+00:00","breadcrumb":{"@id":"https:\/\/mont-roig.cat\/es\/miguel-del-viso-romanos\/#breadcrumb"},"inLanguage":"es","potentialAction":[{"@type":"ReadAction","target":["https:\/\/mont-roig.cat\/es\/miguel-del-viso-romanos\/"]}]},{"@type":"ImageObject","inLanguage":"es","@id":"https:\/\/mont-roig.cat\/es\/miguel-del-viso-romanos\/#primaryimage","url":"https:\/\/mont-roig.cat\/wp-content\/uploads\/Miguel-del-Viso-500x500.jpg","contentUrl":"https:\/\/mont-roig.cat\/wp-content\/uploads\/Miguel-del-Viso-500x500.jpg"},{"@type":"BreadcrumbList","@id":"https:\/\/mont-roig.cat\/es\/miguel-del-viso-romanos\/#breadcrumb","itemListElement":[{"@type":"ListItem","position":1,"name":"Inici","item":"https:\/\/mont-roig.cat\/es\/pagina-de-inicio\/"},{"@type":"ListItem","position":2,"name":"Miguel del Viso Romanos"}]},{"@type":"WebSite","@id":"https:\/\/mont-roig.cat\/es\/#website","url":"https:\/\/mont-roig.cat\/es\/","name":"Ajuntament de Mont-roig del Camp","description":"Tota la informació sobre la institució, els seus òrgans de govern, actualitat, serveis i molt més.","potentialAction":[{"@type":"SearchAction","target":{"@type":"EntryPoint","urlTemplate":"https:\/\/mont-roig.cat\/es\/?s={search_term_string}"},"query-input":{"@type":"PropertyValueSpecification","valueRequired":true,"valueName":"search_term_string"}}],"inLanguage":"es"}]}</script>
<!-- / Yoast SEO plugin. -->

[vc_row][vc_column][vc_column_text css=&#8221;&#8221;]Miguel de Viso Romanos nació en Mont-roig del Camp en el año 90. Ha estado toda la vida trabajando en un negocio local de Miami Platja que fundaron sus abuelos hacia los años 60 o 70. Hizo estudios de ingeniería, sin embargo, hizo el cambio a ADE, especializándose con dos másteres de finanzas y [&hellip;]

Tota la informació sobre la institució, els seus òrgans de govern, actualitat, serveis i molt més.
