{"id":72485,"date":"2023-09-22T12:22:06","date_gmt":"2023-09-22T10:22:06","guid":{"rendered":"https:\/\/mont-roig.cat\/?page_id=72485"},"modified":"2026-03-03T10:03:43","modified_gmt":"2026-03-03T09:03:43","slug":"josep-rovira-pujol","status":"publish","type":"page","link":"https:\/\/mont-roig.cat\/es\/josep-rovira-pujol\/","title":{"rendered":"Josep Rovira Pujol"},"content":{"rendered":"<div class=\"wpb-content-wrapper\">[vc_row][vc_column][vc_column_text css=&#8221;&#8221;]<a href=\"https:\/\/mont-roig.cat\/wp-content\/uploads\/Josep-Rovira.jpg\"><img loading=\"lazy\" decoding=\"async\" class=\"alignright wp-image-70923\" src=\"https:\/\/mont-roig.cat\/wp-content\/uploads\/Josep-Rovira-500x500.jpg\" alt=\"\" width=\"250\" height=\"250\" \/><\/a>Josep Rovira Pujol naci\u00f3 en Mont-roig del Camp en 1970. Tiene la licenciatura de Qu\u00edmica de la URV. En cuanto a la trayectoria profesional, desde el a\u00f1o 1997, trabaja como profesor con los alumnos de bachillerato de \u201cLa Salle\u201d de Tarragona. Por otra parte, siempre ha participado en las diferentes entidades y asociaciones: Grupo de Colonias y Esplai \u201cEls Brivalls\u201d, AMPA escuela Mare de D\u00e9u de la Roca, Centro Mir\u00f3 y muchos a\u00f1os como jugador de f\u00fatbol de C.A. Mont-roig. Actualmente forma parte de la Junta del C.A. Mont-roig, de la Pe\u00f1a Barcelonista de las Seis Copas y como militante de la ANC.<\/p>\n<p>Seg\u00fan sus propias palabras \u201cser concejal de mi pueblo es una de las mayores alegr\u00edas que he vivido. Quiero agradecer a todas las personas que lo han hecho posible. Soy consciente de la responsabilidad que tengo. Por eso me comprometo a trabajar, apasionadamente, sin escatimar esfuerzos, con las entidades, con las empresas, con las personas&#8230; para hacer de Mont-roig del Camp un pueblo referente en la comarca y un lugar donde valga la pena vivir&#8221;.<\/p>\n<p>En el presente mandato es concejal de la oposici\u00f3n por el grupo municipal Junts.<\/p>\n<p>&nbsp;<\/p>\n<p>Puede consultar el documento de declaraci\u00f3n de Actividades y Bienes de Josep Rovira Pujol en este enlace:<\/p>\n<p><a href=\"https:\/\/mont-roig.cat\/wp-content\/uploads\/Declaracio-dActivitats-i-Bens-Josep-Rovira.pdf\" target=\"_blank\" rel=\"noopener\">Declaraci\u00f3n de Actividades y Bienes-Josep Rovira<\/a><\/p>\n<p>Teniendo en cuenta que el sueldo es por asistencias (<a href=\"https:\/\/mont-roig.cat\/govern-obert\/transparencia\/informacio-economica\/retribucions-carrecs-electes\/\" target=\"_blank\" rel=\"noopener\" data-wpel-link=\"internal\">enlace<\/a>) la valoraci\u00f3n anual de la retribuci\u00f3n es 9.500 \u20ac para la legislatura 2023-2027.[\/vc_column_text][\/vc_column][\/vc_row]\n<\/div>","protected":false},"excerpt":{"rendered":"<p>[vc_row][vc_column][vc_column_text css=&#8221;&#8221;]Josep Rovira Pujol naci\u00f3 en Mont-roig del Camp en 1970. Tiene la licenciatura de Qu\u00edmica de la URV. En cuanto a la trayectoria profesional, desde el a\u00f1o 1997, trabaja como profesor con los alumnos de bachillerato de \u201cLa Salle\u201d de Tarragona. Por otra parte, siempre ha participado en las diferentes entidades y asociaciones: Grupo [&hellip;]<\/p>\n","protected":false},"author":13,"featured_media":0,"parent":0,"menu_order":0,"comment_status":"closed","ping_status":"closed","template":"","meta":{"inline_featured_image":false,"_monsterinsights_skip_tracking":false,"_monsterinsights_sitenote_active":false,"_monsterinsights_sitenote_note":"","_monsterinsights_sitenote_category":0,"footnotes":""},"class_list":["post-72485","page","type-page","status-publish","hentry"],"yoast_head":"<!-- This site is optimized with the Yoast SEO plugin v27.4 - https:\/\/yoast.com\/product\/yoast-seo-wordpress\/ -->\n<title>Josep Rovira Pujol - Ajuntament de Mont-roig del Camp<\/title>\n<meta name=\"robots\" content=\"index, follow, max-snippet:-1, max-image-preview:large, max-video-preview:-1\" \/>\n<link rel=\"canonical\" href=\"https:\/\/mont-roig.cat\/es\/josep-rovira-pujol\/\" \/>\n<meta property=\"og:locale\" content=\"es_ES\" \/>\n<meta property=\"og:type\" content=\"article\" \/>\n<meta property=\"og:title\" content=\"Josep Rovira Pujol - Ajuntament de Mont-roig del Camp\" \/>\n<meta property=\"og:description\" content=\"[vc_row][vc_column][vc_column_text css=&#8221;&#8221;]Josep Rovira Pujol naci\u00f3 en Mont-roig del Camp en 1970. Tiene la licenciatura de Qu\u00edmica de la URV. En cuanto a la trayectoria profesional, desde el a\u00f1o 1997, trabaja como profesor con los alumnos de bachillerato de \u201cLa Salle\u201d de Tarragona. Por otra parte, siempre ha participado en las diferentes entidades y asociaciones: Grupo [&hellip;]\" \/>\n<meta property=\"og:url\" content=\"https:\/\/mont-roig.cat\/es\/josep-rovira-pujol\/\" \/>\n<meta property=\"og:site_name\" content=\"Ajuntament de Mont-roig del Camp\" \/>\n<meta property=\"article:modified_time\" content=\"2026-03-03T09:03:43+00:00\" \/>\n<meta property=\"og:image\" content=\"https:\/\/mont-roig.cat\/wp-content\/uploads\/aj-mont-roig-2.jpg\" \/>\n\t<meta property=\"og:image:width\" content=\"1200\" \/>\n\t<meta property=\"og:image:height\" content=\"600\" \/>\n\t<meta property=\"og:image:type\" content=\"image\/jpeg\" \/>\n<meta name=\"twitter:card\" content=\"summary_large_image\" \/>\n<meta name=\"twitter:label1\" content=\"Tiempo de lectura\" \/>\n\t<meta name=\"twitter:data1\" content=\"2 minutos\" \/>\n<script type=\"application\/ld+json\" class=\"yoast-schema-graph\">{\"@context\":\"https:\\\/\\\/schema.org\",\"@graph\":[{\"@type\":\"WebPage\",\"@id\":\"https:\\\/\\\/mont-roig.cat\\\/es\\\/josep-rovira-pujol\\\/\",\"url\":\"https:\\\/\\\/mont-roig.cat\\\/es\\\/josep-rovira-pujol\\\/\",\"name\":\"Josep Rovira Pujol - Ajuntament de Mont-roig del Camp\",\"isPartOf\":{\"@id\":\"https:\\\/\\\/mont-roig.cat\\\/es\\\/#website\"},\"primaryImageOfPage\":{\"@id\":\"https:\\\/\\\/mont-roig.cat\\\/es\\\/josep-rovira-pujol\\\/#primaryimage\"},\"image\":{\"@id\":\"https:\\\/\\\/mont-roig.cat\\\/es\\\/josep-rovira-pujol\\\/#primaryimage\"},\"thumbnailUrl\":\"https:\\\/\\\/mont-roig.cat\\\/wp-content\\\/uploads\\\/Josep-Rovira-500x500.jpg\",\"datePublished\":\"2023-09-22T10:22:06+00:00\",\"dateModified\":\"2026-03-03T09:03:43+00:00\",\"breadcrumb\":{\"@id\":\"https:\\\/\\\/mont-roig.cat\\\/es\\\/josep-rovira-pujol\\\/#breadcrumb\"},\"inLanguage\":\"es\",\"potentialAction\":[{\"@type\":\"ReadAction\",\"target\":[\"https:\\\/\\\/mont-roig.cat\\\/es\\\/josep-rovira-pujol\\\/\"]}]},{\"@type\":\"ImageObject\",\"inLanguage\":\"es\",\"@id\":\"https:\\\/\\\/mont-roig.cat\\\/es\\\/josep-rovira-pujol\\\/#primaryimage\",\"url\":\"https:\\\/\\\/mont-roig.cat\\\/wp-content\\\/uploads\\\/Josep-Rovira-500x500.jpg\",\"contentUrl\":\"https:\\\/\\\/mont-roig.cat\\\/wp-content\\\/uploads\\\/Josep-Rovira-500x500.jpg\"},{\"@type\":\"BreadcrumbList\",\"@id\":\"https:\\\/\\\/mont-roig.cat\\\/es\\\/josep-rovira-pujol\\\/#breadcrumb\",\"itemListElement\":[{\"@type\":\"ListItem\",\"position\":1,\"name\":\"Inici\",\"item\":\"https:\\\/\\\/mont-roig.cat\\\/es\\\/pagina-de-inicio\\\/\"},{\"@type\":\"ListItem\",\"position\":2,\"name\":\"Josep Rovira Pujol\"}]},{\"@type\":\"WebSite\",\"@id\":\"https:\\\/\\\/mont-roig.cat\\\/es\\\/#website\",\"url\":\"https:\\\/\\\/mont-roig.cat\\\/es\\\/\",\"name\":\"Ajuntament de Mont-roig del Camp\",\"description\":\"Tota la informaci\u00f3 sobre la instituci\u00f3, els seus \u00f2rgans de govern, actualitat, serveis i molt m\u00e9s.\",\"potentialAction\":[{\"@type\":\"SearchAction\",\"target\":{\"@type\":\"EntryPoint\",\"urlTemplate\":\"https:\\\/\\\/mont-roig.cat\\\/es\\\/?s={search_term_string}\"},\"query-input\":{\"@type\":\"PropertyValueSpecification\",\"valueRequired\":true,\"valueName\":\"search_term_string\"}}],\"inLanguage\":\"es\"}]}<\/script>\n<!-- \/ Yoast SEO plugin. -->","yoast_head_json":{"title":"Josep Rovira Pujol - Ajuntament de Mont-roig del Camp","robots":{"index":"index","follow":"follow","max-snippet":"max-snippet:-1","max-image-preview":"max-image-preview:large","max-video-preview":"max-video-preview:-1"},"canonical":"https:\/\/mont-roig.cat\/es\/josep-rovira-pujol\/","og_locale":"es_ES","og_type":"article","og_title":"Josep Rovira Pujol - Ajuntament de Mont-roig del Camp","og_description":"[vc_row][vc_column][vc_column_text css=&#8221;&#8221;]Josep Rovira Pujol naci\u00f3 en Mont-roig del Camp en 1970. Tiene la licenciatura de Qu\u00edmica de la URV. En cuanto a la trayectoria profesional, desde el a\u00f1o 1997, trabaja como profesor con los alumnos de bachillerato de \u201cLa Salle\u201d de Tarragona. Por otra parte, siempre ha participado en las diferentes entidades y asociaciones: Grupo [&hellip;]","og_url":"https:\/\/mont-roig.cat\/es\/josep-rovira-pujol\/","og_site_name":"Ajuntament de Mont-roig del Camp","article_modified_time":"2026-03-03T09:03:43+00:00","og_image":[{"width":1200,"height":600,"url":"https:\/\/mont-roig.cat\/wp-content\/uploads\/aj-mont-roig-2.jpg","type":"image\/jpeg"}],"twitter_card":"summary_large_image","twitter_misc":{"Tiempo de lectura":"2 minutos"},"schema":{"@context":"https:\/\/schema.org","@graph":[{"@type":"WebPage","@id":"https:\/\/mont-roig.cat\/es\/josep-rovira-pujol\/","url":"https:\/\/mont-roig.cat\/es\/josep-rovira-pujol\/","name":"Josep Rovira Pujol - Ajuntament de Mont-roig del Camp","isPartOf":{"@id":"https:\/\/mont-roig.cat\/es\/#website"},"primaryImageOfPage":{"@id":"https:\/\/mont-roig.cat\/es\/josep-rovira-pujol\/#primaryimage"},"image":{"@id":"https:\/\/mont-roig.cat\/es\/josep-rovira-pujol\/#primaryimage"},"thumbnailUrl":"https:\/\/mont-roig.cat\/wp-content\/uploads\/Josep-Rovira-500x500.jpg","datePublished":"2023-09-22T10:22:06+00:00","dateModified":"2026-03-03T09:03:43+00:00","breadcrumb":{"@id":"https:\/\/mont-roig.cat\/es\/josep-rovira-pujol\/#breadcrumb"},"inLanguage":"es","potentialAction":[{"@type":"ReadAction","target":["https:\/\/mont-roig.cat\/es\/josep-rovira-pujol\/"]}]},{"@type":"ImageObject","inLanguage":"es","@id":"https:\/\/mont-roig.cat\/es\/josep-rovira-pujol\/#primaryimage","url":"https:\/\/mont-roig.cat\/wp-content\/uploads\/Josep-Rovira-500x500.jpg","contentUrl":"https:\/\/mont-roig.cat\/wp-content\/uploads\/Josep-Rovira-500x500.jpg"},{"@type":"BreadcrumbList","@id":"https:\/\/mont-roig.cat\/es\/josep-rovira-pujol\/#breadcrumb","itemListElement":[{"@type":"ListItem","position":1,"name":"Inici","item":"https:\/\/mont-roig.cat\/es\/pagina-de-inicio\/"},{"@type":"ListItem","position":2,"name":"Josep Rovira Pujol"}]},{"@type":"WebSite","@id":"https:\/\/mont-roig.cat\/es\/#website","url":"https:\/\/mont-roig.cat\/es\/","name":"Ajuntament de Mont-roig del Camp","description":"Tota la informaci\u00f3 sobre la instituci\u00f3, els seus \u00f2rgans de govern, actualitat, serveis i molt m\u00e9s.","potentialAction":[{"@type":"SearchAction","target":{"@type":"EntryPoint","urlTemplate":"https:\/\/mont-roig.cat\/es\/?s={search_term_string}"},"query-input":{"@type":"PropertyValueSpecification","valueRequired":true,"valueName":"search_term_string"}}],"inLanguage":"es"}]}},"_links":{"self":[{"href":"https:\/\/mont-roig.cat\/es\/wp-json\/wp\/v2\/pages\/72485","targetHints":{"allow":["GET"]}}],"collection":[{"href":"https:\/\/mont-roig.cat\/es\/wp-json\/wp\/v2\/pages"}],"about":[{"href":"https:\/\/mont-roig.cat\/es\/wp-json\/wp\/v2\/types\/page"}],"author":[{"embeddable":true,"href":"https:\/\/mont-roig.cat\/es\/wp-json\/wp\/v2\/users\/13"}],"replies":[{"embeddable":true,"href":"https:\/\/mont-roig.cat\/es\/wp-json\/wp\/v2\/comments?post=72485"}],"version-history":[{"count":9,"href":"https:\/\/mont-roig.cat\/es\/wp-json\/wp\/v2\/pages\/72485\/revisions"}],"predecessor-version":[{"id":89714,"href":"https:\/\/mont-roig.cat\/es\/wp-json\/wp\/v2\/pages\/72485\/revisions\/89714"}],"wp:attachment":[{"href":"https:\/\/mont-roig.cat\/es\/wp-json\/wp\/v2\/media?parent=72485"}],"curies":[{"name":"wp","href":"https:\/\/api.w.org\/{rel}","templated":true}]}}

<div class="wpb-content-wrapper">[vc_row][vc_column][vc_column_text css=&#8221;&#8221;]<a href="https://mont-roig.cat/wp-content/uploads/Josep-Rovira.jpg"><img loading="lazy" decoding="async" class="alignright wp-image-70923" src="https://mont-roig.cat/wp-content/uploads/Josep-Rovira-500x500.jpg" alt="" width="250" height="250" /></a>Josep Rovira Pujol nació en Mont-roig del Camp en 1970. Tiene la licenciatura de Química de la URV. En cuanto a la trayectoria profesional, desde el año 1997, trabaja como profesor con los alumnos de bachillerato de “La Salle” de Tarragona. Por otra parte, siempre ha participado en las diferentes entidades y asociaciones: Grupo de Colonias y Esplai “Els Brivalls”, AMPA escuela Mare de Déu de la Roca, Centro Miró y muchos años como jugador de fútbol de C.A. Mont-roig. Actualmente forma parte de la Junta del C.A. Mont-roig, de la Peña Barcelonista de las Seis Copas y como militante de la ANC.</p>
<p>Según sus propias palabras “ser concejal de mi pueblo es una de las mayores alegrías que he vivido. Quiero agradecer a todas las personas que lo han hecho posible. Soy consciente de la responsabilidad que tengo. Por eso me comprometo a trabajar, apasionadamente, sin escatimar esfuerzos, con las entidades, con las empresas, con las personas&#8230; para hacer de Mont-roig del Camp un pueblo referente en la comarca y un lugar donde valga la pena vivir&#8221;.</p>
<p>En el presente mandato es concejal de la oposición por el grupo municipal Junts.</p>
<p>&nbsp;</p>
<p>Puede consultar el documento de declaración de Actividades y Bienes de Josep Rovira Pujol en este enlace:</p>
<p><a href="https://mont-roig.cat/wp-content/uploads/Declaracio-dActivitats-i-Bens-Josep-Rovira.pdf" target="_blank" rel="noopener">Declaración de Actividades y Bienes-Josep Rovira</a></p>
<p>Teniendo en cuenta que el sueldo es por asistencias (<a href="https://mont-roig.cat/govern-obert/transparencia/informacio-economica/retribucions-carrecs-electes/" target="_blank" rel="noopener" data-wpel-link="internal">enlace</a>) la valoración anual de la retribución es 9.500 € para la legislatura 2023-2027.[/vc_column_text][/vc_column][/vc_row]
</div>

<p>[vc_row][vc_column][vc_column_text css=&#8221;&#8221;]Josep Rovira Pujol nació en Mont-roig del Camp en 1970. Tiene la licenciatura de Química de la URV. En cuanto a la trayectoria profesional, desde el año 1997, trabaja como profesor con los alumnos de bachillerato de “La Salle” de Tarragona. Por otra parte, siempre ha participado en las diferentes entidades y asociaciones: Grupo [&hellip;]</p>

<!-- This site is optimized with the Yoast SEO plugin v27.4 - https://yoast.com/product/yoast-seo-wordpress/ -->
<title>Josep Rovira Pujol - Ajuntament de Mont-roig del Camp</title>
<meta name="robots" content="index, follow, max-snippet:-1, max-image-preview:large, max-video-preview:-1" />
<link rel="canonical" href="https://mont-roig.cat/es/josep-rovira-pujol/" />
<meta property="og:locale" content="es_ES" />
<meta property="og:type" content="article" />
<meta property="og:title" content="Josep Rovira Pujol - Ajuntament de Mont-roig del Camp" />
<meta property="og:description" content="[vc_row][vc_column][vc_column_text css=&#8221;&#8221;]Josep Rovira Pujol nació en Mont-roig del Camp en 1970. Tiene la licenciatura de Química de la URV. En cuanto a la trayectoria profesional, desde el año 1997, trabaja como profesor con los alumnos de bachillerato de “La Salle” de Tarragona. Por otra parte, siempre ha participado en las diferentes entidades y asociaciones: Grupo [&hellip;]" />
<meta property="og:url" content="https://mont-roig.cat/es/josep-rovira-pujol/" />
<meta property="og:site_name" content="Ajuntament de Mont-roig del Camp" />
<meta property="article:modified_time" content="2026-03-03T09:03:43+00:00" />
<meta property="og:image" content="https://mont-roig.cat/wp-content/uploads/aj-mont-roig-2.jpg" />
	<meta property="og:image:width" content="1200" />
	<meta property="og:image:height" content="600" />
	<meta property="og:image:type" content="image/jpeg" />
<meta name="twitter:card" content="summary_large_image" />
<meta name="twitter:label1" content="Tiempo de lectura" />
	<meta name="twitter:data1" content="2 minutos" />
<script type="application/ld+json" class="yoast-schema-graph">{"@context":"https:\/\/schema.org","@graph":[{"@type":"WebPage","@id":"https:\/\/mont-roig.cat\/es\/josep-rovira-pujol\/","url":"https:\/\/mont-roig.cat\/es\/josep-rovira-pujol\/","name":"Josep Rovira Pujol - Ajuntament de Mont-roig del Camp","isPartOf":{"@id":"https:\/\/mont-roig.cat\/es\/#website"},"primaryImageOfPage":{"@id":"https:\/\/mont-roig.cat\/es\/josep-rovira-pujol\/#primaryimage"},"image":{"@id":"https:\/\/mont-roig.cat\/es\/josep-rovira-pujol\/#primaryimage"},"thumbnailUrl":"https:\/\/mont-roig.cat\/wp-content\/uploads\/Josep-Rovira-500x500.jpg","datePublished":"2023-09-22T10:22:06+00:00","dateModified":"2026-03-03T09:03:43+00:00","breadcrumb":{"@id":"https:\/\/mont-roig.cat\/es\/josep-rovira-pujol\/#breadcrumb"},"inLanguage":"es","potentialAction":[{"@type":"ReadAction","target":["https:\/\/mont-roig.cat\/es\/josep-rovira-pujol\/"]}]},{"@type":"ImageObject","inLanguage":"es","@id":"https:\/\/mont-roig.cat\/es\/josep-rovira-pujol\/#primaryimage","url":"https:\/\/mont-roig.cat\/wp-content\/uploads\/Josep-Rovira-500x500.jpg","contentUrl":"https:\/\/mont-roig.cat\/wp-content\/uploads\/Josep-Rovira-500x500.jpg"},{"@type":"BreadcrumbList","@id":"https:\/\/mont-roig.cat\/es\/josep-rovira-pujol\/#breadcrumb","itemListElement":[{"@type":"ListItem","position":1,"name":"Inici","item":"https:\/\/mont-roig.cat\/es\/pagina-de-inicio\/"},{"@type":"ListItem","position":2,"name":"Josep Rovira Pujol"}]},{"@type":"WebSite","@id":"https:\/\/mont-roig.cat\/es\/#website","url":"https:\/\/mont-roig.cat\/es\/","name":"Ajuntament de Mont-roig del Camp","description":"Tota la informació sobre la institució, els seus òrgans de govern, actualitat, serveis i molt més.","potentialAction":[{"@type":"SearchAction","target":{"@type":"EntryPoint","urlTemplate":"https:\/\/mont-roig.cat\/es\/?s={search_term_string}"},"query-input":{"@type":"PropertyValueSpecification","valueRequired":true,"valueName":"search_term_string"}}],"inLanguage":"es"}]}</script>
<!-- / Yoast SEO plugin. -->

[vc_row][vc_column][vc_column_text css=&#8221;&#8221;]Josep Rovira Pujol nació en Mont-roig del Camp en 1970. Tiene la licenciatura de Química de la URV. En cuanto a la trayectoria profesional, desde el año 1997, trabaja como profesor con los alumnos de bachillerato de “La Salle” de Tarragona. Por otra parte, siempre ha participado en las diferentes entidades y asociaciones: Grupo [&hellip;]

Tota la informació sobre la institució, els seus òrgans de govern, actualitat, serveis i molt més.
