{"id":9451,"date":"2016-02-18T10:46:57","date_gmt":"2016-02-18T09:46:57","guid":{"rendered":"http:\/\/mont-roig.cat\/es\/francisco-chamizo-quesada\/"},"modified":"2019-11-27T14:09:51","modified_gmt":"2019-11-27T13:09:51","slug":"francisco-chamizo-quesada","status":"publish","type":"page","link":"https:\/\/mont-roig.cat\/es\/francisco-chamizo-quesada\/","title":{"rendered":"Francisco Chamizo Quesada"},"content":{"rendered":"<div id=\"attachment_38390\" style=\"width: 260px\" class=\"wp-caption alignright\"><a href=\"https:\/\/mont-roig.cat\/wp-content\/uploads\/Francisco-Chamizo.jpg\"><img loading=\"lazy\" decoding=\"async\" aria-describedby=\"caption-attachment-38390\" class=\"wp-image-38390\" src=\"https:\/\/mont-roig.cat\/wp-content\/uploads\/Francisco-Chamizo.jpg\" alt=\"\" width=\"250\" height=\"250\" srcset=\"https:\/\/mont-roig.cat\/wp-content\/uploads\/Francisco-Chamizo.jpg 2262w, https:\/\/mont-roig.cat\/wp-content\/uploads\/Francisco-Chamizo-50x50.jpg 50w, https:\/\/mont-roig.cat\/wp-content\/uploads\/Francisco-Chamizo-500x500.jpg 500w, https:\/\/mont-roig.cat\/wp-content\/uploads\/Francisco-Chamizo-768x768.jpg 768w, https:\/\/mont-roig.cat\/wp-content\/uploads\/Francisco-Chamizo-1024x1024.jpg 1024w, https:\/\/mont-roig.cat\/wp-content\/uploads\/Francisco-Chamizo-560x560.jpg 560w, https:\/\/mont-roig.cat\/wp-content\/uploads\/Francisco-Chamizo-367x367.jpg 367w, https:\/\/mont-roig.cat\/wp-content\/uploads\/Francisco-Chamizo-450x450.jpg 450w, https:\/\/mont-roig.cat\/wp-content\/uploads\/Francisco-Chamizo-85x85.jpg 85w, https:\/\/mont-roig.cat\/wp-content\/uploads\/Francisco-Chamizo-45x45.jpg 45w\" sizes=\"auto, (max-width: 250px) 100vw, 250px\" \/><\/a><p id=\"caption-attachment-38390\" class=\"wp-caption-text\">Francisco Chamizo Quesada<\/p><\/div>\n<p style=\"text-align: justify;\">Francisco Chamizo Quesada naci\u00f3 en Tarragona el 5 de noviembre de 1965. Es diplomado en ciencias empresariales y trabaja en una empresa multinacional en el sector qu\u00edmico en Tarragona. En la legislatura 2011-2015 form\u00f3 parte del gobierno como concejal de Turismo, Urbanizaciones, Plan de Barrios y Hacienda, y en la pasada legislatura 2015-2019 fue concejal de la oposici\u00f3n por el partido de CIU. Actualmente es concejal de la oposici\u00f3n del Ayuntamiento de Mont-roig del Camp en representaci\u00f3n del partido Juntos por Mont-roig Miami.<\/p>\n<p>&nbsp;<\/p>\n<p>&nbsp;<\/p>\n<p>Pod\u00e9is consultar el documento de declaraci\u00f3n de Actividades y Bienes de Francisco Chamizo Quesada en este enlace:<\/p>\n<p><a href=\"https:\/\/mont-roig.cat\/wp-content\/uploads\/Declaraci\u00f3-dActivitats-i-B\u00e9ns-Francisco-Chamizo-Quesada.pdf\">Declaraci\u00f3n de Actividades y Bienes &#8211; Francisco Chamizo Quesada<\/a><\/p>\n","protected":false},"excerpt":{"rendered":"<p>Francisco Chamizo Quesada naci\u00f3 en Tarragona el 5 de noviembre de 1965. Es diplomado en ciencias empresariales y trabaja en una empresa multinacional en el sector qu\u00edmico en Tarragona. En la legislatura 2011-2015 form\u00f3 parte del gobierno como concejal de Turismo, Urbanizaciones, Plan de Barrios y Hacienda, y en la pasada legislatura 2015-2019 fue concejal [&hellip;]<\/p>\n","protected":false},"author":4,"featured_media":0,"parent":0,"menu_order":0,"comment_status":"closed","ping_status":"closed","template":"","meta":{"inline_featured_image":false,"_monsterinsights_skip_tracking":false,"_monsterinsights_sitenote_active":false,"_monsterinsights_sitenote_note":"","_monsterinsights_sitenote_category":0,"footnotes":""},"class_list":["post-9451","page","type-page","status-publish","hentry"],"yoast_head":"<!-- This site is optimized with the Yoast SEO plugin v27.4 - https:\/\/yoast.com\/product\/yoast-seo-wordpress\/ -->\n<title>Francisco Chamizo Quesada - Ajuntament de Mont-roig del Camp<\/title>\n<meta name=\"robots\" content=\"index, follow, max-snippet:-1, max-image-preview:large, max-video-preview:-1\" \/>\n<link rel=\"canonical\" href=\"https:\/\/mont-roig.cat\/es\/francisco-chamizo-quesada\/\" \/>\n<meta property=\"og:locale\" content=\"es_ES\" \/>\n<meta property=\"og:type\" content=\"article\" \/>\n<meta property=\"og:title\" content=\"Francisco Chamizo Quesada - Ajuntament de Mont-roig del Camp\" \/>\n<meta property=\"og:description\" content=\"Francisco Chamizo Quesada naci\u00f3 en Tarragona el 5 de noviembre de 1965. Es diplomado en ciencias empresariales y trabaja en una empresa multinacional en el sector qu\u00edmico en Tarragona. En la legislatura 2011-2015 form\u00f3 parte del gobierno como concejal de Turismo, Urbanizaciones, Plan de Barrios y Hacienda, y en la pasada legislatura 2015-2019 fue concejal [&hellip;]\" \/>\n<meta property=\"og:url\" content=\"https:\/\/mont-roig.cat\/es\/francisco-chamizo-quesada\/\" \/>\n<meta property=\"og:site_name\" content=\"Ajuntament de Mont-roig del Camp\" \/>\n<meta property=\"article:modified_time\" content=\"2019-11-27T13:09:51+00:00\" \/>\n<meta property=\"og:image\" content=\"https:\/\/mont-roig.cat\/wp-content\/uploads\/Francisco-Chamizo.jpg\" \/>\n<meta name=\"twitter:card\" content=\"summary_large_image\" \/>\n<meta name=\"twitter:label1\" content=\"Tiempo de lectura\" \/>\n\t<meta name=\"twitter:data1\" content=\"1 minuto\" \/>\n<script type=\"application\/ld+json\" class=\"yoast-schema-graph\">{\"@context\":\"https:\\\/\\\/schema.org\",\"@graph\":[{\"@type\":\"WebPage\",\"@id\":\"https:\\\/\\\/mont-roig.cat\\\/es\\\/francisco-chamizo-quesada\\\/\",\"url\":\"https:\\\/\\\/mont-roig.cat\\\/es\\\/francisco-chamizo-quesada\\\/\",\"name\":\"Francisco Chamizo Quesada - Ajuntament de Mont-roig del Camp\",\"isPartOf\":{\"@id\":\"https:\\\/\\\/mont-roig.cat\\\/es\\\/#website\"},\"primaryImageOfPage\":{\"@id\":\"https:\\\/\\\/mont-roig.cat\\\/es\\\/francisco-chamizo-quesada\\\/#primaryimage\"},\"image\":{\"@id\":\"https:\\\/\\\/mont-roig.cat\\\/es\\\/francisco-chamizo-quesada\\\/#primaryimage\"},\"thumbnailUrl\":\"https:\\\/\\\/mont-roig.cat\\\/wp-content\\\/uploads\\\/Francisco-Chamizo.jpg\",\"datePublished\":\"2016-02-18T09:46:57+00:00\",\"dateModified\":\"2019-11-27T13:09:51+00:00\",\"breadcrumb\":{\"@id\":\"https:\\\/\\\/mont-roig.cat\\\/es\\\/francisco-chamizo-quesada\\\/#breadcrumb\"},\"inLanguage\":\"es\",\"potentialAction\":[{\"@type\":\"ReadAction\",\"target\":[\"https:\\\/\\\/mont-roig.cat\\\/es\\\/francisco-chamizo-quesada\\\/\"]}]},{\"@type\":\"ImageObject\",\"inLanguage\":\"es\",\"@id\":\"https:\\\/\\\/mont-roig.cat\\\/es\\\/francisco-chamizo-quesada\\\/#primaryimage\",\"url\":\"https:\\\/\\\/mont-roig.cat\\\/wp-content\\\/uploads\\\/Francisco-Chamizo.jpg\",\"contentUrl\":\"https:\\\/\\\/mont-roig.cat\\\/wp-content\\\/uploads\\\/Francisco-Chamizo.jpg\"},{\"@type\":\"BreadcrumbList\",\"@id\":\"https:\\\/\\\/mont-roig.cat\\\/es\\\/francisco-chamizo-quesada\\\/#breadcrumb\",\"itemListElement\":[{\"@type\":\"ListItem\",\"position\":1,\"name\":\"Inici\",\"item\":\"https:\\\/\\\/mont-roig.cat\\\/es\\\/pagina-de-inicio\\\/\"},{\"@type\":\"ListItem\",\"position\":2,\"name\":\"Francisco Chamizo Quesada\"}]},{\"@type\":\"WebSite\",\"@id\":\"https:\\\/\\\/mont-roig.cat\\\/es\\\/#website\",\"url\":\"https:\\\/\\\/mont-roig.cat\\\/es\\\/\",\"name\":\"Ajuntament de Mont-roig del Camp\",\"description\":\"Tota la informaci\u00f3 sobre la instituci\u00f3, els seus \u00f2rgans de govern, actualitat, serveis i molt m\u00e9s.\",\"potentialAction\":[{\"@type\":\"SearchAction\",\"target\":{\"@type\":\"EntryPoint\",\"urlTemplate\":\"https:\\\/\\\/mont-roig.cat\\\/es\\\/?s={search_term_string}\"},\"query-input\":{\"@type\":\"PropertyValueSpecification\",\"valueRequired\":true,\"valueName\":\"search_term_string\"}}],\"inLanguage\":\"es\"}]}<\/script>\n<!-- \/ Yoast SEO plugin. -->","yoast_head_json":{"title":"Francisco Chamizo Quesada - Ajuntament de Mont-roig del Camp","robots":{"index":"index","follow":"follow","max-snippet":"max-snippet:-1","max-image-preview":"max-image-preview:large","max-video-preview":"max-video-preview:-1"},"canonical":"https:\/\/mont-roig.cat\/es\/francisco-chamizo-quesada\/","og_locale":"es_ES","og_type":"article","og_title":"Francisco Chamizo Quesada - Ajuntament de Mont-roig del Camp","og_description":"Francisco Chamizo Quesada naci\u00f3 en Tarragona el 5 de noviembre de 1965. Es diplomado en ciencias empresariales y trabaja en una empresa multinacional en el sector qu\u00edmico en Tarragona. En la legislatura 2011-2015 form\u00f3 parte del gobierno como concejal de Turismo, Urbanizaciones, Plan de Barrios y Hacienda, y en la pasada legislatura 2015-2019 fue concejal [&hellip;]","og_url":"https:\/\/mont-roig.cat\/es\/francisco-chamizo-quesada\/","og_site_name":"Ajuntament de Mont-roig del Camp","article_modified_time":"2019-11-27T13:09:51+00:00","og_image":[{"url":"https:\/\/mont-roig.cat\/wp-content\/uploads\/Francisco-Chamizo.jpg","type":"","width":"","height":""}],"twitter_card":"summary_large_image","twitter_misc":{"Tiempo de lectura":"1 minuto"},"schema":{"@context":"https:\/\/schema.org","@graph":[{"@type":"WebPage","@id":"https:\/\/mont-roig.cat\/es\/francisco-chamizo-quesada\/","url":"https:\/\/mont-roig.cat\/es\/francisco-chamizo-quesada\/","name":"Francisco Chamizo Quesada - Ajuntament de Mont-roig del Camp","isPartOf":{"@id":"https:\/\/mont-roig.cat\/es\/#website"},"primaryImageOfPage":{"@id":"https:\/\/mont-roig.cat\/es\/francisco-chamizo-quesada\/#primaryimage"},"image":{"@id":"https:\/\/mont-roig.cat\/es\/francisco-chamizo-quesada\/#primaryimage"},"thumbnailUrl":"https:\/\/mont-roig.cat\/wp-content\/uploads\/Francisco-Chamizo.jpg","datePublished":"2016-02-18T09:46:57+00:00","dateModified":"2019-11-27T13:09:51+00:00","breadcrumb":{"@id":"https:\/\/mont-roig.cat\/es\/francisco-chamizo-quesada\/#breadcrumb"},"inLanguage":"es","potentialAction":[{"@type":"ReadAction","target":["https:\/\/mont-roig.cat\/es\/francisco-chamizo-quesada\/"]}]},{"@type":"ImageObject","inLanguage":"es","@id":"https:\/\/mont-roig.cat\/es\/francisco-chamizo-quesada\/#primaryimage","url":"https:\/\/mont-roig.cat\/wp-content\/uploads\/Francisco-Chamizo.jpg","contentUrl":"https:\/\/mont-roig.cat\/wp-content\/uploads\/Francisco-Chamizo.jpg"},{"@type":"BreadcrumbList","@id":"https:\/\/mont-roig.cat\/es\/francisco-chamizo-quesada\/#breadcrumb","itemListElement":[{"@type":"ListItem","position":1,"name":"Inici","item":"https:\/\/mont-roig.cat\/es\/pagina-de-inicio\/"},{"@type":"ListItem","position":2,"name":"Francisco Chamizo Quesada"}]},{"@type":"WebSite","@id":"https:\/\/mont-roig.cat\/es\/#website","url":"https:\/\/mont-roig.cat\/es\/","name":"Ajuntament de Mont-roig del Camp","description":"Tota la informaci\u00f3 sobre la instituci\u00f3, els seus \u00f2rgans de govern, actualitat, serveis i molt m\u00e9s.","potentialAction":[{"@type":"SearchAction","target":{"@type":"EntryPoint","urlTemplate":"https:\/\/mont-roig.cat\/es\/?s={search_term_string}"},"query-input":{"@type":"PropertyValueSpecification","valueRequired":true,"valueName":"search_term_string"}}],"inLanguage":"es"}]}},"_links":{"self":[{"href":"https:\/\/mont-roig.cat\/es\/wp-json\/wp\/v2\/pages\/9451","targetHints":{"allow":["GET"]}}],"collection":[{"href":"https:\/\/mont-roig.cat\/es\/wp-json\/wp\/v2\/pages"}],"about":[{"href":"https:\/\/mont-roig.cat\/es\/wp-json\/wp\/v2\/types\/page"}],"author":[{"embeddable":true,"href":"https:\/\/mont-roig.cat\/es\/wp-json\/wp\/v2\/users\/4"}],"replies":[{"embeddable":true,"href":"https:\/\/mont-roig.cat\/es\/wp-json\/wp\/v2\/comments?post=9451"}],"version-history":[{"count":7,"href":"https:\/\/mont-roig.cat\/es\/wp-json\/wp\/v2\/pages\/9451\/revisions"}],"predecessor-version":[{"id":40985,"href":"https:\/\/mont-roig.cat\/es\/wp-json\/wp\/v2\/pages\/9451\/revisions\/40985"}],"wp:attachment":[{"href":"https:\/\/mont-roig.cat\/es\/wp-json\/wp\/v2\/media?parent=9451"}],"curies":[{"name":"wp","href":"https:\/\/api.w.org\/{rel}","templated":true}]}}

<div id="attachment_38390" style="width: 260px" class="wp-caption alignright"><a href="https://mont-roig.cat/wp-content/uploads/Francisco-Chamizo.jpg"><img loading="lazy" decoding="async" aria-describedby="caption-attachment-38390" class="wp-image-38390" src="https://mont-roig.cat/wp-content/uploads/Francisco-Chamizo.jpg" alt="" width="250" height="250" srcset="https://mont-roig.cat/wp-content/uploads/Francisco-Chamizo.jpg 2262w, https://mont-roig.cat/wp-content/uploads/Francisco-Chamizo-50x50.jpg 50w, https://mont-roig.cat/wp-content/uploads/Francisco-Chamizo-500x500.jpg 500w, https://mont-roig.cat/wp-content/uploads/Francisco-Chamizo-768x768.jpg 768w, https://mont-roig.cat/wp-content/uploads/Francisco-Chamizo-1024x1024.jpg 1024w, https://mont-roig.cat/wp-content/uploads/Francisco-Chamizo-560x560.jpg 560w, https://mont-roig.cat/wp-content/uploads/Francisco-Chamizo-367x367.jpg 367w, https://mont-roig.cat/wp-content/uploads/Francisco-Chamizo-450x450.jpg 450w, https://mont-roig.cat/wp-content/uploads/Francisco-Chamizo-85x85.jpg 85w, https://mont-roig.cat/wp-content/uploads/Francisco-Chamizo-45x45.jpg 45w" sizes="auto, (max-width: 250px) 100vw, 250px" /></a><p id="caption-attachment-38390" class="wp-caption-text">Francisco Chamizo Quesada</p></div>
<p style="text-align: justify;">Francisco Chamizo Quesada nació en Tarragona el 5 de noviembre de 1965. Es diplomado en ciencias empresariales y trabaja en una empresa multinacional en el sector químico en Tarragona. En la legislatura 2011-2015 formó parte del gobierno como concejal de Turismo, Urbanizaciones, Plan de Barrios y Hacienda, y en la pasada legislatura 2015-2019 fue concejal de la oposición por el partido de CIU. Actualmente es concejal de la oposición del Ayuntamiento de Mont-roig del Camp en representación del partido Juntos por Mont-roig Miami.</p>
<p>&nbsp;</p>
<p>&nbsp;</p>
<p>Podéis consultar el documento de declaración de Actividades y Bienes de Francisco Chamizo Quesada en este enlace:</p>
<p><a href="https://mont-roig.cat/wp-content/uploads/Declaració-dActivitats-i-Béns-Francisco-Chamizo-Quesada.pdf">Declaración de Actividades y Bienes &#8211; Francisco Chamizo Quesada</a></p>

<p>Francisco Chamizo Quesada nació en Tarragona el 5 de noviembre de 1965. Es diplomado en ciencias empresariales y trabaja en una empresa multinacional en el sector químico en Tarragona. En la legislatura 2011-2015 formó parte del gobierno como concejal de Turismo, Urbanizaciones, Plan de Barrios y Hacienda, y en la pasada legislatura 2015-2019 fue concejal [&hellip;]</p>

<!-- This site is optimized with the Yoast SEO plugin v27.4 - https://yoast.com/product/yoast-seo-wordpress/ -->
<title>Francisco Chamizo Quesada - Ajuntament de Mont-roig del Camp</title>
<meta name="robots" content="index, follow, max-snippet:-1, max-image-preview:large, max-video-preview:-1" />
<link rel="canonical" href="https://mont-roig.cat/es/francisco-chamizo-quesada/" />
<meta property="og:locale" content="es_ES" />
<meta property="og:type" content="article" />
<meta property="og:title" content="Francisco Chamizo Quesada - Ajuntament de Mont-roig del Camp" />
<meta property="og:description" content="Francisco Chamizo Quesada nació en Tarragona el 5 de noviembre de 1965. Es diplomado en ciencias empresariales y trabaja en una empresa multinacional en el sector químico en Tarragona. En la legislatura 2011-2015 formó parte del gobierno como concejal de Turismo, Urbanizaciones, Plan de Barrios y Hacienda, y en la pasada legislatura 2015-2019 fue concejal [&hellip;]" />
<meta property="og:url" content="https://mont-roig.cat/es/francisco-chamizo-quesada/" />
<meta property="og:site_name" content="Ajuntament de Mont-roig del Camp" />
<meta property="article:modified_time" content="2019-11-27T13:09:51+00:00" />
<meta property="og:image" content="https://mont-roig.cat/wp-content/uploads/Francisco-Chamizo.jpg" />
<meta name="twitter:card" content="summary_large_image" />
<meta name="twitter:label1" content="Tiempo de lectura" />
	<meta name="twitter:data1" content="1 minuto" />
<script type="application/ld+json" class="yoast-schema-graph">{"@context":"https:\/\/schema.org","@graph":[{"@type":"WebPage","@id":"https:\/\/mont-roig.cat\/es\/francisco-chamizo-quesada\/","url":"https:\/\/mont-roig.cat\/es\/francisco-chamizo-quesada\/","name":"Francisco Chamizo Quesada - Ajuntament de Mont-roig del Camp","isPartOf":{"@id":"https:\/\/mont-roig.cat\/es\/#website"},"primaryImageOfPage":{"@id":"https:\/\/mont-roig.cat\/es\/francisco-chamizo-quesada\/#primaryimage"},"image":{"@id":"https:\/\/mont-roig.cat\/es\/francisco-chamizo-quesada\/#primaryimage"},"thumbnailUrl":"https:\/\/mont-roig.cat\/wp-content\/uploads\/Francisco-Chamizo.jpg","datePublished":"2016-02-18T09:46:57+00:00","dateModified":"2019-11-27T13:09:51+00:00","breadcrumb":{"@id":"https:\/\/mont-roig.cat\/es\/francisco-chamizo-quesada\/#breadcrumb"},"inLanguage":"es","potentialAction":[{"@type":"ReadAction","target":["https:\/\/mont-roig.cat\/es\/francisco-chamizo-quesada\/"]}]},{"@type":"ImageObject","inLanguage":"es","@id":"https:\/\/mont-roig.cat\/es\/francisco-chamizo-quesada\/#primaryimage","url":"https:\/\/mont-roig.cat\/wp-content\/uploads\/Francisco-Chamizo.jpg","contentUrl":"https:\/\/mont-roig.cat\/wp-content\/uploads\/Francisco-Chamizo.jpg"},{"@type":"BreadcrumbList","@id":"https:\/\/mont-roig.cat\/es\/francisco-chamizo-quesada\/#breadcrumb","itemListElement":[{"@type":"ListItem","position":1,"name":"Inici","item":"https:\/\/mont-roig.cat\/es\/pagina-de-inicio\/"},{"@type":"ListItem","position":2,"name":"Francisco Chamizo Quesada"}]},{"@type":"WebSite","@id":"https:\/\/mont-roig.cat\/es\/#website","url":"https:\/\/mont-roig.cat\/es\/","name":"Ajuntament de Mont-roig del Camp","description":"Tota la informació sobre la institució, els seus òrgans de govern, actualitat, serveis i molt més.","potentialAction":[{"@type":"SearchAction","target":{"@type":"EntryPoint","urlTemplate":"https:\/\/mont-roig.cat\/es\/?s={search_term_string}"},"query-input":{"@type":"PropertyValueSpecification","valueRequired":true,"valueName":"search_term_string"}}],"inLanguage":"es"}]}</script>
<!-- / Yoast SEO plugin. -->

Francisco Chamizo Quesada nació en Tarragona el 5 de noviembre de 1965. Es diplomado en ciencias empresariales y trabaja en una empresa multinacional en el sector químico en Tarragona. En la legislatura 2011-2015 formó parte del gobierno como concejal de Turismo, Urbanizaciones, Plan de Barrios y Hacienda, y en la pasada legislatura 2015-2019 fue concejal [&hellip;]

Tota la informació sobre la institució, els seus òrgans de govern, actualitat, serveis i molt més.
