{"id":9477,"date":"2016-02-18T10:50:54","date_gmt":"2016-02-18T09:50:54","guid":{"rendered":"http:\/\/mont-roig.cat\/es\/aarab-abbas-amir\/"},"modified":"2019-11-28T08:15:16","modified_gmt":"2019-11-28T07:15:16","slug":"aarab-abbas-amir","status":"publish","type":"page","link":"https:\/\/mont-roig.cat\/es\/aarab-abbas-amir\/","title":{"rendered":"Abbas Amir Aarab"},"content":{"rendered":"<div id=\"attachment_38374\" style=\"width: 260px\" class=\"wp-caption alignright\"><a href=\"https:\/\/mont-roig.cat\/wp-content\/uploads\/Abbas-Amir.jpg\"><img loading=\"lazy\" decoding=\"async\" aria-describedby=\"caption-attachment-38374\" class=\"wp-image-38374\" src=\"https:\/\/mont-roig.cat\/wp-content\/uploads\/Abbas-Amir.jpg\" alt=\"\" width=\"250\" height=\"250\" srcset=\"https:\/\/mont-roig.cat\/wp-content\/uploads\/Abbas-Amir.jpg 2277w, https:\/\/mont-roig.cat\/wp-content\/uploads\/Abbas-Amir-50x50.jpg 50w, https:\/\/mont-roig.cat\/wp-content\/uploads\/Abbas-Amir-500x500.jpg 500w, https:\/\/mont-roig.cat\/wp-content\/uploads\/Abbas-Amir-768x768.jpg 768w, https:\/\/mont-roig.cat\/wp-content\/uploads\/Abbas-Amir-1024x1024.jpg 1024w, https:\/\/mont-roig.cat\/wp-content\/uploads\/Abbas-Amir-560x560.jpg 560w, https:\/\/mont-roig.cat\/wp-content\/uploads\/Abbas-Amir-367x367.jpg 367w, https:\/\/mont-roig.cat\/wp-content\/uploads\/Abbas-Amir-450x450.jpg 450w, https:\/\/mont-roig.cat\/wp-content\/uploads\/Abbas-Amir-85x85.jpg 85w, https:\/\/mont-roig.cat\/wp-content\/uploads\/Abbas-Amir-45x45.jpg 45w\" sizes=\"auto, (max-width: 250px) 100vw, 250px\" \/><\/a><p id=\"caption-attachment-38374\" class=\"wp-caption-text\">Abbas Amir Aarab<\/p><\/div>\n<p style=\"text-align: justify;\">Abbas Amir Aarab naci\u00f3 en Marruecos el 3 de noviembre de 1980. Vive en el municipio desde su infancia, y actualmente se dedica a la conducci\u00f3n de veh\u00edculos de \u00e1ridos. Est\u00e1 tan implicado en el pueblo que forma parte de diversas entidades como el Club Atl\u00e9tico Mont-roig, del cual es miembro de la junta, adem\u00e1s de ser miembro de la comparsa de gigantes del Barrio de Arriba de Mont-roig, entre otros. Incluso se adentr\u00f3 en el mundo pol\u00edtico y forma parte del consistorio como concejal de la oposici\u00f3n del partido de ERC-AM en la anterior legislatura. Est\u00e1 muy implicado con la mejora del mundo deportivo y cultural, y tiene la intenci\u00f3n de que el municipio sea un referente en estos \u00e1mbitos. Actualmente, es concejal de la oposici\u00f3n por el grupo municipal Esquerra Republicana de Catalunya \u2013 Moviment d\u2019Esquerres &#8211; Acord Municipal.<\/p>\n<p>&nbsp;<\/p>\n<p>Pod\u00e9is consultar el documento de declaraci\u00f3n de Actividades y Bienes de Abbas Amir Aarab en este enlace:<\/p>\n<p><a href=\"https:\/\/mont-roig.cat\/wp-content\/uploads\/Declaraci\u00f3-dActivitats-i-B\u00e9ns-Abbas-Amir-Aarab.pdf\">Declaraci\u00f3n de Actividades y Bienes &#8211; Abbas Amir Aarab<\/a><\/p>\n","protected":false},"excerpt":{"rendered":"<p>Abbas Amir Aarab naci\u00f3 en Marruecos el 3 de noviembre de 1980. Vive en el municipio desde su infancia, y actualmente se dedica a la conducci\u00f3n de veh\u00edculos de \u00e1ridos. Est\u00e1 tan implicado en el pueblo que forma parte de diversas entidades como el Club Atl\u00e9tico Mont-roig, del cual es miembro de la junta, adem\u00e1s [&hellip;]<\/p>\n","protected":false},"author":4,"featured_media":0,"parent":0,"menu_order":0,"comment_status":"closed","ping_status":"closed","template":"","meta":{"inline_featured_image":false,"_monsterinsights_skip_tracking":false,"_monsterinsights_sitenote_active":false,"_monsterinsights_sitenote_note":"","_monsterinsights_sitenote_category":0,"footnotes":""},"class_list":["post-9477","page","type-page","status-publish","hentry"],"yoast_head":"<!-- This site is optimized with the Yoast SEO plugin v27.4 - https:\/\/yoast.com\/product\/yoast-seo-wordpress\/ -->\n<title>Abbas Amir Aarab - Ajuntament de Mont-roig del Camp<\/title>\n<meta name=\"robots\" content=\"index, follow, max-snippet:-1, max-image-preview:large, max-video-preview:-1\" \/>\n<link rel=\"canonical\" href=\"https:\/\/mont-roig.cat\/es\/aarab-abbas-amir\/\" \/>\n<meta property=\"og:locale\" content=\"es_ES\" \/>\n<meta property=\"og:type\" content=\"article\" \/>\n<meta property=\"og:title\" content=\"Abbas Amir Aarab - Ajuntament de Mont-roig del Camp\" \/>\n<meta property=\"og:description\" content=\"Abbas Amir Aarab naci\u00f3 en Marruecos el 3 de noviembre de 1980. Vive en el municipio desde su infancia, y actualmente se dedica a la conducci\u00f3n de veh\u00edculos de \u00e1ridos. Est\u00e1 tan implicado en el pueblo que forma parte de diversas entidades como el Club Atl\u00e9tico Mont-roig, del cual es miembro de la junta, adem\u00e1s [&hellip;]\" \/>\n<meta property=\"og:url\" content=\"https:\/\/mont-roig.cat\/es\/aarab-abbas-amir\/\" \/>\n<meta property=\"og:site_name\" content=\"Ajuntament de Mont-roig del Camp\" \/>\n<meta property=\"article:modified_time\" content=\"2019-11-28T07:15:16+00:00\" \/>\n<meta property=\"og:image\" content=\"https:\/\/mont-roig.cat\/wp-content\/uploads\/Abbas-Amir.jpg\" \/>\n<meta name=\"twitter:card\" content=\"summary_large_image\" \/>\n<meta name=\"twitter:label1\" content=\"Tiempo de lectura\" \/>\n\t<meta name=\"twitter:data1\" content=\"1 minuto\" \/>\n<script type=\"application\/ld+json\" class=\"yoast-schema-graph\">{\"@context\":\"https:\\\/\\\/schema.org\",\"@graph\":[{\"@type\":\"WebPage\",\"@id\":\"https:\\\/\\\/mont-roig.cat\\\/es\\\/aarab-abbas-amir\\\/\",\"url\":\"https:\\\/\\\/mont-roig.cat\\\/es\\\/aarab-abbas-amir\\\/\",\"name\":\"Abbas Amir Aarab - Ajuntament de Mont-roig del Camp\",\"isPartOf\":{\"@id\":\"https:\\\/\\\/mont-roig.cat\\\/es\\\/#website\"},\"primaryImageOfPage\":{\"@id\":\"https:\\\/\\\/mont-roig.cat\\\/es\\\/aarab-abbas-amir\\\/#primaryimage\"},\"image\":{\"@id\":\"https:\\\/\\\/mont-roig.cat\\\/es\\\/aarab-abbas-amir\\\/#primaryimage\"},\"thumbnailUrl\":\"https:\\\/\\\/mont-roig.cat\\\/wp-content\\\/uploads\\\/Abbas-Amir.jpg\",\"datePublished\":\"2016-02-18T09:50:54+00:00\",\"dateModified\":\"2019-11-28T07:15:16+00:00\",\"breadcrumb\":{\"@id\":\"https:\\\/\\\/mont-roig.cat\\\/es\\\/aarab-abbas-amir\\\/#breadcrumb\"},\"inLanguage\":\"es\",\"potentialAction\":[{\"@type\":\"ReadAction\",\"target\":[\"https:\\\/\\\/mont-roig.cat\\\/es\\\/aarab-abbas-amir\\\/\"]}]},{\"@type\":\"ImageObject\",\"inLanguage\":\"es\",\"@id\":\"https:\\\/\\\/mont-roig.cat\\\/es\\\/aarab-abbas-amir\\\/#primaryimage\",\"url\":\"https:\\\/\\\/mont-roig.cat\\\/wp-content\\\/uploads\\\/Abbas-Amir.jpg\",\"contentUrl\":\"https:\\\/\\\/mont-roig.cat\\\/wp-content\\\/uploads\\\/Abbas-Amir.jpg\"},{\"@type\":\"BreadcrumbList\",\"@id\":\"https:\\\/\\\/mont-roig.cat\\\/es\\\/aarab-abbas-amir\\\/#breadcrumb\",\"itemListElement\":[{\"@type\":\"ListItem\",\"position\":1,\"name\":\"Inici\",\"item\":\"https:\\\/\\\/mont-roig.cat\\\/es\\\/pagina-de-inicio\\\/\"},{\"@type\":\"ListItem\",\"position\":2,\"name\":\"Abbas Amir Aarab\"}]},{\"@type\":\"WebSite\",\"@id\":\"https:\\\/\\\/mont-roig.cat\\\/es\\\/#website\",\"url\":\"https:\\\/\\\/mont-roig.cat\\\/es\\\/\",\"name\":\"Ajuntament de Mont-roig del Camp\",\"description\":\"Tota la informaci\u00f3 sobre la instituci\u00f3, els seus \u00f2rgans de govern, actualitat, serveis i molt m\u00e9s.\",\"potentialAction\":[{\"@type\":\"SearchAction\",\"target\":{\"@type\":\"EntryPoint\",\"urlTemplate\":\"https:\\\/\\\/mont-roig.cat\\\/es\\\/?s={search_term_string}\"},\"query-input\":{\"@type\":\"PropertyValueSpecification\",\"valueRequired\":true,\"valueName\":\"search_term_string\"}}],\"inLanguage\":\"es\"}]}<\/script>\n<!-- \/ Yoast SEO plugin. -->","yoast_head_json":{"title":"Abbas Amir Aarab - Ajuntament de Mont-roig del Camp","robots":{"index":"index","follow":"follow","max-snippet":"max-snippet:-1","max-image-preview":"max-image-preview:large","max-video-preview":"max-video-preview:-1"},"canonical":"https:\/\/mont-roig.cat\/es\/aarab-abbas-amir\/","og_locale":"es_ES","og_type":"article","og_title":"Abbas Amir Aarab - Ajuntament de Mont-roig del Camp","og_description":"Abbas Amir Aarab naci\u00f3 en Marruecos el 3 de noviembre de 1980. Vive en el municipio desde su infancia, y actualmente se dedica a la conducci\u00f3n de veh\u00edculos de \u00e1ridos. Est\u00e1 tan implicado en el pueblo que forma parte de diversas entidades como el Club Atl\u00e9tico Mont-roig, del cual es miembro de la junta, adem\u00e1s [&hellip;]","og_url":"https:\/\/mont-roig.cat\/es\/aarab-abbas-amir\/","og_site_name":"Ajuntament de Mont-roig del Camp","article_modified_time":"2019-11-28T07:15:16+00:00","og_image":[{"url":"https:\/\/mont-roig.cat\/wp-content\/uploads\/Abbas-Amir.jpg","type":"","width":"","height":""}],"twitter_card":"summary_large_image","twitter_misc":{"Tiempo de lectura":"1 minuto"},"schema":{"@context":"https:\/\/schema.org","@graph":[{"@type":"WebPage","@id":"https:\/\/mont-roig.cat\/es\/aarab-abbas-amir\/","url":"https:\/\/mont-roig.cat\/es\/aarab-abbas-amir\/","name":"Abbas Amir Aarab - Ajuntament de Mont-roig del Camp","isPartOf":{"@id":"https:\/\/mont-roig.cat\/es\/#website"},"primaryImageOfPage":{"@id":"https:\/\/mont-roig.cat\/es\/aarab-abbas-amir\/#primaryimage"},"image":{"@id":"https:\/\/mont-roig.cat\/es\/aarab-abbas-amir\/#primaryimage"},"thumbnailUrl":"https:\/\/mont-roig.cat\/wp-content\/uploads\/Abbas-Amir.jpg","datePublished":"2016-02-18T09:50:54+00:00","dateModified":"2019-11-28T07:15:16+00:00","breadcrumb":{"@id":"https:\/\/mont-roig.cat\/es\/aarab-abbas-amir\/#breadcrumb"},"inLanguage":"es","potentialAction":[{"@type":"ReadAction","target":["https:\/\/mont-roig.cat\/es\/aarab-abbas-amir\/"]}]},{"@type":"ImageObject","inLanguage":"es","@id":"https:\/\/mont-roig.cat\/es\/aarab-abbas-amir\/#primaryimage","url":"https:\/\/mont-roig.cat\/wp-content\/uploads\/Abbas-Amir.jpg","contentUrl":"https:\/\/mont-roig.cat\/wp-content\/uploads\/Abbas-Amir.jpg"},{"@type":"BreadcrumbList","@id":"https:\/\/mont-roig.cat\/es\/aarab-abbas-amir\/#breadcrumb","itemListElement":[{"@type":"ListItem","position":1,"name":"Inici","item":"https:\/\/mont-roig.cat\/es\/pagina-de-inicio\/"},{"@type":"ListItem","position":2,"name":"Abbas Amir Aarab"}]},{"@type":"WebSite","@id":"https:\/\/mont-roig.cat\/es\/#website","url":"https:\/\/mont-roig.cat\/es\/","name":"Ajuntament de Mont-roig del Camp","description":"Tota la informaci\u00f3 sobre la instituci\u00f3, els seus \u00f2rgans de govern, actualitat, serveis i molt m\u00e9s.","potentialAction":[{"@type":"SearchAction","target":{"@type":"EntryPoint","urlTemplate":"https:\/\/mont-roig.cat\/es\/?s={search_term_string}"},"query-input":{"@type":"PropertyValueSpecification","valueRequired":true,"valueName":"search_term_string"}}],"inLanguage":"es"}]}},"_links":{"self":[{"href":"https:\/\/mont-roig.cat\/es\/wp-json\/wp\/v2\/pages\/9477","targetHints":{"allow":["GET"]}}],"collection":[{"href":"https:\/\/mont-roig.cat\/es\/wp-json\/wp\/v2\/pages"}],"about":[{"href":"https:\/\/mont-roig.cat\/es\/wp-json\/wp\/v2\/types\/page"}],"author":[{"embeddable":true,"href":"https:\/\/mont-roig.cat\/es\/wp-json\/wp\/v2\/users\/4"}],"replies":[{"embeddable":true,"href":"https:\/\/mont-roig.cat\/es\/wp-json\/wp\/v2\/comments?post=9477"}],"version-history":[{"count":7,"href":"https:\/\/mont-roig.cat\/es\/wp-json\/wp\/v2\/pages\/9477\/revisions"}],"predecessor-version":[{"id":41037,"href":"https:\/\/mont-roig.cat\/es\/wp-json\/wp\/v2\/pages\/9477\/revisions\/41037"}],"wp:attachment":[{"href":"https:\/\/mont-roig.cat\/es\/wp-json\/wp\/v2\/media?parent=9477"}],"curies":[{"name":"wp","href":"https:\/\/api.w.org\/{rel}","templated":true}]}}

<div id="attachment_38374" style="width: 260px" class="wp-caption alignright"><a href="https://mont-roig.cat/wp-content/uploads/Abbas-Amir.jpg"><img loading="lazy" decoding="async" aria-describedby="caption-attachment-38374" class="wp-image-38374" src="https://mont-roig.cat/wp-content/uploads/Abbas-Amir.jpg" alt="" width="250" height="250" srcset="https://mont-roig.cat/wp-content/uploads/Abbas-Amir.jpg 2277w, https://mont-roig.cat/wp-content/uploads/Abbas-Amir-50x50.jpg 50w, https://mont-roig.cat/wp-content/uploads/Abbas-Amir-500x500.jpg 500w, https://mont-roig.cat/wp-content/uploads/Abbas-Amir-768x768.jpg 768w, https://mont-roig.cat/wp-content/uploads/Abbas-Amir-1024x1024.jpg 1024w, https://mont-roig.cat/wp-content/uploads/Abbas-Amir-560x560.jpg 560w, https://mont-roig.cat/wp-content/uploads/Abbas-Amir-367x367.jpg 367w, https://mont-roig.cat/wp-content/uploads/Abbas-Amir-450x450.jpg 450w, https://mont-roig.cat/wp-content/uploads/Abbas-Amir-85x85.jpg 85w, https://mont-roig.cat/wp-content/uploads/Abbas-Amir-45x45.jpg 45w" sizes="auto, (max-width: 250px) 100vw, 250px" /></a><p id="caption-attachment-38374" class="wp-caption-text">Abbas Amir Aarab</p></div>
<p style="text-align: justify;">Abbas Amir Aarab nació en Marruecos el 3 de noviembre de 1980. Vive en el municipio desde su infancia, y actualmente se dedica a la conducción de vehículos de áridos. Está tan implicado en el pueblo que forma parte de diversas entidades como el Club Atlético Mont-roig, del cual es miembro de la junta, además de ser miembro de la comparsa de gigantes del Barrio de Arriba de Mont-roig, entre otros. Incluso se adentró en el mundo político y forma parte del consistorio como concejal de la oposición del partido de ERC-AM en la anterior legislatura. Está muy implicado con la mejora del mundo deportivo y cultural, y tiene la intención de que el municipio sea un referente en estos ámbitos. Actualmente, es concejal de la oposición por el grupo municipal Esquerra Republicana de Catalunya – Moviment d’Esquerres &#8211; Acord Municipal.</p>
<p>&nbsp;</p>
<p>Podéis consultar el documento de declaración de Actividades y Bienes de Abbas Amir Aarab en este enlace:</p>
<p><a href="https://mont-roig.cat/wp-content/uploads/Declaració-dActivitats-i-Béns-Abbas-Amir-Aarab.pdf">Declaración de Actividades y Bienes &#8211; Abbas Amir Aarab</a></p>

<p>Abbas Amir Aarab nació en Marruecos el 3 de noviembre de 1980. Vive en el municipio desde su infancia, y actualmente se dedica a la conducción de vehículos de áridos. Está tan implicado en el pueblo que forma parte de diversas entidades como el Club Atlético Mont-roig, del cual es miembro de la junta, además [&hellip;]</p>

<!-- This site is optimized with the Yoast SEO plugin v27.4 - https://yoast.com/product/yoast-seo-wordpress/ -->
<title>Abbas Amir Aarab - Ajuntament de Mont-roig del Camp</title>
<meta name="robots" content="index, follow, max-snippet:-1, max-image-preview:large, max-video-preview:-1" />
<link rel="canonical" href="https://mont-roig.cat/es/aarab-abbas-amir/" />
<meta property="og:locale" content="es_ES" />
<meta property="og:type" content="article" />
<meta property="og:title" content="Abbas Amir Aarab - Ajuntament de Mont-roig del Camp" />
<meta property="og:description" content="Abbas Amir Aarab nació en Marruecos el 3 de noviembre de 1980. Vive en el municipio desde su infancia, y actualmente se dedica a la conducción de vehículos de áridos. Está tan implicado en el pueblo que forma parte de diversas entidades como el Club Atlético Mont-roig, del cual es miembro de la junta, además [&hellip;]" />
<meta property="og:url" content="https://mont-roig.cat/es/aarab-abbas-amir/" />
<meta property="og:site_name" content="Ajuntament de Mont-roig del Camp" />
<meta property="article:modified_time" content="2019-11-28T07:15:16+00:00" />
<meta property="og:image" content="https://mont-roig.cat/wp-content/uploads/Abbas-Amir.jpg" />
<meta name="twitter:card" content="summary_large_image" />
<meta name="twitter:label1" content="Tiempo de lectura" />
	<meta name="twitter:data1" content="1 minuto" />
<script type="application/ld+json" class="yoast-schema-graph">{"@context":"https:\/\/schema.org","@graph":[{"@type":"WebPage","@id":"https:\/\/mont-roig.cat\/es\/aarab-abbas-amir\/","url":"https:\/\/mont-roig.cat\/es\/aarab-abbas-amir\/","name":"Abbas Amir Aarab - Ajuntament de Mont-roig del Camp","isPartOf":{"@id":"https:\/\/mont-roig.cat\/es\/#website"},"primaryImageOfPage":{"@id":"https:\/\/mont-roig.cat\/es\/aarab-abbas-amir\/#primaryimage"},"image":{"@id":"https:\/\/mont-roig.cat\/es\/aarab-abbas-amir\/#primaryimage"},"thumbnailUrl":"https:\/\/mont-roig.cat\/wp-content\/uploads\/Abbas-Amir.jpg","datePublished":"2016-02-18T09:50:54+00:00","dateModified":"2019-11-28T07:15:16+00:00","breadcrumb":{"@id":"https:\/\/mont-roig.cat\/es\/aarab-abbas-amir\/#breadcrumb"},"inLanguage":"es","potentialAction":[{"@type":"ReadAction","target":["https:\/\/mont-roig.cat\/es\/aarab-abbas-amir\/"]}]},{"@type":"ImageObject","inLanguage":"es","@id":"https:\/\/mont-roig.cat\/es\/aarab-abbas-amir\/#primaryimage","url":"https:\/\/mont-roig.cat\/wp-content\/uploads\/Abbas-Amir.jpg","contentUrl":"https:\/\/mont-roig.cat\/wp-content\/uploads\/Abbas-Amir.jpg"},{"@type":"BreadcrumbList","@id":"https:\/\/mont-roig.cat\/es\/aarab-abbas-amir\/#breadcrumb","itemListElement":[{"@type":"ListItem","position":1,"name":"Inici","item":"https:\/\/mont-roig.cat\/es\/pagina-de-inicio\/"},{"@type":"ListItem","position":2,"name":"Abbas Amir Aarab"}]},{"@type":"WebSite","@id":"https:\/\/mont-roig.cat\/es\/#website","url":"https:\/\/mont-roig.cat\/es\/","name":"Ajuntament de Mont-roig del Camp","description":"Tota la informació sobre la institució, els seus òrgans de govern, actualitat, serveis i molt més.","potentialAction":[{"@type":"SearchAction","target":{"@type":"EntryPoint","urlTemplate":"https:\/\/mont-roig.cat\/es\/?s={search_term_string}"},"query-input":{"@type":"PropertyValueSpecification","valueRequired":true,"valueName":"search_term_string"}}],"inLanguage":"es"}]}</script>
<!-- / Yoast SEO plugin. -->

Abbas Amir Aarab nació en Marruecos el 3 de noviembre de 1980. Vive en el municipio desde su infancia, y actualmente se dedica a la conducción de vehículos de áridos. Está tan implicado en el pueblo que forma parte de diversas entidades como el Club Atlético Mont-roig, del cual es miembro de la junta, además [&hellip;]

Tota la informació sobre la institució, els seus òrgans de govern, actualitat, serveis i molt més.
