{"id":57600,"date":"2021-09-17T11:04:26","date_gmt":"2021-09-17T09:04:26","guid":{"rendered":"https:\/\/mont-roig.cat\/?post_type=tribe_events&#038;p=57600"},"modified":"2021-09-17T11:04:26","modified_gmt":"2021-09-17T09:04:26","slug":"gessami-boada-en-directe","status":"publish","type":"tribe_events","link":"https:\/\/mont-roig.cat\/es\/acte\/gessami-boada-en-directe\/","title":{"rendered":"Gessami Boada, en directe"},"content":{"rendered":"<p><a href=\"https:\/\/mont-roig.cat\/wp-content\/uploads\/GESSAMI-BOADA_Accents_21_INSTA.jpg\"><img loading=\"lazy\" decoding=\"async\" class=\"alignright wp-image-57601\" src=\"https:\/\/mont-roig.cat\/wp-content\/uploads\/GESSAMI-BOADA_Accents_21_INSTA-500x500.jpg\" alt=\"\" width=\"343\" height=\"343\" srcset=\"https:\/\/mont-roig.cat\/wp-content\/uploads\/GESSAMI-BOADA_Accents_21_INSTA-500x500.jpg 500w, https:\/\/mont-roig.cat\/wp-content\/uploads\/GESSAMI-BOADA_Accents_21_INSTA-1024x1024.jpg 1024w, https:\/\/mont-roig.cat\/wp-content\/uploads\/GESSAMI-BOADA_Accents_21_INSTA-50x50.jpg 50w, https:\/\/mont-roig.cat\/wp-content\/uploads\/GESSAMI-BOADA_Accents_21_INSTA-768x768.jpg 768w, https:\/\/mont-roig.cat\/wp-content\/uploads\/GESSAMI-BOADA_Accents_21_INSTA-560x560.jpg 560w, https:\/\/mont-roig.cat\/wp-content\/uploads\/GESSAMI-BOADA_Accents_21_INSTA-367x367.jpg 367w, https:\/\/mont-roig.cat\/wp-content\/uploads\/GESSAMI-BOADA_Accents_21_INSTA-450x450.jpg 450w, https:\/\/mont-roig.cat\/wp-content\/uploads\/GESSAMI-BOADA_Accents_21_INSTA-85x85.jpg 85w, https:\/\/mont-roig.cat\/wp-content\/uploads\/GESSAMI-BOADA_Accents_21_INSTA-45x45.jpg 45w, https:\/\/mont-roig.cat\/wp-content\/uploads\/GESSAMI-BOADA_Accents_21_INSTA.jpg 1200w\" sizes=\"auto, (max-width: 343px) 100vw, 343px\" \/><\/a><\/p>\n<p>Despr\u00e9s de debutar amb &#8220;White Flowers&#8221;(Segell Microscopi, 2018),\u00a0Gessam\u00ed Boada-una de les veus emergents del panorama actual a casa nostra- est\u00e0 girant &#8220;On Comen\u00e7o Jo&#8221; (Segell Microscopi, 2020), el seu segon treball molt potent .<\/p>\n<p>Amb On Comen\u00e7o Jo, Gessam\u00ed Boada\u00a0s&#8217;allunya del jazz amb onze noves can\u00e7ons m\u00e9s properes a un pop amb sonoritats electr\u00f2niques i de l&#8217;indie per\u00f2 mantenint l&#8217;ess\u00e8ncia de cantautora que la caracteritza. Com a &#8220;White Flowers&#8221; (2018), ha fet t\u00e0ndem amb el pianista i productor Kquimi Saigi i junts, han coprodu\u00eft les can\u00e7ons durant mesos per trobar una nova est\u00e8tica musical pr\u00f2pia experimentant. Amb una veu vers\u00e0til, plena de matisos i molt expressiva, ens canta lletres profundes que parlen de canvis, de l&#8217;emerg\u00e8ncia clim\u00e0tica, de l&#8217;empatia i de connectar-se amb un mateix.\u00a0Per aquest \u00e0lbum compta amb les col\u00b7laboracions d&#8217;Enric Verdaguer, Alessio Arena i Elena Gadel.<\/p>\n<p>Despr\u00e9s de presentar-ho a La Nau dins el Curtcircuit, en cicles i festivals per tot Catalunya entre ells el Festival Espurnes i el Festival de Jardins de Pedralbes, Gessam\u00ed Boada actuar\u00e0 al Festival Accents acompanyat de Kquimi Saigi als teclats i segones veus.<\/p>\n","protected":false},"excerpt":{"rendered":"<p>Despr\u00e9s de debutar amb &#8220;White Flowers&#8221;(Segell Microscopi, 2018),\u00a0Gessam\u00ed Boada-una de les veus emergents del panorama actual a casa nostra- est\u00e0 girant &#8220;On Comen\u00e7o Jo&#8221; (Segell Microscopi, 2020), el seu segon treball molt potent . Amb On Comen\u00e7o Jo, Gessam\u00ed Boada\u00a0s&#8217;allunya del jazz amb onze noves can\u00e7ons m\u00e9s properes a un pop amb sonoritats electr\u00f2niques i [&hellip;]<\/p>\n","protected":false},"author":13,"featured_media":57601,"comment_status":"closed","ping_status":"closed","template":"","meta":{"inline_featured_image":false,"_monsterinsights_skip_tracking":false,"_monsterinsights_sitenote_active":false,"_monsterinsights_sitenote_note":"","_monsterinsights_sitenote_category":0,"footnotes":""},"tags":[],"tribe_events_cat":[136,139],"class_list":["post-57600","tribe_events","type-tribe_events","status-publish","has-post-thumbnail","hentry","tribe_events_cat-ajuntament-es","tribe_events_cat-cultura-es","cat_ajuntament-es","cat_cultura-es"],"yoast_head":"<!-- This site is optimized with the Yoast SEO plugin v27.4 - https:\/\/yoast.com\/product\/yoast-seo-wordpress\/ -->\n<title>Gessami Boada, en directe - Ajuntament de Mont-roig del Camp<\/title>\n<meta name=\"robots\" content=\"index, follow, max-snippet:-1, max-image-preview:large, max-video-preview:-1\" \/>\n<link rel=\"canonical\" href=\"https:\/\/mont-roig.cat\/es\/acte\/gessami-boada-en-directe\/\" \/>\n<meta property=\"og:locale\" content=\"es_ES\" \/>\n<meta property=\"og:type\" content=\"article\" \/>\n<meta property=\"og:title\" content=\"Gessami Boada, en directe - Ajuntament de Mont-roig del Camp\" \/>\n<meta property=\"og:description\" content=\"Despr\u00e9s de debutar amb &#8220;White Flowers&#8221;(Segell Microscopi, 2018),\u00a0Gessam\u00ed Boada-una de les veus emergents del panorama actual a casa nostra- est\u00e0 girant &#8220;On Comen\u00e7o Jo&#8221; (Segell Microscopi, 2020), el seu segon treball molt potent . Amb On Comen\u00e7o Jo, Gessam\u00ed Boada\u00a0s&#8217;allunya del jazz amb onze noves can\u00e7ons m\u00e9s properes a un pop amb sonoritats electr\u00f2niques i [&hellip;]\" \/>\n<meta property=\"og:url\" content=\"https:\/\/mont-roig.cat\/es\/acte\/gessami-boada-en-directe\/\" \/>\n<meta property=\"og:site_name\" content=\"Ajuntament de Mont-roig del Camp\" \/>\n<meta property=\"og:image\" content=\"https:\/\/mont-roig.cat\/wp-content\/uploads\/GESSAMI-BOADA_Accents_21_INSTA.jpg\" \/>\n\t<meta property=\"og:image:width\" content=\"1200\" \/>\n\t<meta property=\"og:image:height\" content=\"1200\" \/>\n\t<meta property=\"og:image:type\" content=\"image\/jpeg\" \/>\n<meta name=\"twitter:card\" content=\"summary_large_image\" \/>\n<meta name=\"twitter:label1\" content=\"Tiempo de lectura\" \/>\n\t<meta name=\"twitter:data1\" content=\"2 minutos\" \/>\n<script type=\"application\/ld+json\" class=\"yoast-schema-graph\">{\"@context\":\"https:\\\/\\\/schema.org\",\"@graph\":[{\"@type\":\"WebPage\",\"@id\":\"https:\\\/\\\/mont-roig.cat\\\/es\\\/acte\\\/gessami-boada-en-directe\\\/\",\"url\":\"https:\\\/\\\/mont-roig.cat\\\/es\\\/acte\\\/gessami-boada-en-directe\\\/\",\"name\":\"Gessami Boada, en directe - Ajuntament de Mont-roig del Camp\",\"isPartOf\":{\"@id\":\"https:\\\/\\\/mont-roig.cat\\\/es\\\/#website\"},\"primaryImageOfPage\":{\"@id\":\"https:\\\/\\\/mont-roig.cat\\\/es\\\/acte\\\/gessami-boada-en-directe\\\/#primaryimage\"},\"image\":{\"@id\":\"https:\\\/\\\/mont-roig.cat\\\/es\\\/acte\\\/gessami-boada-en-directe\\\/#primaryimage\"},\"thumbnailUrl\":\"https:\\\/\\\/mont-roig.cat\\\/wp-content\\\/uploads\\\/GESSAMI-BOADA_Accents_21_INSTA.jpg\",\"datePublished\":\"2021-09-17T09:04:26+00:00\",\"breadcrumb\":{\"@id\":\"https:\\\/\\\/mont-roig.cat\\\/es\\\/acte\\\/gessami-boada-en-directe\\\/#breadcrumb\"},\"inLanguage\":\"es\",\"potentialAction\":[{\"@type\":\"ReadAction\",\"target\":[\"https:\\\/\\\/mont-roig.cat\\\/es\\\/acte\\\/gessami-boada-en-directe\\\/\"]}]},{\"@type\":\"ImageObject\",\"inLanguage\":\"es\",\"@id\":\"https:\\\/\\\/mont-roig.cat\\\/es\\\/acte\\\/gessami-boada-en-directe\\\/#primaryimage\",\"url\":\"https:\\\/\\\/mont-roig.cat\\\/wp-content\\\/uploads\\\/GESSAMI-BOADA_Accents_21_INSTA.jpg\",\"contentUrl\":\"https:\\\/\\\/mont-roig.cat\\\/wp-content\\\/uploads\\\/GESSAMI-BOADA_Accents_21_INSTA.jpg\",\"width\":1200,\"height\":1200},{\"@type\":\"BreadcrumbList\",\"@id\":\"https:\\\/\\\/mont-roig.cat\\\/es\\\/acte\\\/gessami-boada-en-directe\\\/#breadcrumb\",\"itemListElement\":[{\"@type\":\"ListItem\",\"position\":1,\"name\":\"Inici\",\"item\":\"https:\\\/\\\/mont-roig.cat\\\/es\\\/pagina-de-inicio\\\/\"},{\"@type\":\"ListItem\",\"position\":2,\"name\":\"Eventos\",\"item\":\"https:\\\/\\\/mont-roig.cat\\\/es\\\/agenda\\\/\"},{\"@type\":\"ListItem\",\"position\":3,\"name\":\"Gessami Boada, en directe\"}]},{\"@type\":\"WebSite\",\"@id\":\"https:\\\/\\\/mont-roig.cat\\\/es\\\/#website\",\"url\":\"https:\\\/\\\/mont-roig.cat\\\/es\\\/\",\"name\":\"Ajuntament de Mont-roig del Camp\",\"description\":\"Tota la informaci\u00f3 sobre la instituci\u00f3, els seus \u00f2rgans de govern, actualitat, serveis i molt m\u00e9s.\",\"potentialAction\":[{\"@type\":\"SearchAction\",\"target\":{\"@type\":\"EntryPoint\",\"urlTemplate\":\"https:\\\/\\\/mont-roig.cat\\\/es\\\/?s={search_term_string}\"},\"query-input\":{\"@type\":\"PropertyValueSpecification\",\"valueRequired\":true,\"valueName\":\"search_term_string\"}}],\"inLanguage\":\"es\"}]}<\/script>\n<!-- \/ Yoast SEO plugin. -->","yoast_head_json":{"title":"Gessami Boada, en directe - Ajuntament de Mont-roig del Camp","robots":{"index":"index","follow":"follow","max-snippet":"max-snippet:-1","max-image-preview":"max-image-preview:large","max-video-preview":"max-video-preview:-1"},"canonical":"https:\/\/mont-roig.cat\/es\/acte\/gessami-boada-en-directe\/","og_locale":"es_ES","og_type":"article","og_title":"Gessami Boada, en directe - Ajuntament de Mont-roig del Camp","og_description":"Despr\u00e9s de debutar amb &#8220;White Flowers&#8221;(Segell Microscopi, 2018),\u00a0Gessam\u00ed Boada-una de les veus emergents del panorama actual a casa nostra- est\u00e0 girant &#8220;On Comen\u00e7o Jo&#8221; (Segell Microscopi, 2020), el seu segon treball molt potent . Amb On Comen\u00e7o Jo, Gessam\u00ed Boada\u00a0s&#8217;allunya del jazz amb onze noves can\u00e7ons m\u00e9s properes a un pop amb sonoritats electr\u00f2niques i [&hellip;]","og_url":"https:\/\/mont-roig.cat\/es\/acte\/gessami-boada-en-directe\/","og_site_name":"Ajuntament de Mont-roig del Camp","og_image":[{"width":1200,"height":1200,"url":"https:\/\/mont-roig.cat\/wp-content\/uploads\/GESSAMI-BOADA_Accents_21_INSTA.jpg","type":"image\/jpeg"}],"twitter_card":"summary_large_image","twitter_misc":{"Tiempo de lectura":"2 minutos"},"schema":{"@context":"https:\/\/schema.org","@graph":[{"@type":"WebPage","@id":"https:\/\/mont-roig.cat\/es\/acte\/gessami-boada-en-directe\/","url":"https:\/\/mont-roig.cat\/es\/acte\/gessami-boada-en-directe\/","name":"Gessami Boada, en directe - Ajuntament de Mont-roig del Camp","isPartOf":{"@id":"https:\/\/mont-roig.cat\/es\/#website"},"primaryImageOfPage":{"@id":"https:\/\/mont-roig.cat\/es\/acte\/gessami-boada-en-directe\/#primaryimage"},"image":{"@id":"https:\/\/mont-roig.cat\/es\/acte\/gessami-boada-en-directe\/#primaryimage"},"thumbnailUrl":"https:\/\/mont-roig.cat\/wp-content\/uploads\/GESSAMI-BOADA_Accents_21_INSTA.jpg","datePublished":"2021-09-17T09:04:26+00:00","breadcrumb":{"@id":"https:\/\/mont-roig.cat\/es\/acte\/gessami-boada-en-directe\/#breadcrumb"},"inLanguage":"es","potentialAction":[{"@type":"ReadAction","target":["https:\/\/mont-roig.cat\/es\/acte\/gessami-boada-en-directe\/"]}]},{"@type":"ImageObject","inLanguage":"es","@id":"https:\/\/mont-roig.cat\/es\/acte\/gessami-boada-en-directe\/#primaryimage","url":"https:\/\/mont-roig.cat\/wp-content\/uploads\/GESSAMI-BOADA_Accents_21_INSTA.jpg","contentUrl":"https:\/\/mont-roig.cat\/wp-content\/uploads\/GESSAMI-BOADA_Accents_21_INSTA.jpg","width":1200,"height":1200},{"@type":"BreadcrumbList","@id":"https:\/\/mont-roig.cat\/es\/acte\/gessami-boada-en-directe\/#breadcrumb","itemListElement":[{"@type":"ListItem","position":1,"name":"Inici","item":"https:\/\/mont-roig.cat\/es\/pagina-de-inicio\/"},{"@type":"ListItem","position":2,"name":"Eventos","item":"https:\/\/mont-roig.cat\/es\/agenda\/"},{"@type":"ListItem","position":3,"name":"Gessami Boada, en directe"}]},{"@type":"WebSite","@id":"https:\/\/mont-roig.cat\/es\/#website","url":"https:\/\/mont-roig.cat\/es\/","name":"Ajuntament de Mont-roig del Camp","description":"Tota la informaci\u00f3 sobre la instituci\u00f3, els seus \u00f2rgans de govern, actualitat, serveis i molt m\u00e9s.","potentialAction":[{"@type":"SearchAction","target":{"@type":"EntryPoint","urlTemplate":"https:\/\/mont-roig.cat\/es\/?s={search_term_string}"},"query-input":{"@type":"PropertyValueSpecification","valueRequired":true,"valueName":"search_term_string"}}],"inLanguage":"es"}]}},"_links":{"self":[{"href":"https:\/\/mont-roig.cat\/es\/wp-json\/wp\/v2\/tribe_events\/57600","targetHints":{"allow":["GET"]}}],"collection":[{"href":"https:\/\/mont-roig.cat\/es\/wp-json\/wp\/v2\/tribe_events"}],"about":[{"href":"https:\/\/mont-roig.cat\/es\/wp-json\/wp\/v2\/types\/tribe_events"}],"author":[{"embeddable":true,"href":"https:\/\/mont-roig.cat\/es\/wp-json\/wp\/v2\/users\/13"}],"replies":[{"embeddable":true,"href":"https:\/\/mont-roig.cat\/es\/wp-json\/wp\/v2\/comments?post=57600"}],"version-history":[{"count":1,"href":"https:\/\/mont-roig.cat\/es\/wp-json\/wp\/v2\/tribe_events\/57600\/revisions"}],"predecessor-version":[{"id":57605,"href":"https:\/\/mont-roig.cat\/es\/wp-json\/wp\/v2\/tribe_events\/57600\/revisions\/57605"}],"wp:featuredmedia":[{"embeddable":true,"href":"https:\/\/mont-roig.cat\/es\/wp-json\/wp\/v2\/media\/57601"}],"wp:attachment":[{"href":"https:\/\/mont-roig.cat\/es\/wp-json\/wp\/v2\/media?parent=57600"}],"wp:term":[{"taxonomy":"post_tag","embeddable":true,"href":"https:\/\/mont-roig.cat\/es\/wp-json\/wp\/v2\/tags?post=57600"},{"taxonomy":"tribe_events_cat","embeddable":true,"href":"https:\/\/mont-roig.cat\/es\/wp-json\/wp\/v2\/tribe_events_cat?post=57600"}],"curies":[{"name":"wp","href":"https:\/\/api.w.org\/{rel}","templated":true}]}}

<p><a href="https://mont-roig.cat/wp-content/uploads/GESSAMI-BOADA_Accents_21_INSTA.jpg"><img loading="lazy" decoding="async" class="alignright wp-image-57601" src="https://mont-roig.cat/wp-content/uploads/GESSAMI-BOADA_Accents_21_INSTA-500x500.jpg" alt="" width="343" height="343" srcset="https://mont-roig.cat/wp-content/uploads/GESSAMI-BOADA_Accents_21_INSTA-500x500.jpg 500w, https://mont-roig.cat/wp-content/uploads/GESSAMI-BOADA_Accents_21_INSTA-1024x1024.jpg 1024w, https://mont-roig.cat/wp-content/uploads/GESSAMI-BOADA_Accents_21_INSTA-50x50.jpg 50w, https://mont-roig.cat/wp-content/uploads/GESSAMI-BOADA_Accents_21_INSTA-768x768.jpg 768w, https://mont-roig.cat/wp-content/uploads/GESSAMI-BOADA_Accents_21_INSTA-560x560.jpg 560w, https://mont-roig.cat/wp-content/uploads/GESSAMI-BOADA_Accents_21_INSTA-367x367.jpg 367w, https://mont-roig.cat/wp-content/uploads/GESSAMI-BOADA_Accents_21_INSTA-450x450.jpg 450w, https://mont-roig.cat/wp-content/uploads/GESSAMI-BOADA_Accents_21_INSTA-85x85.jpg 85w, https://mont-roig.cat/wp-content/uploads/GESSAMI-BOADA_Accents_21_INSTA-45x45.jpg 45w, https://mont-roig.cat/wp-content/uploads/GESSAMI-BOADA_Accents_21_INSTA.jpg 1200w" sizes="auto, (max-width: 343px) 100vw, 343px" /></a></p>
<p>Després de debutar amb &#8220;White Flowers&#8221;(Segell Microscopi, 2018), Gessamí Boada-una de les veus emergents del panorama actual a casa nostra- està girant &#8220;On Començo Jo&#8221; (Segell Microscopi, 2020), el seu segon treball molt potent .</p>
<p>Amb On Començo Jo, Gessamí Boada s&#8217;allunya del jazz amb onze noves cançons més properes a un pop amb sonoritats electròniques i de l&#8217;indie però mantenint l&#8217;essència de cantautora que la caracteritza. Com a &#8220;White Flowers&#8221; (2018), ha fet tàndem amb el pianista i productor Kquimi Saigi i junts, han coproduït les cançons durant mesos per trobar una nova estètica musical pròpia experimentant. Amb una veu versàtil, plena de matisos i molt expressiva, ens canta lletres profundes que parlen de canvis, de l&#8217;emergència climàtica, de l&#8217;empatia i de connectar-se amb un mateix. Per aquest àlbum compta amb les col·laboracions d&#8217;Enric Verdaguer, Alessio Arena i Elena Gadel.</p>
<p>Després de presentar-ho a La Nau dins el Curtcircuit, en cicles i festivals per tot Catalunya entre ells el Festival Espurnes i el Festival de Jardins de Pedralbes, Gessamí Boada actuarà al Festival Accents acompanyat de Kquimi Saigi als teclats i segones veus.</p>

<p>Després de debutar amb &#8220;White Flowers&#8221;(Segell Microscopi, 2018), Gessamí Boada-una de les veus emergents del panorama actual a casa nostra- està girant &#8220;On Començo Jo&#8221; (Segell Microscopi, 2020), el seu segon treball molt potent . Amb On Començo Jo, Gessamí Boada s&#8217;allunya del jazz amb onze noves cançons més properes a un pop amb sonoritats electròniques i [&hellip;]</p>

<!-- This site is optimized with the Yoast SEO plugin v27.4 - https://yoast.com/product/yoast-seo-wordpress/ -->
<title>Gessami Boada, en directe - Ajuntament de Mont-roig del Camp</title>
<meta name="robots" content="index, follow, max-snippet:-1, max-image-preview:large, max-video-preview:-1" />
<link rel="canonical" href="https://mont-roig.cat/es/acte/gessami-boada-en-directe/" />
<meta property="og:locale" content="es_ES" />
<meta property="og:type" content="article" />
<meta property="og:title" content="Gessami Boada, en directe - Ajuntament de Mont-roig del Camp" />
<meta property="og:description" content="Després de debutar amb &#8220;White Flowers&#8221;(Segell Microscopi, 2018), Gessamí Boada-una de les veus emergents del panorama actual a casa nostra- està girant &#8220;On Començo Jo&#8221; (Segell Microscopi, 2020), el seu segon treball molt potent . Amb On Començo Jo, Gessamí Boada s&#8217;allunya del jazz amb onze noves cançons més properes a un pop amb sonoritats electròniques i [&hellip;]" />
<meta property="og:url" content="https://mont-roig.cat/es/acte/gessami-boada-en-directe/" />
<meta property="og:site_name" content="Ajuntament de Mont-roig del Camp" />
<meta property="og:image" content="https://mont-roig.cat/wp-content/uploads/GESSAMI-BOADA_Accents_21_INSTA.jpg" />
	<meta property="og:image:width" content="1200" />
	<meta property="og:image:height" content="1200" />
	<meta property="og:image:type" content="image/jpeg" />
<meta name="twitter:card" content="summary_large_image" />
<meta name="twitter:label1" content="Tiempo de lectura" />
	<meta name="twitter:data1" content="2 minutos" />
<script type="application/ld+json" class="yoast-schema-graph">{"@context":"https:\/\/schema.org","@graph":[{"@type":"WebPage","@id":"https:\/\/mont-roig.cat\/es\/acte\/gessami-boada-en-directe\/","url":"https:\/\/mont-roig.cat\/es\/acte\/gessami-boada-en-directe\/","name":"Gessami Boada, en directe - Ajuntament de Mont-roig del Camp","isPartOf":{"@id":"https:\/\/mont-roig.cat\/es\/#website"},"primaryImageOfPage":{"@id":"https:\/\/mont-roig.cat\/es\/acte\/gessami-boada-en-directe\/#primaryimage"},"image":{"@id":"https:\/\/mont-roig.cat\/es\/acte\/gessami-boada-en-directe\/#primaryimage"},"thumbnailUrl":"https:\/\/mont-roig.cat\/wp-content\/uploads\/GESSAMI-BOADA_Accents_21_INSTA.jpg","datePublished":"2021-09-17T09:04:26+00:00","breadcrumb":{"@id":"https:\/\/mont-roig.cat\/es\/acte\/gessami-boada-en-directe\/#breadcrumb"},"inLanguage":"es","potentialAction":[{"@type":"ReadAction","target":["https:\/\/mont-roig.cat\/es\/acte\/gessami-boada-en-directe\/"]}]},{"@type":"ImageObject","inLanguage":"es","@id":"https:\/\/mont-roig.cat\/es\/acte\/gessami-boada-en-directe\/#primaryimage","url":"https:\/\/mont-roig.cat\/wp-content\/uploads\/GESSAMI-BOADA_Accents_21_INSTA.jpg","contentUrl":"https:\/\/mont-roig.cat\/wp-content\/uploads\/GESSAMI-BOADA_Accents_21_INSTA.jpg","width":1200,"height":1200},{"@type":"BreadcrumbList","@id":"https:\/\/mont-roig.cat\/es\/acte\/gessami-boada-en-directe\/#breadcrumb","itemListElement":[{"@type":"ListItem","position":1,"name":"Inici","item":"https:\/\/mont-roig.cat\/es\/pagina-de-inicio\/"},{"@type":"ListItem","position":2,"name":"Eventos","item":"https:\/\/mont-roig.cat\/es\/agenda\/"},{"@type":"ListItem","position":3,"name":"Gessami Boada, en directe"}]},{"@type":"WebSite","@id":"https:\/\/mont-roig.cat\/es\/#website","url":"https:\/\/mont-roig.cat\/es\/","name":"Ajuntament de Mont-roig del Camp","description":"Tota la informació sobre la institució, els seus òrgans de govern, actualitat, serveis i molt més.","potentialAction":[{"@type":"SearchAction","target":{"@type":"EntryPoint","urlTemplate":"https:\/\/mont-roig.cat\/es\/?s={search_term_string}"},"query-input":{"@type":"PropertyValueSpecification","valueRequired":true,"valueName":"search_term_string"}}],"inLanguage":"es"}]}</script>
<!-- / Yoast SEO plugin. -->

Després de debutar amb &#8220;White Flowers&#8221;(Segell Microscopi, 2018), Gessamí Boada-una de les veus emergents del panorama actual a casa nostra- està girant &#8220;On Començo Jo&#8221; (Segell Microscopi, 2020), el seu segon treball molt potent . Amb On Començo Jo, Gessamí Boada s&#8217;allunya del jazz amb onze noves cançons més properes a un pop amb sonoritats electròniques i [&hellip;]

Tota la informació sobre la institució, els seus òrgans de govern, actualitat, serveis i molt més.
