{"id":58617,"date":"2021-11-08T12:56:23","date_gmt":"2021-11-08T11:56:23","guid":{"rendered":"https:\/\/mont-roig.cat\/?post_type=tribe_events&#038;p=58617"},"modified":"2021-11-08T12:57:09","modified_gmt":"2021-11-08T11:57:09","slug":"expedicio-miami","status":"publish","type":"tribe_events","link":"https:\/\/mont-roig.cat\/es\/acte\/expedicio-miami\/","title":{"rendered":"Expedici\u00f3 Miami"},"content":{"rendered":"<div dir=\"auto\"><a href=\"https:\/\/mont-roig.cat\/wp-content\/uploads\/EXPEDICIO-MIAMI.png\"><img loading=\"lazy\" decoding=\"async\" class=\"alignright wp-image-58611 \" src=\"https:\/\/mont-roig.cat\/wp-content\/uploads\/EXPEDICIO-MIAMI-353x500.png\" alt=\"\" width=\"301\" height=\"426\" srcset=\"https:\/\/mont-roig.cat\/wp-content\/uploads\/EXPEDICIO-MIAMI-353x500.png 353w, https:\/\/mont-roig.cat\/wp-content\/uploads\/EXPEDICIO-MIAMI-724x1024.png 724w, https:\/\/mont-roig.cat\/wp-content\/uploads\/EXPEDICIO-MIAMI-768x1086.png 768w, https:\/\/mont-roig.cat\/wp-content\/uploads\/EXPEDICIO-MIAMI-1086x1536.png 1086w, https:\/\/mont-roig.cat\/wp-content\/uploads\/EXPEDICIO-MIAMI-1448x2048.png 1448w, https:\/\/mont-roig.cat\/wp-content\/uploads\/EXPEDICIO-MIAMI.png 1587w\" sizes=\"auto, (max-width: 301px) 100vw, 301px\" \/><\/a><\/div>\n<div dir=\"auto\">L\u2019Escola de Fam\u00edlies ofereix la segona activitat d\u2019orientaci\u00f3 i descoberta en fam\u00edlia, Expedici\u00f3 Miami.<\/div>\n<div dir=\"auto\"><span class=\"pq6dq46d tbxw36s4 knj5qynh kvgmc6g5 ditlmg2l oygrvhab nvdbi5me sf5mxxl7 gl3lb2sf hhz5lgdu\"><img loading=\"lazy\" decoding=\"async\" src=\"https:\/\/static.xx.fbcdn.net\/images\/emoji.php\/v9\/t7e\/1\/16\/1f4c5.png\" alt=\"\ud83d\udcc5\" width=\"16\" height=\"16\" \/><\/span>L\u2019activitat, que es realitzar\u00e0 el pr\u00f2xim diumenge 14 de novembre, ser\u00e0 gratu\u00efta i s\u2019iniciar\u00e0 a <span class=\"pq6dq46d tbxw36s4 knj5qynh kvgmc6g5 ditlmg2l oygrvhab nvdbi5me sf5mxxl7 gl3lb2sf hhz5lgdu\"><img loading=\"lazy\" decoding=\"async\" src=\"https:\/\/static.xx.fbcdn.net\/images\/emoji.php\/v9\/t2d\/1\/16\/1f4cd.png\" alt=\"\ud83d\udccd\" width=\"16\" height=\"16\" \/><\/span> l\u2019interior del camp de futbol de Miami Platja.<\/div>\n<div dir=\"auto\"><span class=\"pq6dq46d tbxw36s4 knj5qynh kvgmc6g5 ditlmg2l oygrvhab nvdbi5me sf5mxxl7 gl3lb2sf hhz5lgdu\"><img loading=\"lazy\" decoding=\"async\" src=\"https:\/\/static.xx.fbcdn.net\/images\/emoji.php\/v9\/td8\/1\/16\/1f4f2.png\" alt=\"\ud83d\udcf2\" width=\"16\" height=\"16\" \/><\/span>Les fam\u00edlies que hi vulguin participar han de reservar l\u2019entrada a trav\u00e9s del web <a class=\"oajrlxb2 g5ia77u1 qu0x051f esr5mh6w e9989ue4 r7d6kgcz rq0escxv nhd2j8a9 nc684nl6 p7hjln8o kvgmc6g5 cxmmr5t8 oygrvhab hcukyx3x jb3vyjys rz4wbd8a qt6c0cv9 a8nywdso i1ao9s8h esuyzwwr f1sip0of lzcic4wl py34i1dx gpro0wi8\" tabindex=\"0\" role=\"link\" href=\"https:\/\/www.entrapolis.com\/ca\/?fbclid=IwAR3poQydV-ca0KF3u2EHw0C19tdy1GSyVhOrcky3sK_ZJKXK_OjqDQN1eEA\" target=\"_blank\" rel=\"nofollow noopener\">https:\/\/www.entrapolis.com\/ca\/<\/a>.<\/div>\n","protected":false},"excerpt":{"rendered":"<p>L\u2019Escola de Fam\u00edlies ofereix la segona activitat d\u2019orientaci\u00f3 i descoberta en fam\u00edlia, Expedici\u00f3 Miami. L\u2019activitat, que es realitzar\u00e0 el pr\u00f2xim diumenge 14 de novembre, ser\u00e0 gratu\u00efta i s\u2019iniciar\u00e0 a l\u2019interior del camp de futbol de Miami Platja. Les fam\u00edlies que hi vulguin participar han de reservar l\u2019entrada a trav\u00e9s del web https:\/\/www.entrapolis.com\/ca\/.<\/p>\n","protected":false},"author":13,"featured_media":58611,"comment_status":"closed","ping_status":"closed","template":"","meta":{"inline_featured_image":false,"_monsterinsights_skip_tracking":false,"_monsterinsights_sitenote_active":false,"_monsterinsights_sitenote_note":"","_monsterinsights_sitenote_category":0,"footnotes":""},"tags":[],"tribe_events_cat":[136],"class_list":["post-58617","tribe_events","type-tribe_events","status-publish","has-post-thumbnail","hentry","tribe_events_cat-ajuntament-es","cat_ajuntament-es"],"yoast_head":"<!-- This site is optimized with the Yoast SEO plugin v27.4 - https:\/\/yoast.com\/product\/yoast-seo-wordpress\/ -->\n<title>Expedici\u00f3 Miami - Ajuntament de Mont-roig del Camp<\/title>\n<meta name=\"robots\" content=\"index, follow, max-snippet:-1, max-image-preview:large, max-video-preview:-1\" \/>\n<link rel=\"canonical\" href=\"https:\/\/mont-roig.cat\/es\/acte\/expedicio-miami\/\" \/>\n<meta property=\"og:locale\" content=\"es_ES\" \/>\n<meta property=\"og:type\" content=\"article\" \/>\n<meta property=\"og:title\" content=\"Expedici\u00f3 Miami - Ajuntament de Mont-roig del Camp\" \/>\n<meta property=\"og:description\" content=\"L\u2019Escola de Fam\u00edlies ofereix la segona activitat d\u2019orientaci\u00f3 i descoberta en fam\u00edlia, Expedici\u00f3 Miami. L\u2019activitat, que es realitzar\u00e0 el pr\u00f2xim diumenge 14 de novembre, ser\u00e0 gratu\u00efta i s\u2019iniciar\u00e0 a l\u2019interior del camp de futbol de Miami Platja. Les fam\u00edlies que hi vulguin participar han de reservar l\u2019entrada a trav\u00e9s del web https:\/\/www.entrapolis.com\/ca\/.\" \/>\n<meta property=\"og:url\" content=\"https:\/\/mont-roig.cat\/es\/acte\/expedicio-miami\/\" \/>\n<meta property=\"og:site_name\" content=\"Ajuntament de Mont-roig del Camp\" \/>\n<meta property=\"article:modified_time\" content=\"2021-11-08T11:57:09+00:00\" \/>\n<meta property=\"og:image\" content=\"https:\/\/mont-roig.cat\/wp-content\/uploads\/EXPEDICIO-MIAMI.png\" \/>\n\t<meta property=\"og:image:width\" content=\"1587\" \/>\n\t<meta property=\"og:image:height\" content=\"2245\" \/>\n\t<meta property=\"og:image:type\" content=\"image\/png\" \/>\n<meta name=\"twitter:card\" content=\"summary_large_image\" \/>\n<script type=\"application\/ld+json\" class=\"yoast-schema-graph\">{\"@context\":\"https:\\\/\\\/schema.org\",\"@graph\":[{\"@type\":\"WebPage\",\"@id\":\"https:\\\/\\\/mont-roig.cat\\\/es\\\/acte\\\/expedicio-miami\\\/\",\"url\":\"https:\\\/\\\/mont-roig.cat\\\/es\\\/acte\\\/expedicio-miami\\\/\",\"name\":\"Expedici\u00f3 Miami - Ajuntament de Mont-roig del Camp\",\"isPartOf\":{\"@id\":\"https:\\\/\\\/mont-roig.cat\\\/es\\\/#website\"},\"primaryImageOfPage\":{\"@id\":\"https:\\\/\\\/mont-roig.cat\\\/es\\\/acte\\\/expedicio-miami\\\/#primaryimage\"},\"image\":{\"@id\":\"https:\\\/\\\/mont-roig.cat\\\/es\\\/acte\\\/expedicio-miami\\\/#primaryimage\"},\"thumbnailUrl\":\"https:\\\/\\\/mont-roig.cat\\\/wp-content\\\/uploads\\\/EXPEDICIO-MIAMI.png\",\"datePublished\":\"2021-11-08T11:56:23+00:00\",\"dateModified\":\"2021-11-08T11:57:09+00:00\",\"breadcrumb\":{\"@id\":\"https:\\\/\\\/mont-roig.cat\\\/es\\\/acte\\\/expedicio-miami\\\/#breadcrumb\"},\"inLanguage\":\"es\",\"potentialAction\":[{\"@type\":\"ReadAction\",\"target\":[\"https:\\\/\\\/mont-roig.cat\\\/es\\\/acte\\\/expedicio-miami\\\/\"]}]},{\"@type\":\"ImageObject\",\"inLanguage\":\"es\",\"@id\":\"https:\\\/\\\/mont-roig.cat\\\/es\\\/acte\\\/expedicio-miami\\\/#primaryimage\",\"url\":\"https:\\\/\\\/mont-roig.cat\\\/wp-content\\\/uploads\\\/EXPEDICIO-MIAMI.png\",\"contentUrl\":\"https:\\\/\\\/mont-roig.cat\\\/wp-content\\\/uploads\\\/EXPEDICIO-MIAMI.png\",\"width\":1587,\"height\":2245},{\"@type\":\"BreadcrumbList\",\"@id\":\"https:\\\/\\\/mont-roig.cat\\\/es\\\/acte\\\/expedicio-miami\\\/#breadcrumb\",\"itemListElement\":[{\"@type\":\"ListItem\",\"position\":1,\"name\":\"Inici\",\"item\":\"https:\\\/\\\/mont-roig.cat\\\/es\\\/pagina-de-inicio\\\/\"},{\"@type\":\"ListItem\",\"position\":2,\"name\":\"Eventos\",\"item\":\"https:\\\/\\\/mont-roig.cat\\\/es\\\/agenda\\\/\"},{\"@type\":\"ListItem\",\"position\":3,\"name\":\"Expedici\u00f3 Miami\"}]},{\"@type\":\"WebSite\",\"@id\":\"https:\\\/\\\/mont-roig.cat\\\/es\\\/#website\",\"url\":\"https:\\\/\\\/mont-roig.cat\\\/es\\\/\",\"name\":\"Ajuntament de Mont-roig del Camp\",\"description\":\"Tota la informaci\u00f3 sobre la instituci\u00f3, els seus \u00f2rgans de govern, actualitat, serveis i molt m\u00e9s.\",\"potentialAction\":[{\"@type\":\"SearchAction\",\"target\":{\"@type\":\"EntryPoint\",\"urlTemplate\":\"https:\\\/\\\/mont-roig.cat\\\/es\\\/?s={search_term_string}\"},\"query-input\":{\"@type\":\"PropertyValueSpecification\",\"valueRequired\":true,\"valueName\":\"search_term_string\"}}],\"inLanguage\":\"es\"}]}<\/script>\n<!-- \/ Yoast SEO plugin. -->","yoast_head_json":{"title":"Expedici\u00f3 Miami - Ajuntament de Mont-roig del Camp","robots":{"index":"index","follow":"follow","max-snippet":"max-snippet:-1","max-image-preview":"max-image-preview:large","max-video-preview":"max-video-preview:-1"},"canonical":"https:\/\/mont-roig.cat\/es\/acte\/expedicio-miami\/","og_locale":"es_ES","og_type":"article","og_title":"Expedici\u00f3 Miami - Ajuntament de Mont-roig del Camp","og_description":"L\u2019Escola de Fam\u00edlies ofereix la segona activitat d\u2019orientaci\u00f3 i descoberta en fam\u00edlia, Expedici\u00f3 Miami. L\u2019activitat, que es realitzar\u00e0 el pr\u00f2xim diumenge 14 de novembre, ser\u00e0 gratu\u00efta i s\u2019iniciar\u00e0 a l\u2019interior del camp de futbol de Miami Platja. Les fam\u00edlies que hi vulguin participar han de reservar l\u2019entrada a trav\u00e9s del web https:\/\/www.entrapolis.com\/ca\/.","og_url":"https:\/\/mont-roig.cat\/es\/acte\/expedicio-miami\/","og_site_name":"Ajuntament de Mont-roig del Camp","article_modified_time":"2021-11-08T11:57:09+00:00","og_image":[{"width":1587,"height":2245,"url":"https:\/\/mont-roig.cat\/wp-content\/uploads\/EXPEDICIO-MIAMI.png","type":"image\/png"}],"twitter_card":"summary_large_image","schema":{"@context":"https:\/\/schema.org","@graph":[{"@type":"WebPage","@id":"https:\/\/mont-roig.cat\/es\/acte\/expedicio-miami\/","url":"https:\/\/mont-roig.cat\/es\/acte\/expedicio-miami\/","name":"Expedici\u00f3 Miami - Ajuntament de Mont-roig del Camp","isPartOf":{"@id":"https:\/\/mont-roig.cat\/es\/#website"},"primaryImageOfPage":{"@id":"https:\/\/mont-roig.cat\/es\/acte\/expedicio-miami\/#primaryimage"},"image":{"@id":"https:\/\/mont-roig.cat\/es\/acte\/expedicio-miami\/#primaryimage"},"thumbnailUrl":"https:\/\/mont-roig.cat\/wp-content\/uploads\/EXPEDICIO-MIAMI.png","datePublished":"2021-11-08T11:56:23+00:00","dateModified":"2021-11-08T11:57:09+00:00","breadcrumb":{"@id":"https:\/\/mont-roig.cat\/es\/acte\/expedicio-miami\/#breadcrumb"},"inLanguage":"es","potentialAction":[{"@type":"ReadAction","target":["https:\/\/mont-roig.cat\/es\/acte\/expedicio-miami\/"]}]},{"@type":"ImageObject","inLanguage":"es","@id":"https:\/\/mont-roig.cat\/es\/acte\/expedicio-miami\/#primaryimage","url":"https:\/\/mont-roig.cat\/wp-content\/uploads\/EXPEDICIO-MIAMI.png","contentUrl":"https:\/\/mont-roig.cat\/wp-content\/uploads\/EXPEDICIO-MIAMI.png","width":1587,"height":2245},{"@type":"BreadcrumbList","@id":"https:\/\/mont-roig.cat\/es\/acte\/expedicio-miami\/#breadcrumb","itemListElement":[{"@type":"ListItem","position":1,"name":"Inici","item":"https:\/\/mont-roig.cat\/es\/pagina-de-inicio\/"},{"@type":"ListItem","position":2,"name":"Eventos","item":"https:\/\/mont-roig.cat\/es\/agenda\/"},{"@type":"ListItem","position":3,"name":"Expedici\u00f3 Miami"}]},{"@type":"WebSite","@id":"https:\/\/mont-roig.cat\/es\/#website","url":"https:\/\/mont-roig.cat\/es\/","name":"Ajuntament de Mont-roig del Camp","description":"Tota la informaci\u00f3 sobre la instituci\u00f3, els seus \u00f2rgans de govern, actualitat, serveis i molt m\u00e9s.","potentialAction":[{"@type":"SearchAction","target":{"@type":"EntryPoint","urlTemplate":"https:\/\/mont-roig.cat\/es\/?s={search_term_string}"},"query-input":{"@type":"PropertyValueSpecification","valueRequired":true,"valueName":"search_term_string"}}],"inLanguage":"es"}]}},"_links":{"self":[{"href":"https:\/\/mont-roig.cat\/es\/wp-json\/wp\/v2\/tribe_events\/58617","targetHints":{"allow":["GET"]}}],"collection":[{"href":"https:\/\/mont-roig.cat\/es\/wp-json\/wp\/v2\/tribe_events"}],"about":[{"href":"https:\/\/mont-roig.cat\/es\/wp-json\/wp\/v2\/types\/tribe_events"}],"author":[{"embeddable":true,"href":"https:\/\/mont-roig.cat\/es\/wp-json\/wp\/v2\/users\/13"}],"replies":[{"embeddable":true,"href":"https:\/\/mont-roig.cat\/es\/wp-json\/wp\/v2\/comments?post=58617"}],"version-history":[{"count":1,"href":"https:\/\/mont-roig.cat\/es\/wp-json\/wp\/v2\/tribe_events\/58617\/revisions"}],"predecessor-version":[{"id":58618,"href":"https:\/\/mont-roig.cat\/es\/wp-json\/wp\/v2\/tribe_events\/58617\/revisions\/58618"}],"wp:featuredmedia":[{"embeddable":true,"href":"https:\/\/mont-roig.cat\/es\/wp-json\/wp\/v2\/media\/58611"}],"wp:attachment":[{"href":"https:\/\/mont-roig.cat\/es\/wp-json\/wp\/v2\/media?parent=58617"}],"wp:term":[{"taxonomy":"post_tag","embeddable":true,"href":"https:\/\/mont-roig.cat\/es\/wp-json\/wp\/v2\/tags?post=58617"},{"taxonomy":"tribe_events_cat","embeddable":true,"href":"https:\/\/mont-roig.cat\/es\/wp-json\/wp\/v2\/tribe_events_cat?post=58617"}],"curies":[{"name":"wp","href":"https:\/\/api.w.org\/{rel}","templated":true}]}}

Expedició Miami

<div dir="auto"><a href="https://mont-roig.cat/wp-content/uploads/EXPEDICIO-MIAMI.png"><img loading="lazy" decoding="async" class="alignright wp-image-58611 " src="https://mont-roig.cat/wp-content/uploads/EXPEDICIO-MIAMI-353x500.png" alt="" width="301" height="426" srcset="https://mont-roig.cat/wp-content/uploads/EXPEDICIO-MIAMI-353x500.png 353w, https://mont-roig.cat/wp-content/uploads/EXPEDICIO-MIAMI-724x1024.png 724w, https://mont-roig.cat/wp-content/uploads/EXPEDICIO-MIAMI-768x1086.png 768w, https://mont-roig.cat/wp-content/uploads/EXPEDICIO-MIAMI-1086x1536.png 1086w, https://mont-roig.cat/wp-content/uploads/EXPEDICIO-MIAMI-1448x2048.png 1448w, https://mont-roig.cat/wp-content/uploads/EXPEDICIO-MIAMI.png 1587w" sizes="auto, (max-width: 301px) 100vw, 301px" /></a></div>
<div dir="auto">L’Escola de Famílies ofereix la segona activitat d’orientació i descoberta en família, Expedició Miami.</div>
<div dir="auto"><span class="pq6dq46d tbxw36s4 knj5qynh kvgmc6g5 ditlmg2l oygrvhab nvdbi5me sf5mxxl7 gl3lb2sf hhz5lgdu"><img loading="lazy" decoding="async" src="https://static.xx.fbcdn.net/images/emoji.php/v9/t7e/1/16/1f4c5.png" alt="📅" width="16" height="16" /></span>L’activitat, que es realitzarà el pròxim diumenge 14 de novembre, serà gratuïta i s’iniciarà a <span class="pq6dq46d tbxw36s4 knj5qynh kvgmc6g5 ditlmg2l oygrvhab nvdbi5me sf5mxxl7 gl3lb2sf hhz5lgdu"><img loading="lazy" decoding="async" src="https://static.xx.fbcdn.net/images/emoji.php/v9/t2d/1/16/1f4cd.png" alt="📍" width="16" height="16" /></span> l’interior del camp de futbol de Miami Platja.</div>
<div dir="auto"><span class="pq6dq46d tbxw36s4 knj5qynh kvgmc6g5 ditlmg2l oygrvhab nvdbi5me sf5mxxl7 gl3lb2sf hhz5lgdu"><img loading="lazy" decoding="async" src="https://static.xx.fbcdn.net/images/emoji.php/v9/td8/1/16/1f4f2.png" alt="📲" width="16" height="16" /></span>Les famílies que hi vulguin participar han de reservar l’entrada a través del web <a class="oajrlxb2 g5ia77u1 qu0x051f esr5mh6w e9989ue4 r7d6kgcz rq0escxv nhd2j8a9 nc684nl6 p7hjln8o kvgmc6g5 cxmmr5t8 oygrvhab hcukyx3x jb3vyjys rz4wbd8a qt6c0cv9 a8nywdso i1ao9s8h esuyzwwr f1sip0of lzcic4wl py34i1dx gpro0wi8" tabindex="0" role="link" href="https://www.entrapolis.com/ca/?fbclid=IwAR3poQydV-ca0KF3u2EHw0C19tdy1GSyVhOrcky3sK_ZJKXK_OjqDQN1eEA" target="_blank" rel="nofollow noopener">https://www.entrapolis.com/ca/</a>.</div>

<p>L’Escola de Famílies ofereix la segona activitat d’orientació i descoberta en família, Expedició Miami. L’activitat, que es realitzarà el pròxim diumenge 14 de novembre, serà gratuïta i s’iniciarà a l’interior del camp de futbol de Miami Platja. Les famílies que hi vulguin participar han de reservar l’entrada a través del web https://www.entrapolis.com/ca/.</p>

<!-- This site is optimized with the Yoast SEO plugin v27.4 - https://yoast.com/product/yoast-seo-wordpress/ -->
<title>Expedició Miami - Ajuntament de Mont-roig del Camp</title>
<meta name="robots" content="index, follow, max-snippet:-1, max-image-preview:large, max-video-preview:-1" />
<link rel="canonical" href="https://mont-roig.cat/es/acte/expedicio-miami/" />
<meta property="og:locale" content="es_ES" />
<meta property="og:type" content="article" />
<meta property="og:title" content="Expedició Miami - Ajuntament de Mont-roig del Camp" />
<meta property="og:description" content="L’Escola de Famílies ofereix la segona activitat d’orientació i descoberta en família, Expedició Miami. L’activitat, que es realitzarà el pròxim diumenge 14 de novembre, serà gratuïta i s’iniciarà a l’interior del camp de futbol de Miami Platja. Les famílies que hi vulguin participar han de reservar l’entrada a través del web https://www.entrapolis.com/ca/." />
<meta property="og:url" content="https://mont-roig.cat/es/acte/expedicio-miami/" />
<meta property="og:site_name" content="Ajuntament de Mont-roig del Camp" />
<meta property="article:modified_time" content="2021-11-08T11:57:09+00:00" />
<meta property="og:image" content="https://mont-roig.cat/wp-content/uploads/EXPEDICIO-MIAMI.png" />
	<meta property="og:image:width" content="1587" />
	<meta property="og:image:height" content="2245" />
	<meta property="og:image:type" content="image/png" />
<meta name="twitter:card" content="summary_large_image" />
<script type="application/ld+json" class="yoast-schema-graph">{"@context":"https:\/\/schema.org","@graph":[{"@type":"WebPage","@id":"https:\/\/mont-roig.cat\/es\/acte\/expedicio-miami\/","url":"https:\/\/mont-roig.cat\/es\/acte\/expedicio-miami\/","name":"Expedició Miami - Ajuntament de Mont-roig del Camp","isPartOf":{"@id":"https:\/\/mont-roig.cat\/es\/#website"},"primaryImageOfPage":{"@id":"https:\/\/mont-roig.cat\/es\/acte\/expedicio-miami\/#primaryimage"},"image":{"@id":"https:\/\/mont-roig.cat\/es\/acte\/expedicio-miami\/#primaryimage"},"thumbnailUrl":"https:\/\/mont-roig.cat\/wp-content\/uploads\/EXPEDICIO-MIAMI.png","datePublished":"2021-11-08T11:56:23+00:00","dateModified":"2021-11-08T11:57:09+00:00","breadcrumb":{"@id":"https:\/\/mont-roig.cat\/es\/acte\/expedicio-miami\/#breadcrumb"},"inLanguage":"es","potentialAction":[{"@type":"ReadAction","target":["https:\/\/mont-roig.cat\/es\/acte\/expedicio-miami\/"]}]},{"@type":"ImageObject","inLanguage":"es","@id":"https:\/\/mont-roig.cat\/es\/acte\/expedicio-miami\/#primaryimage","url":"https:\/\/mont-roig.cat\/wp-content\/uploads\/EXPEDICIO-MIAMI.png","contentUrl":"https:\/\/mont-roig.cat\/wp-content\/uploads\/EXPEDICIO-MIAMI.png","width":1587,"height":2245},{"@type":"BreadcrumbList","@id":"https:\/\/mont-roig.cat\/es\/acte\/expedicio-miami\/#breadcrumb","itemListElement":[{"@type":"ListItem","position":1,"name":"Inici","item":"https:\/\/mont-roig.cat\/es\/pagina-de-inicio\/"},{"@type":"ListItem","position":2,"name":"Eventos","item":"https:\/\/mont-roig.cat\/es\/agenda\/"},{"@type":"ListItem","position":3,"name":"Expedició Miami"}]},{"@type":"WebSite","@id":"https:\/\/mont-roig.cat\/es\/#website","url":"https:\/\/mont-roig.cat\/es\/","name":"Ajuntament de Mont-roig del Camp","description":"Tota la informació sobre la institució, els seus òrgans de govern, actualitat, serveis i molt més.","potentialAction":[{"@type":"SearchAction","target":{"@type":"EntryPoint","urlTemplate":"https:\/\/mont-roig.cat\/es\/?s={search_term_string}"},"query-input":{"@type":"PropertyValueSpecification","valueRequired":true,"valueName":"search_term_string"}}],"inLanguage":"es"}]}</script>
<!-- / Yoast SEO plugin. -->

Expedició Miami - Ajuntament de Mont-roig del Camp

L’Escola de Famílies ofereix la segona activitat d’orientació i descoberta en família, Expedició Miami. L’activitat, que es realitzarà el pròxim diumenge 14 de novembre, serà gratuïta i s’iniciarà a l’interior del camp de futbol de Miami Platja. Les famílies que hi vulguin participar han de reservar l’entrada a través del web https://www.entrapolis.com/ca/.

Tota la informació sobre la institució, els seus òrgans de govern, actualitat, serveis i molt més.
