{"id":60983,"date":"2022-03-02T14:08:53","date_gmt":"2022-03-02T13:08:53","guid":{"rendered":"https:\/\/mont-roig.cat\/?post_type=tribe_events&#038;p=60983"},"modified":"2022-03-02T14:09:14","modified_gmt":"2022-03-02T13:09:14","slug":"presentacio-del-llibre-mont-roig-en-el-segle-xix-un-temps-convuls-de-marti-rom","status":"publish","type":"tribe_events","link":"https:\/\/mont-roig.cat\/es\/acte\/presentacio-del-llibre-mont-roig-en-el-segle-xix-un-temps-convuls-de-marti-rom\/","title":{"rendered":"Presentaci\u00f3 del llibre &#8216;Mont-roig en el segle XIX: Un temps convuls&#8217; de Mart\u00ed Rom"},"content":{"rendered":"<p><a href=\"https:\/\/mont-roig.cat\/wp-content\/uploads\/Presentacio_Marti\u0301Rom.jpg\"><img loading=\"lazy\" decoding=\"async\" class=\"alignright wp-image-61004\" src=\"https:\/\/mont-roig.cat\/wp-content\/uploads\/Presentacio_Marti\u0301Rom-353x500.jpg\" alt=\"\" width=\"262\" height=\"371\" srcset=\"https:\/\/mont-roig.cat\/wp-content\/uploads\/Presentacio_Marti\u0301Rom-353x500.jpg 353w, https:\/\/mont-roig.cat\/wp-content\/uploads\/Presentacio_Marti\u0301Rom-724x1024.jpg 724w, https:\/\/mont-roig.cat\/wp-content\/uploads\/Presentacio_Marti\u0301Rom-768x1086.jpg 768w, https:\/\/mont-roig.cat\/wp-content\/uploads\/Presentacio_Marti\u0301Rom-1086x1536.jpg 1086w, https:\/\/mont-roig.cat\/wp-content\/uploads\/Presentacio_Marti\u0301Rom.jpg 1240w\" sizes=\"auto, (max-width: 262px) 100vw, 262px\" \/><\/a><\/p>\n","protected":false},"excerpt":{"rendered":"","protected":false},"author":13,"featured_media":0,"comment_status":"closed","ping_status":"closed","template":"","meta":{"inline_featured_image":false,"_monsterinsights_skip_tracking":false,"_monsterinsights_sitenote_active":false,"_monsterinsights_sitenote_note":"","_monsterinsights_sitenote_category":0,"footnotes":""},"tags":[],"tribe_events_cat":[136,138],"class_list":["post-60983","tribe_events","type-tribe_events","status-publish","hentry","tribe_events_cat-ajuntament-es","tribe_events_cat-biblioteca-es","cat_ajuntament-es","cat_biblioteca-es"],"yoast_head":"<!-- This site is optimized with the Yoast SEO plugin v27.4 - https:\/\/yoast.com\/product\/yoast-seo-wordpress\/ -->\n<title>Presentaci\u00f3 del llibre &#039;Mont-roig en el segle XIX: Un temps convuls&#039; de Mart\u00ed Rom - Ajuntament de Mont-roig del Camp<\/title>\n<meta name=\"robots\" content=\"index, follow, max-snippet:-1, max-image-preview:large, max-video-preview:-1\" \/>\n<link rel=\"canonical\" href=\"https:\/\/mont-roig.cat\/es\/acte\/presentacio-del-llibre-mont-roig-en-el-segle-xix-un-temps-convuls-de-marti-rom\/\" \/>\n<meta property=\"og:locale\" content=\"es_ES\" \/>\n<meta property=\"og:type\" content=\"article\" \/>\n<meta property=\"og:title\" content=\"Presentaci\u00f3 del llibre &#039;Mont-roig en el segle XIX: Un temps convuls&#039; de Mart\u00ed Rom - Ajuntament de Mont-roig del Camp\" \/>\n<meta property=\"og:url\" content=\"https:\/\/mont-roig.cat\/es\/acte\/presentacio-del-llibre-mont-roig-en-el-segle-xix-un-temps-convuls-de-marti-rom\/\" \/>\n<meta property=\"og:site_name\" content=\"Ajuntament de Mont-roig del Camp\" \/>\n<meta property=\"article:modified_time\" content=\"2022-03-02T13:09:14+00:00\" \/>\n<meta property=\"og:image\" content=\"https:\/\/mont-roig.cat\/wp-content\/uploads\/Presentacio_Marti\u0301Rom-353x500.jpg\" \/>\n<meta name=\"twitter:card\" content=\"summary_large_image\" \/>\n<meta name=\"twitter:label1\" content=\"Tiempo de lectura\" \/>\n\t<meta name=\"twitter:data1\" content=\"1 minuto\" \/>\n<script type=\"application\/ld+json\" class=\"yoast-schema-graph\">{\"@context\":\"https:\\\/\\\/schema.org\",\"@graph\":[{\"@type\":\"WebPage\",\"@id\":\"https:\\\/\\\/mont-roig.cat\\\/es\\\/acte\\\/presentacio-del-llibre-mont-roig-en-el-segle-xix-un-temps-convuls-de-marti-rom\\\/\",\"url\":\"https:\\\/\\\/mont-roig.cat\\\/es\\\/acte\\\/presentacio-del-llibre-mont-roig-en-el-segle-xix-un-temps-convuls-de-marti-rom\\\/\",\"name\":\"Presentaci\u00f3 del llibre 'Mont-roig en el segle XIX: Un temps convuls' de Mart\u00ed Rom - Ajuntament de Mont-roig del Camp\",\"isPartOf\":{\"@id\":\"https:\\\/\\\/mont-roig.cat\\\/es\\\/#website\"},\"datePublished\":\"2022-03-02T13:08:53+00:00\",\"dateModified\":\"2022-03-02T13:09:14+00:00\",\"breadcrumb\":{\"@id\":\"https:\\\/\\\/mont-roig.cat\\\/es\\\/acte\\\/presentacio-del-llibre-mont-roig-en-el-segle-xix-un-temps-convuls-de-marti-rom\\\/#breadcrumb\"},\"inLanguage\":\"es\",\"potentialAction\":[{\"@type\":\"ReadAction\",\"target\":[\"https:\\\/\\\/mont-roig.cat\\\/es\\\/acte\\\/presentacio-del-llibre-mont-roig-en-el-segle-xix-un-temps-convuls-de-marti-rom\\\/\"]}]},{\"@type\":\"BreadcrumbList\",\"@id\":\"https:\\\/\\\/mont-roig.cat\\\/es\\\/acte\\\/presentacio-del-llibre-mont-roig-en-el-segle-xix-un-temps-convuls-de-marti-rom\\\/#breadcrumb\",\"itemListElement\":[{\"@type\":\"ListItem\",\"position\":1,\"name\":\"Inici\",\"item\":\"https:\\\/\\\/mont-roig.cat\\\/es\\\/pagina-de-inicio\\\/\"},{\"@type\":\"ListItem\",\"position\":2,\"name\":\"Eventos\",\"item\":\"https:\\\/\\\/mont-roig.cat\\\/es\\\/agenda\\\/\"},{\"@type\":\"ListItem\",\"position\":3,\"name\":\"Presentaci\u00f3 del llibre &#8216;Mont-roig en el segle XIX: Un temps convuls&#8217; de Mart\u00ed Rom\"}]},{\"@type\":\"WebSite\",\"@id\":\"https:\\\/\\\/mont-roig.cat\\\/es\\\/#website\",\"url\":\"https:\\\/\\\/mont-roig.cat\\\/es\\\/\",\"name\":\"Ajuntament de Mont-roig del Camp\",\"description\":\"Tota la informaci\u00f3 sobre la instituci\u00f3, els seus \u00f2rgans de govern, actualitat, serveis i molt m\u00e9s.\",\"potentialAction\":[{\"@type\":\"SearchAction\",\"target\":{\"@type\":\"EntryPoint\",\"urlTemplate\":\"https:\\\/\\\/mont-roig.cat\\\/es\\\/?s={search_term_string}\"},\"query-input\":{\"@type\":\"PropertyValueSpecification\",\"valueRequired\":true,\"valueName\":\"search_term_string\"}}],\"inLanguage\":\"es\"}]}<\/script>\n<!-- \/ Yoast SEO plugin. -->","yoast_head_json":{"title":"Presentaci\u00f3 del llibre 'Mont-roig en el segle XIX: Un temps convuls' de Mart\u00ed Rom - Ajuntament de Mont-roig del Camp","robots":{"index":"index","follow":"follow","max-snippet":"max-snippet:-1","max-image-preview":"max-image-preview:large","max-video-preview":"max-video-preview:-1"},"canonical":"https:\/\/mont-roig.cat\/es\/acte\/presentacio-del-llibre-mont-roig-en-el-segle-xix-un-temps-convuls-de-marti-rom\/","og_locale":"es_ES","og_type":"article","og_title":"Presentaci\u00f3 del llibre 'Mont-roig en el segle XIX: Un temps convuls' de Mart\u00ed Rom - Ajuntament de Mont-roig del Camp","og_url":"https:\/\/mont-roig.cat\/es\/acte\/presentacio-del-llibre-mont-roig-en-el-segle-xix-un-temps-convuls-de-marti-rom\/","og_site_name":"Ajuntament de Mont-roig del Camp","article_modified_time":"2022-03-02T13:09:14+00:00","og_image":[{"url":"https:\/\/mont-roig.cat\/wp-content\/uploads\/Presentacio_Marti\u0301Rom-353x500.jpg","type":"","width":"","height":""}],"twitter_card":"summary_large_image","twitter_misc":{"Tiempo de lectura":"1 minuto"},"schema":{"@context":"https:\/\/schema.org","@graph":[{"@type":"WebPage","@id":"https:\/\/mont-roig.cat\/es\/acte\/presentacio-del-llibre-mont-roig-en-el-segle-xix-un-temps-convuls-de-marti-rom\/","url":"https:\/\/mont-roig.cat\/es\/acte\/presentacio-del-llibre-mont-roig-en-el-segle-xix-un-temps-convuls-de-marti-rom\/","name":"Presentaci\u00f3 del llibre 'Mont-roig en el segle XIX: Un temps convuls' de Mart\u00ed Rom - Ajuntament de Mont-roig del Camp","isPartOf":{"@id":"https:\/\/mont-roig.cat\/es\/#website"},"datePublished":"2022-03-02T13:08:53+00:00","dateModified":"2022-03-02T13:09:14+00:00","breadcrumb":{"@id":"https:\/\/mont-roig.cat\/es\/acte\/presentacio-del-llibre-mont-roig-en-el-segle-xix-un-temps-convuls-de-marti-rom\/#breadcrumb"},"inLanguage":"es","potentialAction":[{"@type":"ReadAction","target":["https:\/\/mont-roig.cat\/es\/acte\/presentacio-del-llibre-mont-roig-en-el-segle-xix-un-temps-convuls-de-marti-rom\/"]}]},{"@type":"BreadcrumbList","@id":"https:\/\/mont-roig.cat\/es\/acte\/presentacio-del-llibre-mont-roig-en-el-segle-xix-un-temps-convuls-de-marti-rom\/#breadcrumb","itemListElement":[{"@type":"ListItem","position":1,"name":"Inici","item":"https:\/\/mont-roig.cat\/es\/pagina-de-inicio\/"},{"@type":"ListItem","position":2,"name":"Eventos","item":"https:\/\/mont-roig.cat\/es\/agenda\/"},{"@type":"ListItem","position":3,"name":"Presentaci\u00f3 del llibre &#8216;Mont-roig en el segle XIX: Un temps convuls&#8217; de Mart\u00ed Rom"}]},{"@type":"WebSite","@id":"https:\/\/mont-roig.cat\/es\/#website","url":"https:\/\/mont-roig.cat\/es\/","name":"Ajuntament de Mont-roig del Camp","description":"Tota la informaci\u00f3 sobre la instituci\u00f3, els seus \u00f2rgans de govern, actualitat, serveis i molt m\u00e9s.","potentialAction":[{"@type":"SearchAction","target":{"@type":"EntryPoint","urlTemplate":"https:\/\/mont-roig.cat\/es\/?s={search_term_string}"},"query-input":{"@type":"PropertyValueSpecification","valueRequired":true,"valueName":"search_term_string"}}],"inLanguage":"es"}]}},"_links":{"self":[{"href":"https:\/\/mont-roig.cat\/es\/wp-json\/wp\/v2\/tribe_events\/60983","targetHints":{"allow":["GET"]}}],"collection":[{"href":"https:\/\/mont-roig.cat\/es\/wp-json\/wp\/v2\/tribe_events"}],"about":[{"href":"https:\/\/mont-roig.cat\/es\/wp-json\/wp\/v2\/types\/tribe_events"}],"author":[{"embeddable":true,"href":"https:\/\/mont-roig.cat\/es\/wp-json\/wp\/v2\/users\/13"}],"replies":[{"embeddable":true,"href":"https:\/\/mont-roig.cat\/es\/wp-json\/wp\/v2\/comments?post=60983"}],"version-history":[{"count":1,"href":"https:\/\/mont-roig.cat\/es\/wp-json\/wp\/v2\/tribe_events\/60983\/revisions"}],"predecessor-version":[{"id":61006,"href":"https:\/\/mont-roig.cat\/es\/wp-json\/wp\/v2\/tribe_events\/60983\/revisions\/61006"}],"wp:attachment":[{"href":"https:\/\/mont-roig.cat\/es\/wp-json\/wp\/v2\/media?parent=60983"}],"wp:term":[{"taxonomy":"post_tag","embeddable":true,"href":"https:\/\/mont-roig.cat\/es\/wp-json\/wp\/v2\/tags?post=60983"},{"taxonomy":"tribe_events_cat","embeddable":true,"href":"https:\/\/mont-roig.cat\/es\/wp-json\/wp\/v2\/tribe_events_cat?post=60983"}],"curies":[{"name":"wp","href":"https:\/\/api.w.org\/{rel}","templated":true}]}}

Presentació del llibre &#8216;Mont-roig en el segle XIX: Un temps convuls&#8217; de Martí Rom

<!-- This site is optimized with the Yoast SEO plugin v27.4 - https://yoast.com/product/yoast-seo-wordpress/ -->
<title>Presentació del llibre &#039;Mont-roig en el segle XIX: Un temps convuls&#039; de Martí Rom - Ajuntament de Mont-roig del Camp</title>
<meta name="robots" content="index, follow, max-snippet:-1, max-image-preview:large, max-video-preview:-1" />
<link rel="canonical" href="https://mont-roig.cat/es/acte/presentacio-del-llibre-mont-roig-en-el-segle-xix-un-temps-convuls-de-marti-rom/" />
<meta property="og:locale" content="es_ES" />
<meta property="og:type" content="article" />
<meta property="og:title" content="Presentació del llibre &#039;Mont-roig en el segle XIX: Un temps convuls&#039; de Martí Rom - Ajuntament de Mont-roig del Camp" />
<meta property="og:url" content="https://mont-roig.cat/es/acte/presentacio-del-llibre-mont-roig-en-el-segle-xix-un-temps-convuls-de-marti-rom/" />
<meta property="og:site_name" content="Ajuntament de Mont-roig del Camp" />
<meta property="article:modified_time" content="2022-03-02T13:09:14+00:00" />
<meta property="og:image" content="https://mont-roig.cat/wp-content/uploads/Presentacio_MartíRom-353x500.jpg" />
<meta name="twitter:card" content="summary_large_image" />
<meta name="twitter:label1" content="Tiempo de lectura" />
	<meta name="twitter:data1" content="1 minuto" />
<script type="application/ld+json" class="yoast-schema-graph">{"@context":"https:\/\/schema.org","@graph":[{"@type":"WebPage","@id":"https:\/\/mont-roig.cat\/es\/acte\/presentacio-del-llibre-mont-roig-en-el-segle-xix-un-temps-convuls-de-marti-rom\/","url":"https:\/\/mont-roig.cat\/es\/acte\/presentacio-del-llibre-mont-roig-en-el-segle-xix-un-temps-convuls-de-marti-rom\/","name":"Presentació del llibre 'Mont-roig en el segle XIX: Un temps convuls' de Martí Rom - Ajuntament de Mont-roig del Camp","isPartOf":{"@id":"https:\/\/mont-roig.cat\/es\/#website"},"datePublished":"2022-03-02T13:08:53+00:00","dateModified":"2022-03-02T13:09:14+00:00","breadcrumb":{"@id":"https:\/\/mont-roig.cat\/es\/acte\/presentacio-del-llibre-mont-roig-en-el-segle-xix-un-temps-convuls-de-marti-rom\/#breadcrumb"},"inLanguage":"es","potentialAction":[{"@type":"ReadAction","target":["https:\/\/mont-roig.cat\/es\/acte\/presentacio-del-llibre-mont-roig-en-el-segle-xix-un-temps-convuls-de-marti-rom\/"]}]},{"@type":"BreadcrumbList","@id":"https:\/\/mont-roig.cat\/es\/acte\/presentacio-del-llibre-mont-roig-en-el-segle-xix-un-temps-convuls-de-marti-rom\/#breadcrumb","itemListElement":[{"@type":"ListItem","position":1,"name":"Inici","item":"https:\/\/mont-roig.cat\/es\/pagina-de-inicio\/"},{"@type":"ListItem","position":2,"name":"Eventos","item":"https:\/\/mont-roig.cat\/es\/agenda\/"},{"@type":"ListItem","position":3,"name":"Presentació del llibre &#8216;Mont-roig en el segle XIX: Un temps convuls&#8217; de Martí Rom"}]},{"@type":"WebSite","@id":"https:\/\/mont-roig.cat\/es\/#website","url":"https:\/\/mont-roig.cat\/es\/","name":"Ajuntament de Mont-roig del Camp","description":"Tota la informació sobre la institució, els seus òrgans de govern, actualitat, serveis i molt més.","potentialAction":[{"@type":"SearchAction","target":{"@type":"EntryPoint","urlTemplate":"https:\/\/mont-roig.cat\/es\/?s={search_term_string}"},"query-input":{"@type":"PropertyValueSpecification","valueRequired":true,"valueName":"search_term_string"}}],"inLanguage":"es"}]}</script>
<!-- / Yoast SEO plugin. -->

Presentació del llibre 'Mont-roig en el segle XIX: Un temps convuls' de Martí Rom - Ajuntament de Mont-roig del Camp

Tota la informació sobre la institució, els seus òrgans de govern, actualitat, serveis i molt més.
