{"id":65129,"date":"2022-09-02T13:36:48","date_gmt":"2022-09-02T11:36:48","guid":{"rendered":"https:\/\/mont-roig.cat\/?post_type=tribe_events&#038;p=65129"},"modified":"2022-09-02T13:36:48","modified_gmt":"2022-09-02T11:36:48","slug":"commemoracion-de-la-diada-nacional-de-catalunya-mont-roig","status":"publish","type":"tribe_events","link":"https:\/\/mont-roig.cat\/es\/acte\/commemoracion-de-la-diada-nacional-de-catalunya-mont-roig\/","title":{"rendered":"Commemoraci\u00f3n de la Diada Nacional de Catalunya-Mont-roig"},"content":{"rendered":"<p style=\"text-align: justify;\"><a href=\"https:\/\/mont-roig.cat\/wp-content\/uploads\/MM_11set22_CARTEL_bx.jpg\"><img loading=\"lazy\" decoding=\"async\" class=\"alignright wp-image-65114\" src=\"https:\/\/mont-roig.cat\/wp-content\/uploads\/MM_11set22_CARTEL_bx-356x500.jpg\" alt=\"\" width=\"250\" height=\"351\" srcset=\"https:\/\/mont-roig.cat\/wp-content\/uploads\/MM_11set22_CARTEL_bx-356x500.jpg 356w, https:\/\/mont-roig.cat\/wp-content\/uploads\/MM_11set22_CARTEL_bx-728x1024.jpg 728w, https:\/\/mont-roig.cat\/wp-content\/uploads\/MM_11set22_CARTEL_bx-768x1080.jpg 768w, https:\/\/mont-roig.cat\/wp-content\/uploads\/MM_11set22_CARTEL_bx.jpg 1074w\" sizes=\"auto, (max-width: 250px) 100vw, 250px\" \/><\/a>El Ayuntamiento de Mont-roig del Camp vuelve a organizar los actos conmemorativos con motivo de la Diada nacional de Catalunya que tendr\u00e1n lugar, de nuevo junto a la torre del campanario de la Esgl\u00e9sia\u00a0 Vella de Mont-roig (plaza Joan Mir\u00f3) y delante del Torre\u00f3n de Miami Platja.<\/p>\n<p style=\"text-align: justify;\">La celebraci\u00f3n institucional se iniciar\u00e1 a las 11.00h a Mont-roig, con las ofrendas florales y el Cant dels Segadors a cargo de la Coral San Miquel. A continuaci\u00f3n habr\u00e1 un baile de sardanas con la Cobla la Principal Rapitenca y el grupo sardanista local Rotllana Mont-rogenca.<\/p>\n<p style=\"text-align: justify;\">A Miami Platja la celebraci\u00f3n del 11 de septiembre empezar\u00e1 a las 12.00h y contar\u00e1 tambi\u00e9n con las ofrendas florales, el Cant dels Segadors y un concierto de canci\u00f3n catalana a cargo de la soprano Miracle Segu\u00ed.<\/p>\n<p style=\"text-align: justify;\">El acto institucional con motivo de la Diada nacional de Catalunya est\u00e1 abierto a todas las entidades municipales que quieran participar. Aquellas asociaciones que deseen realizar la ofrenda floral tienen que comunicarlo al Departamento de Cultura antes del d\u00eda 9 de septiembre, al correo electr\u00f3nico: cultura@mont-roig.cat<\/p>\n<p style=\"text-align: justify;\">\n","protected":false},"excerpt":{"rendered":"<p>El Ayuntamiento de Mont-roig del Camp vuelve a organizar los actos conmemorativos con motivo de la Diada nacional de Catalunya que tendr\u00e1n lugar, de nuevo junto a la torre del campanario de la Esgl\u00e9sia\u00a0 Vella de Mont-roig (plaza Joan Mir\u00f3) y delante del Torre\u00f3n de Miami Platja. La celebraci\u00f3n institucional se iniciar\u00e1 a las 11.00h [&hellip;]<\/p>\n","protected":false},"author":13,"featured_media":65116,"comment_status":"closed","ping_status":"closed","template":"","meta":{"inline_featured_image":false,"_monsterinsights_skip_tracking":false,"_monsterinsights_sitenote_active":false,"_monsterinsights_sitenote_note":"","_monsterinsights_sitenote_category":0,"footnotes":""},"tags":[],"tribe_events_cat":[139],"class_list":["post-65129","tribe_events","type-tribe_events","status-publish","has-post-thumbnail","hentry","tribe_events_cat-cultura-es","cat_cultura-es"],"yoast_head":"<!-- This site is optimized with the Yoast SEO plugin v27.4 - https:\/\/yoast.com\/product\/yoast-seo-wordpress\/ -->\n<title>Commemoraci\u00f3n de la Diada Nacional de Catalunya-Mont-roig - Ajuntament de Mont-roig del Camp<\/title>\n<meta name=\"robots\" content=\"index, follow, max-snippet:-1, max-image-preview:large, max-video-preview:-1\" \/>\n<link rel=\"canonical\" href=\"https:\/\/mont-roig.cat\/es\/acte\/commemoracion-de-la-diada-nacional-de-catalunya-mont-roig\/\" \/>\n<meta property=\"og:locale\" content=\"es_ES\" \/>\n<meta property=\"og:type\" content=\"article\" \/>\n<meta property=\"og:title\" content=\"Commemoraci\u00f3n de la Diada Nacional de Catalunya-Mont-roig - Ajuntament de Mont-roig del Camp\" \/>\n<meta property=\"og:description\" content=\"El Ayuntamiento de Mont-roig del Camp vuelve a organizar los actos conmemorativos con motivo de la Diada nacional de Catalunya que tendr\u00e1n lugar, de nuevo junto a la torre del campanario de la Esgl\u00e9sia\u00a0 Vella de Mont-roig (plaza Joan Mir\u00f3) y delante del Torre\u00f3n de Miami Platja. La celebraci\u00f3n institucional se iniciar\u00e1 a las 11.00h [&hellip;]\" \/>\n<meta property=\"og:url\" content=\"https:\/\/mont-roig.cat\/es\/acte\/commemoracion-de-la-diada-nacional-de-catalunya-mont-roig\/\" \/>\n<meta property=\"og:site_name\" content=\"Ajuntament de Mont-roig del Camp\" \/>\n<meta property=\"og:image\" content=\"https:\/\/mont-roig.cat\/wp-content\/uploads\/MM_11set22_FACEBOOK.png\" \/>\n\t<meta property=\"og:image:width\" content=\"1200\" \/>\n\t<meta property=\"og:image:height\" content=\"630\" \/>\n\t<meta property=\"og:image:type\" content=\"image\/png\" \/>\n<meta name=\"twitter:card\" content=\"summary_large_image\" \/>\n<meta name=\"twitter:label1\" content=\"Tiempo de lectura\" \/>\n\t<meta name=\"twitter:data1\" content=\"2 minutos\" \/>\n<script type=\"application\/ld+json\" class=\"yoast-schema-graph\">{\"@context\":\"https:\\\/\\\/schema.org\",\"@graph\":[{\"@type\":\"WebPage\",\"@id\":\"https:\\\/\\\/mont-roig.cat\\\/es\\\/acte\\\/commemoracion-de-la-diada-nacional-de-catalunya-mont-roig\\\/\",\"url\":\"https:\\\/\\\/mont-roig.cat\\\/es\\\/acte\\\/commemoracion-de-la-diada-nacional-de-catalunya-mont-roig\\\/\",\"name\":\"Commemoraci\u00f3n de la Diada Nacional de Catalunya-Mont-roig - Ajuntament de Mont-roig del Camp\",\"isPartOf\":{\"@id\":\"https:\\\/\\\/mont-roig.cat\\\/es\\\/#website\"},\"primaryImageOfPage\":{\"@id\":\"https:\\\/\\\/mont-roig.cat\\\/es\\\/acte\\\/commemoracion-de-la-diada-nacional-de-catalunya-mont-roig\\\/#primaryimage\"},\"image\":{\"@id\":\"https:\\\/\\\/mont-roig.cat\\\/es\\\/acte\\\/commemoracion-de-la-diada-nacional-de-catalunya-mont-roig\\\/#primaryimage\"},\"thumbnailUrl\":\"https:\\\/\\\/mont-roig.cat\\\/wp-content\\\/uploads\\\/MM_11set22_FACEBOOK.png\",\"datePublished\":\"2022-09-02T11:36:48+00:00\",\"breadcrumb\":{\"@id\":\"https:\\\/\\\/mont-roig.cat\\\/es\\\/acte\\\/commemoracion-de-la-diada-nacional-de-catalunya-mont-roig\\\/#breadcrumb\"},\"inLanguage\":\"es\",\"potentialAction\":[{\"@type\":\"ReadAction\",\"target\":[\"https:\\\/\\\/mont-roig.cat\\\/es\\\/acte\\\/commemoracion-de-la-diada-nacional-de-catalunya-mont-roig\\\/\"]}]},{\"@type\":\"ImageObject\",\"inLanguage\":\"es\",\"@id\":\"https:\\\/\\\/mont-roig.cat\\\/es\\\/acte\\\/commemoracion-de-la-diada-nacional-de-catalunya-mont-roig\\\/#primaryimage\",\"url\":\"https:\\\/\\\/mont-roig.cat\\\/wp-content\\\/uploads\\\/MM_11set22_FACEBOOK.png\",\"contentUrl\":\"https:\\\/\\\/mont-roig.cat\\\/wp-content\\\/uploads\\\/MM_11set22_FACEBOOK.png\",\"width\":1200,\"height\":630},{\"@type\":\"BreadcrumbList\",\"@id\":\"https:\\\/\\\/mont-roig.cat\\\/es\\\/acte\\\/commemoracion-de-la-diada-nacional-de-catalunya-mont-roig\\\/#breadcrumb\",\"itemListElement\":[{\"@type\":\"ListItem\",\"position\":1,\"name\":\"Inici\",\"item\":\"https:\\\/\\\/mont-roig.cat\\\/es\\\/pagina-de-inicio\\\/\"},{\"@type\":\"ListItem\",\"position\":2,\"name\":\"Eventos\",\"item\":\"https:\\\/\\\/mont-roig.cat\\\/es\\\/agenda\\\/\"},{\"@type\":\"ListItem\",\"position\":3,\"name\":\"Commemoraci\u00f3n de la Diada Nacional de Catalunya-Mont-roig\"}]},{\"@type\":\"WebSite\",\"@id\":\"https:\\\/\\\/mont-roig.cat\\\/es\\\/#website\",\"url\":\"https:\\\/\\\/mont-roig.cat\\\/es\\\/\",\"name\":\"Ajuntament de Mont-roig del Camp\",\"description\":\"Tota la informaci\u00f3 sobre la instituci\u00f3, els seus \u00f2rgans de govern, actualitat, serveis i molt m\u00e9s.\",\"potentialAction\":[{\"@type\":\"SearchAction\",\"target\":{\"@type\":\"EntryPoint\",\"urlTemplate\":\"https:\\\/\\\/mont-roig.cat\\\/es\\\/?s={search_term_string}\"},\"query-input\":{\"@type\":\"PropertyValueSpecification\",\"valueRequired\":true,\"valueName\":\"search_term_string\"}}],\"inLanguage\":\"es\"}]}<\/script>\n<!-- \/ Yoast SEO plugin. -->","yoast_head_json":{"title":"Commemoraci\u00f3n de la Diada Nacional de Catalunya-Mont-roig - Ajuntament de Mont-roig del Camp","robots":{"index":"index","follow":"follow","max-snippet":"max-snippet:-1","max-image-preview":"max-image-preview:large","max-video-preview":"max-video-preview:-1"},"canonical":"https:\/\/mont-roig.cat\/es\/acte\/commemoracion-de-la-diada-nacional-de-catalunya-mont-roig\/","og_locale":"es_ES","og_type":"article","og_title":"Commemoraci\u00f3n de la Diada Nacional de Catalunya-Mont-roig - Ajuntament de Mont-roig del Camp","og_description":"El Ayuntamiento de Mont-roig del Camp vuelve a organizar los actos conmemorativos con motivo de la Diada nacional de Catalunya que tendr\u00e1n lugar, de nuevo junto a la torre del campanario de la Esgl\u00e9sia\u00a0 Vella de Mont-roig (plaza Joan Mir\u00f3) y delante del Torre\u00f3n de Miami Platja. La celebraci\u00f3n institucional se iniciar\u00e1 a las 11.00h [&hellip;]","og_url":"https:\/\/mont-roig.cat\/es\/acte\/commemoracion-de-la-diada-nacional-de-catalunya-mont-roig\/","og_site_name":"Ajuntament de Mont-roig del Camp","og_image":[{"width":1200,"height":630,"url":"https:\/\/mont-roig.cat\/wp-content\/uploads\/MM_11set22_FACEBOOK.png","type":"image\/png"}],"twitter_card":"summary_large_image","twitter_misc":{"Tiempo de lectura":"2 minutos"},"schema":{"@context":"https:\/\/schema.org","@graph":[{"@type":"WebPage","@id":"https:\/\/mont-roig.cat\/es\/acte\/commemoracion-de-la-diada-nacional-de-catalunya-mont-roig\/","url":"https:\/\/mont-roig.cat\/es\/acte\/commemoracion-de-la-diada-nacional-de-catalunya-mont-roig\/","name":"Commemoraci\u00f3n de la Diada Nacional de Catalunya-Mont-roig - Ajuntament de Mont-roig del Camp","isPartOf":{"@id":"https:\/\/mont-roig.cat\/es\/#website"},"primaryImageOfPage":{"@id":"https:\/\/mont-roig.cat\/es\/acte\/commemoracion-de-la-diada-nacional-de-catalunya-mont-roig\/#primaryimage"},"image":{"@id":"https:\/\/mont-roig.cat\/es\/acte\/commemoracion-de-la-diada-nacional-de-catalunya-mont-roig\/#primaryimage"},"thumbnailUrl":"https:\/\/mont-roig.cat\/wp-content\/uploads\/MM_11set22_FACEBOOK.png","datePublished":"2022-09-02T11:36:48+00:00","breadcrumb":{"@id":"https:\/\/mont-roig.cat\/es\/acte\/commemoracion-de-la-diada-nacional-de-catalunya-mont-roig\/#breadcrumb"},"inLanguage":"es","potentialAction":[{"@type":"ReadAction","target":["https:\/\/mont-roig.cat\/es\/acte\/commemoracion-de-la-diada-nacional-de-catalunya-mont-roig\/"]}]},{"@type":"ImageObject","inLanguage":"es","@id":"https:\/\/mont-roig.cat\/es\/acte\/commemoracion-de-la-diada-nacional-de-catalunya-mont-roig\/#primaryimage","url":"https:\/\/mont-roig.cat\/wp-content\/uploads\/MM_11set22_FACEBOOK.png","contentUrl":"https:\/\/mont-roig.cat\/wp-content\/uploads\/MM_11set22_FACEBOOK.png","width":1200,"height":630},{"@type":"BreadcrumbList","@id":"https:\/\/mont-roig.cat\/es\/acte\/commemoracion-de-la-diada-nacional-de-catalunya-mont-roig\/#breadcrumb","itemListElement":[{"@type":"ListItem","position":1,"name":"Inici","item":"https:\/\/mont-roig.cat\/es\/pagina-de-inicio\/"},{"@type":"ListItem","position":2,"name":"Eventos","item":"https:\/\/mont-roig.cat\/es\/agenda\/"},{"@type":"ListItem","position":3,"name":"Commemoraci\u00f3n de la Diada Nacional de Catalunya-Mont-roig"}]},{"@type":"WebSite","@id":"https:\/\/mont-roig.cat\/es\/#website","url":"https:\/\/mont-roig.cat\/es\/","name":"Ajuntament de Mont-roig del Camp","description":"Tota la informaci\u00f3 sobre la instituci\u00f3, els seus \u00f2rgans de govern, actualitat, serveis i molt m\u00e9s.","potentialAction":[{"@type":"SearchAction","target":{"@type":"EntryPoint","urlTemplate":"https:\/\/mont-roig.cat\/es\/?s={search_term_string}"},"query-input":{"@type":"PropertyValueSpecification","valueRequired":true,"valueName":"search_term_string"}}],"inLanguage":"es"}]}},"_links":{"self":[{"href":"https:\/\/mont-roig.cat\/es\/wp-json\/wp\/v2\/tribe_events\/65129","targetHints":{"allow":["GET"]}}],"collection":[{"href":"https:\/\/mont-roig.cat\/es\/wp-json\/wp\/v2\/tribe_events"}],"about":[{"href":"https:\/\/mont-roig.cat\/es\/wp-json\/wp\/v2\/types\/tribe_events"}],"author":[{"embeddable":true,"href":"https:\/\/mont-roig.cat\/es\/wp-json\/wp\/v2\/users\/13"}],"replies":[{"embeddable":true,"href":"https:\/\/mont-roig.cat\/es\/wp-json\/wp\/v2\/comments?post=65129"}],"version-history":[{"count":3,"href":"https:\/\/mont-roig.cat\/es\/wp-json\/wp\/v2\/tribe_events\/65129\/revisions"}],"predecessor-version":[{"id":65132,"href":"https:\/\/mont-roig.cat\/es\/wp-json\/wp\/v2\/tribe_events\/65129\/revisions\/65132"}],"wp:featuredmedia":[{"embeddable":true,"href":"https:\/\/mont-roig.cat\/es\/wp-json\/wp\/v2\/media\/65116"}],"wp:attachment":[{"href":"https:\/\/mont-roig.cat\/es\/wp-json\/wp\/v2\/media?parent=65129"}],"wp:term":[{"taxonomy":"post_tag","embeddable":true,"href":"https:\/\/mont-roig.cat\/es\/wp-json\/wp\/v2\/tags?post=65129"},{"taxonomy":"tribe_events_cat","embeddable":true,"href":"https:\/\/mont-roig.cat\/es\/wp-json\/wp\/v2\/tribe_events_cat?post=65129"}],"curies":[{"name":"wp","href":"https:\/\/api.w.org\/{rel}","templated":true}]}}

Commemoración de la Diada Nacional de Catalunya-Mont-roig

<p style="text-align: justify;"><a href="https://mont-roig.cat/wp-content/uploads/MM_11set22_CARTEL_bx.jpg"><img loading="lazy" decoding="async" class="alignright wp-image-65114" src="https://mont-roig.cat/wp-content/uploads/MM_11set22_CARTEL_bx-356x500.jpg" alt="" width="250" height="351" srcset="https://mont-roig.cat/wp-content/uploads/MM_11set22_CARTEL_bx-356x500.jpg 356w, https://mont-roig.cat/wp-content/uploads/MM_11set22_CARTEL_bx-728x1024.jpg 728w, https://mont-roig.cat/wp-content/uploads/MM_11set22_CARTEL_bx-768x1080.jpg 768w, https://mont-roig.cat/wp-content/uploads/MM_11set22_CARTEL_bx.jpg 1074w" sizes="auto, (max-width: 250px) 100vw, 250px" /></a>El Ayuntamiento de Mont-roig del Camp vuelve a organizar los actos conmemorativos con motivo de la Diada nacional de Catalunya que tendrán lugar, de nuevo junto a la torre del campanario de la Església  Vella de Mont-roig (plaza Joan Miró) y delante del Torreón de Miami Platja.</p>
<p style="text-align: justify;">La celebración institucional se iniciará a las 11.00h a Mont-roig, con las ofrendas florales y el Cant dels Segadors a cargo de la Coral San Miquel. A continuación habrá un baile de sardanas con la Cobla la Principal Rapitenca y el grupo sardanista local Rotllana Mont-rogenca.</p>
<p style="text-align: justify;">A Miami Platja la celebración del 11 de septiembre empezará a las 12.00h y contará también con las ofrendas florales, el Cant dels Segadors y un concierto de canción catalana a cargo de la soprano Miracle Seguí.</p>
<p style="text-align: justify;">El acto institucional con motivo de la Diada nacional de Catalunya está abierto a todas las entidades municipales que quieran participar. Aquellas asociaciones que deseen realizar la ofrenda floral tienen que comunicarlo al Departamento de Cultura antes del día 9 de septiembre, al correo electrónico: cultura@mont-roig.cat</p>
<p style="text-align: justify;">

<p>El Ayuntamiento de Mont-roig del Camp vuelve a organizar los actos conmemorativos con motivo de la Diada nacional de Catalunya que tendrán lugar, de nuevo junto a la torre del campanario de la Església  Vella de Mont-roig (plaza Joan Miró) y delante del Torreón de Miami Platja. La celebración institucional se iniciará a las 11.00h [&hellip;]</p>

<!-- This site is optimized with the Yoast SEO plugin v27.4 - https://yoast.com/product/yoast-seo-wordpress/ -->
<title>Commemoración de la Diada Nacional de Catalunya-Mont-roig - Ajuntament de Mont-roig del Camp</title>
<meta name="robots" content="index, follow, max-snippet:-1, max-image-preview:large, max-video-preview:-1" />
<link rel="canonical" href="https://mont-roig.cat/es/acte/commemoracion-de-la-diada-nacional-de-catalunya-mont-roig/" />
<meta property="og:locale" content="es_ES" />
<meta property="og:type" content="article" />
<meta property="og:title" content="Commemoración de la Diada Nacional de Catalunya-Mont-roig - Ajuntament de Mont-roig del Camp" />
<meta property="og:description" content="El Ayuntamiento de Mont-roig del Camp vuelve a organizar los actos conmemorativos con motivo de la Diada nacional de Catalunya que tendrán lugar, de nuevo junto a la torre del campanario de la Església  Vella de Mont-roig (plaza Joan Miró) y delante del Torreón de Miami Platja. La celebración institucional se iniciará a las 11.00h [&hellip;]" />
<meta property="og:url" content="https://mont-roig.cat/es/acte/commemoracion-de-la-diada-nacional-de-catalunya-mont-roig/" />
<meta property="og:site_name" content="Ajuntament de Mont-roig del Camp" />
<meta property="og:image" content="https://mont-roig.cat/wp-content/uploads/MM_11set22_FACEBOOK.png" />
	<meta property="og:image:width" content="1200" />
	<meta property="og:image:height" content="630" />
	<meta property="og:image:type" content="image/png" />
<meta name="twitter:card" content="summary_large_image" />
<meta name="twitter:label1" content="Tiempo de lectura" />
	<meta name="twitter:data1" content="2 minutos" />
<script type="application/ld+json" class="yoast-schema-graph">{"@context":"https:\/\/schema.org","@graph":[{"@type":"WebPage","@id":"https:\/\/mont-roig.cat\/es\/acte\/commemoracion-de-la-diada-nacional-de-catalunya-mont-roig\/","url":"https:\/\/mont-roig.cat\/es\/acte\/commemoracion-de-la-diada-nacional-de-catalunya-mont-roig\/","name":"Commemoración de la Diada Nacional de Catalunya-Mont-roig - Ajuntament de Mont-roig del Camp","isPartOf":{"@id":"https:\/\/mont-roig.cat\/es\/#website"},"primaryImageOfPage":{"@id":"https:\/\/mont-roig.cat\/es\/acte\/commemoracion-de-la-diada-nacional-de-catalunya-mont-roig\/#primaryimage"},"image":{"@id":"https:\/\/mont-roig.cat\/es\/acte\/commemoracion-de-la-diada-nacional-de-catalunya-mont-roig\/#primaryimage"},"thumbnailUrl":"https:\/\/mont-roig.cat\/wp-content\/uploads\/MM_11set22_FACEBOOK.png","datePublished":"2022-09-02T11:36:48+00:00","breadcrumb":{"@id":"https:\/\/mont-roig.cat\/es\/acte\/commemoracion-de-la-diada-nacional-de-catalunya-mont-roig\/#breadcrumb"},"inLanguage":"es","potentialAction":[{"@type":"ReadAction","target":["https:\/\/mont-roig.cat\/es\/acte\/commemoracion-de-la-diada-nacional-de-catalunya-mont-roig\/"]}]},{"@type":"ImageObject","inLanguage":"es","@id":"https:\/\/mont-roig.cat\/es\/acte\/commemoracion-de-la-diada-nacional-de-catalunya-mont-roig\/#primaryimage","url":"https:\/\/mont-roig.cat\/wp-content\/uploads\/MM_11set22_FACEBOOK.png","contentUrl":"https:\/\/mont-roig.cat\/wp-content\/uploads\/MM_11set22_FACEBOOK.png","width":1200,"height":630},{"@type":"BreadcrumbList","@id":"https:\/\/mont-roig.cat\/es\/acte\/commemoracion-de-la-diada-nacional-de-catalunya-mont-roig\/#breadcrumb","itemListElement":[{"@type":"ListItem","position":1,"name":"Inici","item":"https:\/\/mont-roig.cat\/es\/pagina-de-inicio\/"},{"@type":"ListItem","position":2,"name":"Eventos","item":"https:\/\/mont-roig.cat\/es\/agenda\/"},{"@type":"ListItem","position":3,"name":"Commemoración de la Diada Nacional de Catalunya-Mont-roig"}]},{"@type":"WebSite","@id":"https:\/\/mont-roig.cat\/es\/#website","url":"https:\/\/mont-roig.cat\/es\/","name":"Ajuntament de Mont-roig del Camp","description":"Tota la informació sobre la institució, els seus òrgans de govern, actualitat, serveis i molt més.","potentialAction":[{"@type":"SearchAction","target":{"@type":"EntryPoint","urlTemplate":"https:\/\/mont-roig.cat\/es\/?s={search_term_string}"},"query-input":{"@type":"PropertyValueSpecification","valueRequired":true,"valueName":"search_term_string"}}],"inLanguage":"es"}]}</script>
<!-- / Yoast SEO plugin. -->

Commemoración de la Diada Nacional de Catalunya-Mont-roig - Ajuntament de Mont-roig del Camp

El Ayuntamiento de Mont-roig del Camp vuelve a organizar los actos conmemorativos con motivo de la Diada nacional de Catalunya que tendrán lugar, de nuevo junto a la torre del campanario de la Església  Vella de Mont-roig (plaza Joan Miró) y delante del Torreón de Miami Platja. La celebración institucional se iniciará a las 11.00h [&hellip;]

Tota la informació sobre la institució, els seus òrgans de govern, actualitat, serveis i molt més.
